{"id":62055,"date":"2022-10-14T07:36:12","date_gmt":"2022-10-14T07:36:12","guid":{"rendered":"https:\/\/topgetestet.de\/?product=the-drop-renata-ripp-midikleid-fur-damen"},"modified":"2022-10-14T07:36:12","modified_gmt":"2022-10-14T07:36:12","slug":"the-drop-renata-ripp-midikleid-fur-damen","status":"publish","type":"product","link":"https:\/\/topgetestet.de\/?product=the-drop-renata-ripp-midikleid-fur-damen","title":{"rendered":"The Drop Renata Ripp-Midikleid f\u00fcr Damen"},"content":{"rendered":"<p>Price: <span style=\"color:#b12704\">[price_with_discount]<\/span><br \/><i><small>(as of [price_update_date] &#8211; <span class=\"wp_automatic_amazon_disclaimer\" title=\"Product prices and availability are accurate as of the date\/time indicated and are subject to change. Any price and availability information displayed on [relevant Amazon Site(s), as applicable] at the time of purchase will apply to the purchase of this product.\">Details<\/span>)<\/small><\/i><\/p>\n<p><a href=\"https:\/\/amazon.de\/dp\/B095J8JHSV?tag=topgetestet09-21\"><img decoding=\"async\" src=\"https:\/\/i.imgur.com\/ISRHEWs.png\"><\/a><br \/>\n[ad_1]<br \/>\n <span>The Drop ist deine Insider-Quelle f\u00fcr Must-Have-Style-Inspiration von globalen Influencern. Shoppe limitierte Kollektionen und entdecke mit den Basics von The Drop stilvolle Essentials f\u00fcr deine Garderobe. Freu dich auf inspirierende neue Trends, exklusive Marken-Kooperationen und fantastische Styling-Tipps von Experten.<\/span> <br \/> Verpackungsabmessungen \u200f : \u200e  38.89 x 30.99 x 5.21 cm; 381 Gramm <br \/> Im Angebot von Amazon.de seit \u200f : \u200e  22. August 2021 <br \/> Hersteller \u200f : \u200e  The Drop <br \/> ASIN \u200f : \u200e  B095J7CRTC <br \/> Modellnummer \u200f : \u200e  HFS-FW21-17 <br \/> Kategorie \u200f : \u200e  Damen <\/p>\n<p>Die Models sind 178\u00a0cm gro\u00df und tragen Gr\u00f6\u00dfe\u00a0S und XXL<br \/>\u00c4rmellos<br \/>52\u00a0% Acryl, 25\u00a0% Polyester, 14\u00a0% Nylon, 5,5\u00a0% Viskose, 3,5\u00a0% Wolle<br \/>Renata Ripp-Midikleid<br \/>Pflegehinweis: Maschinenw\u00e4sche<br \/>Modellnummer: HFS-FW21-17<br \/>\n<br \/>[ad_2]<\/p>\n","protected":false},"excerpt":{"rendered":"<p>Price: [price_with_discount](as of [price_update_date] &#8211; Details) [ad_1] The Drop ist deine Insider-Quelle f\u00fcr Must-Have-Style-Inspiration von globalen Influencern. Shoppe limitierte Kollektionen und entdecke mit den Basics von The Drop stilvolle Essentials<\/p>\n","protected":false},"featured_media":62056,"comment_status":"open","ping_status":"closed","template":"","meta":[],"product_cat":[232],"product_tag":[],"class_list":{"0":"post-62055","1":"product","2":"type-product","3":"status-publish","4":"has-post-thumbnail","6":"product_cat-women-fashion","8":"first","9":"instock","10":"shipping-taxable","11":"product-type-external"},"aioseo_notices":[],"_links":{"self":[{"href":"https:\/\/topgetestet.de\/index.php?rest_route=\/wp\/v2\/product\/62055","targetHints":{"allow":["GET"]}}],"collection":[{"href":"https:\/\/topgetestet.de\/index.php?rest_route=\/wp\/v2\/product"}],"about":[{"href":"https:\/\/topgetestet.de\/index.php?rest_route=\/wp\/v2\/types\/product"}],"replies":[{"embeddable":true,"href":"https:\/\/topgetestet.de\/index.php?rest_route=%2Fwp%2Fv2%2Fcomments&post=62055"}],"wp:featuredmedia":[{"embeddable":true,"href":"https:\/\/topgetestet.de\/index.php?rest_route=\/wp\/v2\/media\/62056"}],"wp:attachment":[{"href":"https:\/\/topgetestet.de\/index.php?rest_route=%2Fwp%2Fv2%2Fmedia&parent=62055"}],"wp:term":[{"taxonomy":"product_cat","embeddable":true,"href":"https:\/\/topgetestet.de\/index.php?rest_route=%2Fwp%2Fv2%2Fproduct_cat&post=62055"},{"taxonomy":"product_tag","embeddable":true,"href":"https:\/\/topgetestet.de\/index.php?rest_route=%2Fwp%2Fv2%2Fproduct_tag&post=62055"}],"curies":[{"name":"wp","href":"https:\/\/api.w.org\/{rel}","templated":true}]}}