{"id":61931,"date":"2022-10-14T07:08:53","date_gmt":"2022-10-14T07:08:53","guid":{"rendered":"https:\/\/topgetestet.de\/?product=dead-space-pcwin-deutsch"},"modified":"2022-10-14T07:08:53","modified_gmt":"2022-10-14T07:08:53","slug":"dead-space-pcwin-deutsch","status":"publish","type":"product","link":"https:\/\/topgetestet.de\/?product=dead-space-pcwin-deutsch","title":{"rendered":"Dead Space PCWin | Deutsch"},"content":{"rendered":"<p>Price: <span style=\"color:#b12704\">[price_with_discount]<\/span><br \/><i><small>(as of [price_update_date] &#8211; <span class=\"wp_automatic_amazon_disclaimer\" title=\"Product prices and availability are accurate as of the date\/time indicated and are subject to change. Any price and availability information displayed on [relevant Amazon Site(s), as applicable] at the time of purchase will apply to the purchase of this product.\">Details<\/span>)<\/small><\/i><\/p>\n<p><a href=\"https:\/\/amazon.de\/dp\/B0BGPMZKD3?tag=topgetestet09-21\"><img decoding=\"async\" src=\"https:\/\/i.imgur.com\/ISRHEWs.png\"><\/a><br \/>\n[ad_1]<br \/>\n <span>Dead Space ist ein Remake des klassischen Sci-Fi-Survival-Horror-Spiels, das von Grund auf neu aufgebaut wird, indem es die Frostbite\u2122-Game-Engine nutzt.<\/span> <br \/> Alterseinstufung \u200f : \u200e  USK ab 18 <br \/> Verpackungsabmessungen \u200f : \u200e  19 x 13.5 x 1.4 cm; 70 Gramm <br \/> Erscheinungstermin \u200f : \u200e  27. Januar 2023 <br \/> ASIN \u200f : \u200e  B0BGPMZKD3 <br \/> Herkunftsland \u200f : \u200e  Polen <\/p>\n<p>Dead Space bietet verbessertes Audio und gestochen scharfe, ersch\u00fctternde Grafik.<br \/>Die Grafik wurde sorgf\u00e4ltig neu gestaltet, um ein neues Ma\u00df an Immersion und Qualit\u00e4t hervorzurufen.<br \/>\n<br \/>[ad_2]<\/p>\n","protected":false},"excerpt":{"rendered":"<p>Price: [price_with_discount](as of [price_update_date] &#8211; Details) [ad_1] Dead Space ist ein Remake des klassischen Sci-Fi-Survival-Horror-Spiels, das von Grund auf neu aufgebaut wird, indem es die Frostbite\u2122-Game-Engine nutzt. Alterseinstufung \u200f :<\/p>\n","protected":false},"featured_media":61932,"comment_status":"open","ping_status":"closed","template":"","meta":[],"product_cat":[227],"product_tag":[255],"class_list":{"0":"post-61931","1":"product","2":"type-product","3":"status-publish","4":"has-post-thumbnail","6":"product_cat-gaming","7":"product_tag-amazon-games","9":"first","10":"instock","11":"shipping-taxable","12":"product-type-external"},"aioseo_notices":[],"_links":{"self":[{"href":"https:\/\/topgetestet.de\/index.php?rest_route=\/wp\/v2\/product\/61931","targetHints":{"allow":["GET"]}}],"collection":[{"href":"https:\/\/topgetestet.de\/index.php?rest_route=\/wp\/v2\/product"}],"about":[{"href":"https:\/\/topgetestet.de\/index.php?rest_route=\/wp\/v2\/types\/product"}],"replies":[{"embeddable":true,"href":"https:\/\/topgetestet.de\/index.php?rest_route=%2Fwp%2Fv2%2Fcomments&post=61931"}],"wp:featuredmedia":[{"embeddable":true,"href":"https:\/\/topgetestet.de\/index.php?rest_route=\/wp\/v2\/media\/61932"}],"wp:attachment":[{"href":"https:\/\/topgetestet.de\/index.php?rest_route=%2Fwp%2Fv2%2Fmedia&parent=61931"}],"wp:term":[{"taxonomy":"product_cat","embeddable":true,"href":"https:\/\/topgetestet.de\/index.php?rest_route=%2Fwp%2Fv2%2Fproduct_cat&post=61931"},{"taxonomy":"product_tag","embeddable":true,"href":"https:\/\/topgetestet.de\/index.php?rest_route=%2Fwp%2Fv2%2Fproduct_tag&post=61931"}],"curies":[{"name":"wp","href":"https:\/\/api.w.org\/{rel}","templated":true}]}}