{"id":61747,"date":"2022-10-14T06:17:02","date_gmt":"2022-10-14T06:17:02","guid":{"rendered":"https:\/\/topgetestet.de\/?product=apple-iphone-8-64gb-silver-generaluberholt"},"modified":"2022-10-14T06:17:02","modified_gmt":"2022-10-14T06:17:02","slug":"apple-iphone-8-64gb-silver-generaluberholt","status":"publish","type":"product","link":"https:\/\/topgetestet.de\/?product=apple-iphone-8-64gb-silver-generaluberholt","title":{"rendered":"Apple iPhone 8 64GB Silver (General\u00fcberholt)"},"content":{"rendered":"<p>Price: <span style=\"color:#b12704\">[price_with_discount]<\/span><br \/><i><small>(as of [price_update_date] &#8211; <span class=\"wp_automatic_amazon_disclaimer\" title=\"Product prices and availability are accurate as of the date\/time indicated and are subject to change. Any price and availability information displayed on [relevant Amazon Site(s), as applicable] at the time of purchase will apply to the purchase of this product.\">Details<\/span>)<\/small><\/i><\/p>\n<p><a href=\"https:\/\/amazon.de\/dp\/B0797Q7MNK?tag=topgetestet09-21\"><img decoding=\"async\" src=\"https:\/\/i.imgur.com\/ISRHEWs.png\"><\/a><br \/>\n[ad_1]<br \/>\n <span>Dieses gebrauchte oder general\u00fcberholte Produkt wurde professionell inspiziert und getestet, damit es funktioniert und aussieht wie neu. So wird ein Produkt Teil von Amazon Renewed, Ihrer Anlaufstelle f\u00fcr gebrauchte, general\u00fcberholte Produkte: Ein Kunde kauft ein neues Produkt und gibt es zur\u00fcck oder tauscht es gegen ein neueres oder anderes Modell ein. Dieses Produkt wird von Amazon-qualifizierten Lieferanten gepr\u00fcft und getestet, damit es funktioniert und aussieht wie neu. Anschlie\u00dfend wird das Produkt als Amazon Renewed-Produkt auf Amazon verkauft. Wenn Sie mit dem Produkt nicht zufrieden sind, k\u00f6nnen Sie es im Rahmen der Amazon Renewed-Garantie umtauschen oder zur\u00fcckerhalten.<\/span> <br \/> Auslaufartikel (Produktion durch Hersteller eingestellt) \u200f : \u200e  Nein <br \/> Produktabmessungen \u200f : \u200e  6.71 x 0.71 x 13.82 cm; 138 Gramm <br \/> Im Angebot von Amazon.de seit \u200f : \u200e  8. Juni 2018 <br \/> Hersteller \u200f : \u200e  Apple Computer <br \/> ASIN \u200f : \u200e  B0797Q7MNK <br \/> Modellnummer \u200f : \u200e  8_PARENT <\/p>\n<p>Artikel &#8211; Paketabmessung &#8211; 7,4803149,53 L x 4,330708657 B x 1,574803148H Zoll<br \/>Paketgewicht des Artikels &#8211; 0,6172943336 Pfund<br \/>Paketmenge Artikel &#8211; 1<br \/>Arbeitsspeicher &#8211; 128. GB<br \/>\n<br \/>[ad_2]<\/p>\n","protected":false},"excerpt":{"rendered":"<p>Price: [price_with_discount](as of [price_update_date] &#8211; Details) [ad_1] Dieses gebrauchte oder general\u00fcberholte Produkt wurde professionell inspiziert und getestet, damit es funktioniert und aussieht wie neu. So wird ein Produkt Teil von<\/p>\n","protected":false},"featured_media":61748,"comment_status":"open","ping_status":"closed","template":"","meta":[],"product_cat":[225],"product_tag":[],"class_list":{"0":"post-61747","1":"product","2":"type-product","3":"status-publish","4":"has-post-thumbnail","6":"product_cat-electronics","8":"first","9":"instock","10":"shipping-taxable","11":"product-type-external"},"aioseo_notices":[],"_links":{"self":[{"href":"https:\/\/topgetestet.de\/index.php?rest_route=\/wp\/v2\/product\/61747","targetHints":{"allow":["GET"]}}],"collection":[{"href":"https:\/\/topgetestet.de\/index.php?rest_route=\/wp\/v2\/product"}],"about":[{"href":"https:\/\/topgetestet.de\/index.php?rest_route=\/wp\/v2\/types\/product"}],"replies":[{"embeddable":true,"href":"https:\/\/topgetestet.de\/index.php?rest_route=%2Fwp%2Fv2%2Fcomments&post=61747"}],"wp:featuredmedia":[{"embeddable":true,"href":"https:\/\/topgetestet.de\/index.php?rest_route=\/wp\/v2\/media\/61748"}],"wp:attachment":[{"href":"https:\/\/topgetestet.de\/index.php?rest_route=%2Fwp%2Fv2%2Fmedia&parent=61747"}],"wp:term":[{"taxonomy":"product_cat","embeddable":true,"href":"https:\/\/topgetestet.de\/index.php?rest_route=%2Fwp%2Fv2%2Fproduct_cat&post=61747"},{"taxonomy":"product_tag","embeddable":true,"href":"https:\/\/topgetestet.de\/index.php?rest_route=%2Fwp%2Fv2%2Fproduct_tag&post=61747"}],"curies":[{"name":"wp","href":"https:\/\/api.w.org\/{rel}","templated":true}]}}