{"id":61609,"date":"2022-10-14T05:35:51","date_gmt":"2022-10-14T05:35:51","guid":{"rendered":"https:\/\/topgetestet.de\/?product=call-of-duty-black-ops-cold-war-ps5"},"modified":"2022-10-14T05:35:51","modified_gmt":"2022-10-14T05:35:51","slug":"call-of-duty-black-ops-cold-war-ps5","status":"publish","type":"product","link":"https:\/\/topgetestet.de\/?product=call-of-duty-black-ops-cold-war-ps5","title":{"rendered":"Call of Duty: Black Ops Cold War (PS5)"},"content":{"rendered":"<p>Price: <span style=\"color:#b12704\">[price_with_discount]<\/span><br \/><i><small>(as of [price_update_date] &#8211; <span class=\"wp_automatic_amazon_disclaimer\" title=\"Product prices and availability are accurate as of the date\/time indicated and are subject to change. Any price and availability information displayed on [relevant Amazon Site(s), as applicable] at the time of purchase will apply to the purchase of this product.\">Details<\/span>)<\/small><\/i><\/p>\n<p><a href=\"https:\/\/amazon.de\/dp\/B08GR4GNRK?tag=topgetestet09-21\"><img decoding=\"async\" src=\"https:\/\/i.imgur.com\/ISRHEWs.png\"><\/a><br \/>\n[ad_1]<br \/>\n <span>Die ikonische schwarze Ops Serie ist zur\u00fcck mit Call of Duty: Black Ops Cold War, der direkten Fortsetzung des urspr\u00fcnglichen und Fan-Fans Favoriten Call of Duty: Black Ops. Black Ops Cold War wird Fans in die Tiefen der fl\u00fcchtigen geopolitischen Schlacht der fr\u00fchen 1980er Jahre fallen. Nichts ist je so, wie es in einer greifenden Single-Player-Kampagne scheint, wo die Spieler von Angesicht zu Angesicht mit historischen Figuren und harten Wahrheiten kommen, w\u00e4hrend sie rund um den Globus durch ikonische Orte wie Ostberlin, Vietnam, T\u00fcrkei, Sowjetisches kgb Hauptquartier und mehr k\u00e4mpfen.<\/span> <br \/> Alterseinstufung \u200f : \u200e  Unbekannt <br \/> Produktabmessungen \u200f : \u200e  1.52 x 13.46 x 17.02 cm; 68.04 Gramm <br \/> Erscheinungstermin \u200f : \u200e  13. November 2020 <br \/> ASIN \u200f : \u200e  B08GR4GNRK <br \/> Modellnummer \u200f : \u200e  88505 <\/p>\n<p>Steigen Sie in das dunkle Zentrum dieser globalen Verschw\u00f6rung mit ikonischen Charakteren Wald, Mason und Hudson und einer neuen Besetzung von Operativen, die versuchen, eine Grundlage Jahrzehnte bei der Herstellung zu stoppen.<br \/>Neben der Kampagne bringen die Spieler ein Kaltes Kriegsarsenal an Waffen und Ausr\u00fcstung in die n\u00e4chste Generation von Multiplayer- und Zombies-Erlebnissen.<br \/>Inklusive PS5-Version auf Disc. Nicht abspielbar auf PS4 oder Disc-less PS5 System.<br \/>\n<br \/>[ad_2]<\/p>\n","protected":false},"excerpt":{"rendered":"<p>Price: [price_with_discount](as of [price_update_date] &#8211; Details) [ad_1] Die ikonische schwarze Ops Serie ist zur\u00fcck mit Call of Duty: Black Ops Cold War, der direkten Fortsetzung des urspr\u00fcnglichen und Fan-Fans Favoriten<\/p>\n","protected":false},"featured_media":61610,"comment_status":"open","ping_status":"closed","template":"","meta":[],"product_cat":[227],"product_tag":[261],"class_list":{"0":"post-61609","1":"product","2":"type-product","3":"status-publish","4":"has-post-thumbnail","6":"product_cat-gaming","7":"product_tag-playstation-legacy-games","9":"first","10":"instock","11":"shipping-taxable","12":"product-type-external"},"aioseo_notices":[],"_links":{"self":[{"href":"https:\/\/topgetestet.de\/index.php?rest_route=\/wp\/v2\/product\/61609","targetHints":{"allow":["GET"]}}],"collection":[{"href":"https:\/\/topgetestet.de\/index.php?rest_route=\/wp\/v2\/product"}],"about":[{"href":"https:\/\/topgetestet.de\/index.php?rest_route=\/wp\/v2\/types\/product"}],"replies":[{"embeddable":true,"href":"https:\/\/topgetestet.de\/index.php?rest_route=%2Fwp%2Fv2%2Fcomments&post=61609"}],"wp:featuredmedia":[{"embeddable":true,"href":"https:\/\/topgetestet.de\/index.php?rest_route=\/wp\/v2\/media\/61610"}],"wp:attachment":[{"href":"https:\/\/topgetestet.de\/index.php?rest_route=%2Fwp%2Fv2%2Fmedia&parent=61609"}],"wp:term":[{"taxonomy":"product_cat","embeddable":true,"href":"https:\/\/topgetestet.de\/index.php?rest_route=%2Fwp%2Fv2%2Fproduct_cat&post=61609"},{"taxonomy":"product_tag","embeddable":true,"href":"https:\/\/topgetestet.de\/index.php?rest_route=%2Fwp%2Fv2%2Fproduct_tag&post=61609"}],"curies":[{"name":"wp","href":"https:\/\/api.w.org\/{rel}","templated":true}]}}