{"id":61456,"date":"2022-10-14T04:51:06","date_gmt":"2022-10-14T04:51:06","guid":{"rendered":"https:\/\/topgetestet.de\/?product=vaude-mens-posta-ls-tricot-langarmtrikot-herren-warmes-radtrikot-2"},"modified":"2022-10-14T04:51:06","modified_gmt":"2022-10-14T04:51:06","slug":"vaude-mens-posta-ls-tricot-langarmtrikot-herren-warmes-radtrikot-2","status":"publish","type":"product","link":"https:\/\/topgetestet.de\/?product=vaude-mens-posta-ls-tricot-langarmtrikot-herren-warmes-radtrikot-2","title":{"rendered":"VAUDE Men&#8217;s Posta LS Tricot &#8211; Langarmtrikot Herren &#8211; warmes Radtrikot"},"content":{"rendered":"<p>Price: <span style=\"color:#b12704\">[price_with_discount]<\/span><br \/><i><small>(as of [price_update_date] &#8211; <span class=\"wp_automatic_amazon_disclaimer\" title=\"Product prices and availability are accurate as of the date\/time indicated and are subject to change. Any price and availability information displayed on [relevant Amazon Site(s), as applicable] at the time of purchase will apply to the purchase of this product.\">Details<\/span>)<\/small><\/i><\/p>\n<p><a href=\"https:\/\/amazon.de\/dp\/B09292VXK5?tag=topgetestet09-21\"><img decoding=\"async\" src=\"https:\/\/i.imgur.com\/ISRHEWs.png\"><\/a><br \/>\n[ad_1]<br \/>\n <span>Cooles Trikot f\u00fcr sehr kalte Tage! Unser w\u00e4rmstes Langarm-Trikot ist nicht nur f\u00fcr Roadcycler oder Gravelfahrer ein Must-have. Auch Commuter, die l\u00e4ngere Strecken zu bew\u00e4ltigen haben oder aber auch E-Bike-Fahrer mit ihren h\u00f6heren Geschwindigkeiten, sind damit bestens ausger\u00fcstet. Das Trikot ist sehr warm und elastisch, atmungsaktiv und schnelltrocknend. Das innen leicht angeraute Material an der Vorderseite besteht zu 72 % aus recyceltem Polyester und zu 28 % auf wood fiber. Deren Verwendung hilft, Mikroplastik zu reduzieren und hat geruchsmindernde Eigenschaften. Auch das zweite Fleece besteht zu 100 % aus recycelten Polyester und bringt eine hohe Flexibilit\u00e4t f\u00fcr mehr Komfort mit sich. Beide Materialien sind innen leicht angeraut, wobei die Front noch weicher und bauschiger daherkommt. F\u00fcr einen stabilen Halt befindet sich im R\u00fccken unten ein silikonisiertes Band. Zur Ausstattung geh\u00f6ren der l\u00e4nger geschnittene R\u00fccken, vorgeformte \u00c4rmel und 2 offene Taschen im R\u00fccken. Das Posta Langarmtrikot l\u00e4sst sich gut mit den Active Warm Tights oder Kuro Warm Tights kombinieren und ist nach dem h\u00f6chsten Umweltstandard bluesign-zertifiziert. Das VAUDE Green Shape-Label steht f\u00fcr ein umweltfreundliches, funktionelles Produkt aus nachhaltigen Materialien.<\/span> <br \/> Verpackungsabmessungen \u200f : \u200e  35.79 x 28.9 x 7.5 cm; 320 Gramm <br \/> Im Angebot von Amazon.de seit \u200f : \u200e  28. M\u00e4rz 2022 <br \/> Hersteller \u200f : \u200e  Vaude <br \/> ASIN \u200f : \u200e  B09WNFMY4W <br \/> Modellnummer \u200f : \u200e  42486 <br \/> Kategorie \u200f : \u200e  Herren <\/p>\n<p>[ad_2]<\/p>\n","protected":false},"excerpt":{"rendered":"<p>Price: [price_with_discount](as of [price_update_date] &#8211; Details) [ad_1] Cooles Trikot f\u00fcr sehr kalte Tage! Unser w\u00e4rmstes Langarm-Trikot ist nicht nur f\u00fcr Roadcycler oder Gravelfahrer ein Must-have. Auch Commuter, die l\u00e4ngere Strecken<\/p>\n","protected":false},"featured_media":61457,"comment_status":"open","ping_status":"closed","template":"","meta":[],"product_cat":[232],"product_tag":[],"class_list":{"0":"post-61456","1":"product","2":"type-product","3":"status-publish","4":"has-post-thumbnail","6":"product_cat-women-fashion","8":"first","9":"instock","10":"shipping-taxable","11":"product-type-external"},"aioseo_notices":[],"_links":{"self":[{"href":"https:\/\/topgetestet.de\/index.php?rest_route=\/wp\/v2\/product\/61456","targetHints":{"allow":["GET"]}}],"collection":[{"href":"https:\/\/topgetestet.de\/index.php?rest_route=\/wp\/v2\/product"}],"about":[{"href":"https:\/\/topgetestet.de\/index.php?rest_route=\/wp\/v2\/types\/product"}],"replies":[{"embeddable":true,"href":"https:\/\/topgetestet.de\/index.php?rest_route=%2Fwp%2Fv2%2Fcomments&post=61456"}],"wp:featuredmedia":[{"embeddable":true,"href":"https:\/\/topgetestet.de\/index.php?rest_route=\/wp\/v2\/media\/61457"}],"wp:attachment":[{"href":"https:\/\/topgetestet.de\/index.php?rest_route=%2Fwp%2Fv2%2Fmedia&parent=61456"}],"wp:term":[{"taxonomy":"product_cat","embeddable":true,"href":"https:\/\/topgetestet.de\/index.php?rest_route=%2Fwp%2Fv2%2Fproduct_cat&post=61456"},{"taxonomy":"product_tag","embeddable":true,"href":"https:\/\/topgetestet.de\/index.php?rest_route=%2Fwp%2Fv2%2Fproduct_tag&post=61456"}],"curies":[{"name":"wp","href":"https:\/\/api.w.org\/{rel}","templated":true}]}}