{"id":60575,"date":"2022-10-14T00:35:40","date_gmt":"2022-10-14T00:35:40","guid":{"rendered":"https:\/\/topgetestet.de\/?product=jack-wolfskin-damen-frozen-palace-coat-w-coat"},"modified":"2022-10-14T00:35:40","modified_gmt":"2022-10-14T00:35:40","slug":"jack-wolfskin-damen-frozen-palace-coat-w-coat","status":"publish","type":"product","link":"https:\/\/topgetestet.de\/?product=jack-wolfskin-damen-frozen-palace-coat-w-coat","title":{"rendered":"Jack Wolfskin Damen Frozen Palace Coat W Coat"},"content":{"rendered":"<p>Price: <span style=\"color:#b12704\">[price_with_discount]<\/span><br \/><i><small>(as of [price_update_date] &#8211; <span class=\"wp_automatic_amazon_disclaimer\" title=\"Product prices and availability are accurate as of the date\/time indicated and are subject to change. Any price and availability information displayed on [relevant Amazon Site(s), as applicable] at the time of purchase will apply to the purchase of this product.\">Details<\/span>)<\/small><\/i><\/p>\n<p><a href=\"https:\/\/amazon.de\/dp\/B09TW3DLXY?tag=topgetestet09-21\"><img decoding=\"async\" src=\"https:\/\/i.imgur.com\/ISRHEWs.png\"><\/a><br \/>\n[ad_1]<br \/>\n <span>Ob im Alltag oder unterwegs, mit unserem super warmen, langen Daunenmantel FROZEN PALACE kann dir kaltes Wetter nichts anhaben. Das liegt an der Kombination aus der F\u00fcllung mit zertifizierter, sehr bauschkr\u00e4ftiger Daune mit winddichtem und wasserabweisendem Au\u00dfenmaterial sowie dem langen Schnitt. Das Au\u00dfenmaterial TEXASHIELD ECOSPHERE ist nachhaltig hergestellt und weich im Griff. Zusammen mit dem schlichten Design und dem geringen Gewicht des Mantels ergibt sich ein komfortables, zeitloses St\u00fcck f\u00fcr jeden Tag. Mit der einstellbaren Kapuze sind Kopf und Hals zus\u00e4tzlich vor Wind und Schauern gesch\u00fctzt.<\/span> <br \/> Verpackungsabmessungen \u200f : \u200e  57.9 x 37.7 x 14.1 cm; 692 Gramm <br \/> Im Angebot von Amazon.de seit \u200f : \u200e  4. M\u00e4rz 2022 <br \/> Hersteller \u200f : \u200e  Jack Wolfskin <br \/> ASIN \u200f : \u200e  B09TW6R61Q <br \/> Modellnummer \u200f : \u200e  1204132 <br \/> Kategorie \u200f : \u200e  Damen <\/p>\n<p>[ad_2]<\/p>\n","protected":false},"excerpt":{"rendered":"<p>Price: [price_with_discount](as of [price_update_date] &#8211; Details) [ad_1] Ob im Alltag oder unterwegs, mit unserem super warmen, langen Daunenmantel FROZEN PALACE kann dir kaltes Wetter nichts anhaben. Das liegt an der<\/p>\n","protected":false},"featured_media":60576,"comment_status":"open","ping_status":"closed","template":"","meta":[],"product_cat":[232],"product_tag":[],"class_list":{"0":"post-60575","1":"product","2":"type-product","3":"status-publish","4":"has-post-thumbnail","6":"product_cat-women-fashion","8":"first","9":"instock","10":"shipping-taxable","11":"product-type-external"},"aioseo_notices":[],"_links":{"self":[{"href":"https:\/\/topgetestet.de\/index.php?rest_route=\/wp\/v2\/product\/60575","targetHints":{"allow":["GET"]}}],"collection":[{"href":"https:\/\/topgetestet.de\/index.php?rest_route=\/wp\/v2\/product"}],"about":[{"href":"https:\/\/topgetestet.de\/index.php?rest_route=\/wp\/v2\/types\/product"}],"replies":[{"embeddable":true,"href":"https:\/\/topgetestet.de\/index.php?rest_route=%2Fwp%2Fv2%2Fcomments&post=60575"}],"wp:featuredmedia":[{"embeddable":true,"href":"https:\/\/topgetestet.de\/index.php?rest_route=\/wp\/v2\/media\/60576"}],"wp:attachment":[{"href":"https:\/\/topgetestet.de\/index.php?rest_route=%2Fwp%2Fv2%2Fmedia&parent=60575"}],"wp:term":[{"taxonomy":"product_cat","embeddable":true,"href":"https:\/\/topgetestet.de\/index.php?rest_route=%2Fwp%2Fv2%2Fproduct_cat&post=60575"},{"taxonomy":"product_tag","embeddable":true,"href":"https:\/\/topgetestet.de\/index.php?rest_route=%2Fwp%2Fv2%2Fproduct_tag&post=60575"}],"curies":[{"name":"wp","href":"https:\/\/api.w.org\/{rel}","templated":true}]}}