{"id":60437,"date":"2022-10-13T23:42:31","date_gmt":"2022-10-13T23:42:31","guid":{"rendered":"https:\/\/topgetestet.de\/?product=vaude-skomer-24l-wanderrucksack-damen-mit-ruckenbeluftung-mit-regenschutz"},"modified":"2022-10-13T23:42:31","modified_gmt":"2022-10-13T23:42:31","slug":"vaude-skomer-24l-wanderrucksack-damen-mit-ruckenbeluftung-mit-regenschutz","status":"publish","type":"product","link":"https:\/\/topgetestet.de\/?product=vaude-skomer-24l-wanderrucksack-damen-mit-ruckenbeluftung-mit-regenschutz","title":{"rendered":"VAUDE Skomer 24L &#8211; Wanderrucksack Damen mit R\u00fcckenbel\u00fcftung &#8211; mit Regenschutz"},"content":{"rendered":"<p>Price: <span style=\"color:#b12704\">[price_with_discount]<\/span><br \/><i><small>(as of [price_update_date] &#8211; <span class=\"wp_automatic_amazon_disclaimer\" title=\"Product prices and availability are accurate as of the date\/time indicated and are subject to change. Any price and availability information displayed on [relevant Amazon Site(s), as applicable] at the time of purchase will apply to the purchase of this product.\">Details<\/span>)<\/small><\/i><\/p>\n<p><a href=\"https:\/\/amazon.de\/dp\/B08L64Y5NG?tag=topgetestet09-21\"><img decoding=\"async\" src=\"https:\/\/i.imgur.com\/ISRHEWs.png\"><\/a><br \/>\n[ad_1]<br \/>\n <span>Ger\u00e4umiger Rucksack f\u00fcr Tagestouren: Der Skomer 24 hat alles, was ein gut ausgestatteter Frauen-Wanderrucksack braucht: Separate F\u00e4cher f\u00fcr Landkarte, Smartphone und Sonnenbrille, eine elastische Netztasche an der Seite, eine Stockhalterung und eine Regenh\u00fclle, die sich zudem zur Einkaufstasche oder zum W\u00e4schebeutel umfunktionieren l\u00e4sst. Das komfortable Aeroflex 3D-R\u00fcckensystem h\u00e4lt den Rucksack wohltuend auf Abstand und den R\u00fccken angenehm bel\u00fcftet. Die an die weibliche Anatomie angepassten Ergoshape-Schultergurte sitzen bequem ohne einzuengen. Sein schn\u00f6rkelloses, dezentes Design macht den Skomer 24 zu einem zeitlosen Begleiter f\u00fcr jeden (Wander)Tag. Das VAUDE Green Shape-Label steht f\u00fcr ein umweltfreundliches, funktionelles Produkt aus nachhaltigen und bluesign-zertifizierten Materialien.<\/span> <br \/> Im Angebot von Amazon.de seit \u200f : \u200e  4. Februar 2021 <br \/> Hersteller \u200f : \u200e  Vaude <br \/> ASIN \u200f : \u200e  B08VXZN7LC <br \/> Modellnummer \u200f : \u200e  15829 <br \/> Kategorie \u200f : \u200e  Damen <\/p>\n<p>Vielseitiger Rucksack f\u00fcr Frauen: Separate F\u00e4cher f\u00fcr Landkarte, Smartphone und Sonnenbrille, eine elastische Netztasche an der Seite, eine Stockhalterung und eine Regenh\u00fclle, die sich zudem zur Einkaufstasche oder zum W\u00e4schebeutel umfunktionieren l\u00e4sst<br \/>Verschluss: Rei\u00dfverschluss<br \/>Hauptstoff &#8211; Au\u00dfenseite: 67% Polyamid, 33% Polyester, Beschichtung: 100% Polyurethan, 200D*320D PU coated, Kontrastmaterial &#8211; Au\u00dfenseite: 100% Polyester, Beschichtung: 100% Polyurethan, 600 D Polyurethan beschichtet, Futter &#8211; : 100% Polyamid, : 100% Polyurethan, 200 D Polyurethan beschichtet, Regenh\u00fclle &#8211; : 100% Polyamid, 190 T Polyurethan beschichtet<br \/>Rucksack<br \/>Modellnummer: 15829<br \/>Aeroflex Tragesystem:Das komfortable Aeroflex 3D-R\u00fcckensystem h\u00e4lt den Rucksack wohltuend auf Abstand und den R\u00fccken angenehm bel\u00fcftet<br \/>\n<br \/>[ad_2]<\/p>\n","protected":false},"excerpt":{"rendered":"<p>Price: [price_with_discount](as of [price_update_date] &#8211; Details) [ad_1] Ger\u00e4umiger Rucksack f\u00fcr Tagestouren: Der Skomer 24 hat alles, was ein gut ausgestatteter Frauen-Wanderrucksack braucht: Separate F\u00e4cher f\u00fcr Landkarte, Smartphone und Sonnenbrille, eine<\/p>\n","protected":false},"featured_media":60438,"comment_status":"open","ping_status":"closed","template":"","meta":[],"product_cat":[232],"product_tag":[],"class_list":{"0":"post-60437","1":"product","2":"type-product","3":"status-publish","4":"has-post-thumbnail","6":"product_cat-women-fashion","8":"first","9":"instock","10":"sale","11":"shipping-taxable","12":"product-type-external"},"aioseo_notices":[],"_links":{"self":[{"href":"https:\/\/topgetestet.de\/index.php?rest_route=\/wp\/v2\/product\/60437","targetHints":{"allow":["GET"]}}],"collection":[{"href":"https:\/\/topgetestet.de\/index.php?rest_route=\/wp\/v2\/product"}],"about":[{"href":"https:\/\/topgetestet.de\/index.php?rest_route=\/wp\/v2\/types\/product"}],"replies":[{"embeddable":true,"href":"https:\/\/topgetestet.de\/index.php?rest_route=%2Fwp%2Fv2%2Fcomments&post=60437"}],"wp:featuredmedia":[{"embeddable":true,"href":"https:\/\/topgetestet.de\/index.php?rest_route=\/wp\/v2\/media\/60438"}],"wp:attachment":[{"href":"https:\/\/topgetestet.de\/index.php?rest_route=%2Fwp%2Fv2%2Fmedia&parent=60437"}],"wp:term":[{"taxonomy":"product_cat","embeddable":true,"href":"https:\/\/topgetestet.de\/index.php?rest_route=%2Fwp%2Fv2%2Fproduct_cat&post=60437"},{"taxonomy":"product_tag","embeddable":true,"href":"https:\/\/topgetestet.de\/index.php?rest_route=%2Fwp%2Fv2%2Fproduct_tag&post=60437"}],"curies":[{"name":"wp","href":"https:\/\/api.w.org\/{rel}","templated":true}]}}