{"id":60176,"date":"2022-10-13T22:09:56","date_gmt":"2022-10-13T22:09:56","guid":{"rendered":"https:\/\/topgetestet.de\/?product=levis-herren-batwing-logo-sock-6-pack-ecom"},"modified":"2022-10-13T22:09:56","modified_gmt":"2022-10-13T22:09:56","slug":"levis-herren-batwing-logo-sock-6-pack-ecom","status":"publish","type":"product","link":"https:\/\/topgetestet.de\/?product=levis-herren-batwing-logo-sock-6-pack-ecom","title":{"rendered":"Levi&#8217;s Herren Batwing Logo Sock 6 Pack Ecom"},"content":{"rendered":"<p>Price: <span style=\"color:#b12704\">[price_with_discount]<\/span><br \/><i><small>(as of [price_update_date] &#8211; <span class=\"wp_automatic_amazon_disclaimer\" title=\"Product prices and availability are accurate as of the date\/time indicated and are subject to change. Any price and availability information displayed on [relevant Amazon Site(s), as applicable] at the time of purchase will apply to the purchase of this product.\">Details<\/span>)<\/small><\/i><\/p>\n<p><a href=\"https:\/\/amazon.de\/dp\/B09BK5JSMB?tag=topgetestet09-21\"><img decoding=\"async\" src=\"https:\/\/i.imgur.com\/ISRHEWs.png\"><\/a><br \/>\n[ad_1]<\/p>\n<p>       Produktbeschreibung des Herstellers <\/p>\n<p>          <img decoding=\"async\" alt=\"sportsocken, tennissocken, sneaker socken, sportbekleidung, wandersocken, socks men\" src=\"https:\/\/images-na.ssl-images-amazon.com\/images\/G\/01\/x-locale\/common\/grey-pixel.gif\" class=\"a-spacing-base a-lazy-loaded\" data-src=\"https:\/\/m.media-amazon.com\/images\/W\/IMAGERENDERING_521856-T2\/images\/S\/aplus-media-library-service-media\/e39f459a-921c-4f47-996d-0086f869074e.__CR0,0,970,600_PT0_SX970_V1___.jpg\"><\/p>\n<p>           <img decoding=\"async\" alt=\"sportsocken, tennissocken, sneaker socken, sportbekleidung, wandersocken, socks men\" src=\"https:\/\/m.media-amazon.com\/images\/W\/IMAGERENDERING_521856-T2\/images\/S\/aplus-media-library-service-media\/e39f459a-921c-4f47-996d-0086f869074e.__CR0,0,970,600_PT0_SX970_V1___.jpg\"><\/p>\n<p>              <img decoding=\"async\" alt=\"sportsocken, tennissocken, sneaker socken, sportbekleidung, wandersocken, socks men\" src=\"https:\/\/images-na.ssl-images-amazon.com\/images\/G\/01\/x-locale\/common\/grey-pixel.gif\" class=\"a-lazy-loaded\" data-src=\"https:\/\/m.media-amazon.com\/images\/W\/IMAGERENDERING_521856-T2\/images\/S\/aplus-media-library-service-media\/08ccac65-19c5-4da2-8be2-a31f3ae3e739.__CR0,0,300,300_PT0_SX300_V1___.jpg\"><\/p>\n<p>               <img decoding=\"async\" alt=\"sportsocken, tennissocken, sneaker socken, sportbekleidung, wandersocken, socks men\" src=\"https:\/\/m.media-amazon.com\/images\/W\/IMAGERENDERING_521856-T2\/images\/S\/aplus-media-library-service-media\/08ccac65-19c5-4da2-8be2-a31f3ae3e739.__CR0,0,300,300_PT0_SX300_V1___.jpg\"><\/p>\n<h3 class=\"a-spacing-mini\"> BEQUEME BASICS, VERANTWORTUNGSBEWUSST GEFERTIGT. <\/h3>\n<p> Klassische Alltagssocken, nur noch besser. Die Socken mit klassischer Silhouette von Levi&#8217;s haben einen modernen und zeitlosen Twist. Hergestellt aus superweicher, gek\u00e4mmter Baumwolle f\u00fcr Komfort den ganzen Tag \u00fcber und mit einer nat\u00fcrlichen Passform. Entworfen f\u00fcr ausgezeichneten Komfort. Klassische Ikonen mit der optimierten Verarbeitung von Levi&#8217;s. <\/p>\n<p> <img decoding=\"async\" alt=\"sportsocken, tennissocken, sneaker socken, sportbekleidung, wandersocken, socks men\" src=\"https:\/\/images-na.ssl-images-amazon.com\/images\/G\/01\/x-locale\/common\/grey-pixel.gif\" class=\"a-spacing-mini a-lazy-loaded\" data-src=\"https:\/\/m.media-amazon.com\/images\/W\/IMAGERENDERING_521856-T2\/images\/S\/aplus-media-library-service-media\/e39f459a-921c-4f47-996d-0086f869074e.__CR340,284,316,316_PT0_SX300_V1___.jpg\">\n                   <\/p>\n<p>                    <img decoding=\"async\" alt=\"sportsocken, tennissocken, sneaker socken, sportbekleidung, wandersocken, socks men\" src=\"https:\/\/m.media-amazon.com\/images\/W\/IMAGERENDERING_521856-T2\/images\/S\/aplus-media-library-service-media\/e39f459a-921c-4f47-996d-0086f869074e.__CR340,284,316,316_PT0_SX300_V1___.jpg\"><\/p>\n<p> <img decoding=\"async\" alt=\"sportsocken, tennissocken, sneaker socken, sportbekleidung, wandersocken, socks men\" src=\"https:\/\/images-na.ssl-images-amazon.com\/images\/G\/01\/x-locale\/common\/grey-pixel.gif\" class=\"a-spacing-mini a-lazy-loaded\" data-src=\"https:\/\/m.media-amazon.com\/images\/W\/IMAGERENDERING_521856-T2\/images\/S\/aplus-media-library-service-media\/fda6ba1c-fade-4736-9559-25c43625e5b3.__CR0,512,1311,1311_PT0_SX300_V1___.jpg\">\n                   <\/p>\n<p>                    <img decoding=\"async\" alt=\"sportsocken, tennissocken, sneaker socken, sportbekleidung, wandersocken, socks men\" src=\"https:\/\/m.media-amazon.com\/images\/W\/IMAGERENDERING_521856-T2\/images\/S\/aplus-media-library-service-media\/fda6ba1c-fade-4736-9559-25c43625e5b3.__CR0,512,1311,1311_PT0_SX300_V1___.jpg\"><\/p>\n<p> <img decoding=\"async\" alt=\"sportsocken, tennissocken, sneaker socken, sportbekleidung, wandersocken, socks men\" src=\"https:\/\/images-na.ssl-images-amazon.com\/images\/G\/01\/x-locale\/common\/grey-pixel.gif\" class=\"a-spacing-mini a-lazy-loaded\" data-src=\"https:\/\/m.media-amazon.com\/images\/W\/IMAGERENDERING_521856-T2\/images\/S\/aplus-media-library-service-media\/def7e6f8-fd30-4523-be2c-03f470fe66d4.__CR178,975,624,624_PT0_SX300_V1___.jpg\">\n                   <\/p>\n<p>                    <img decoding=\"async\" alt=\"sportsocken, tennissocken, sneaker socken, sportbekleidung, wandersocken, socks men\" src=\"https:\/\/m.media-amazon.com\/images\/W\/IMAGERENDERING_521856-T2\/images\/S\/aplus-media-library-service-media\/def7e6f8-fd30-4523-be2c-03f470fe66d4.__CR178,975,624,624_PT0_SX300_V1___.jpg\"><\/p>\n<p>                   Bequemes B\u00fcndchen und Nat\u00fcrliche Passform  <\/p>\n<p>                   Verst\u00e4rkte Ferse und Spitze f\u00fcr Dauerhaftigkeit  <\/p>\n<p>                   Weiche, gek\u00e4mmte Baumwolle f\u00fcr Komfort den ganzen Tag \u00fcber  <\/p>\n<p>          <img decoding=\"async\" alt=\"sportsocken, tennissocken, sneaker socken, sportbekleidung, wandersocken, socks men\" src=\"https:\/\/images-na.ssl-images-amazon.com\/images\/G\/01\/x-locale\/common\/grey-pixel.gif\" class=\"a-spacing-base a-lazy-loaded\" data-src=\"https:\/\/m.media-amazon.com\/images\/W\/IMAGERENDERING_521856-T2\/images\/S\/aplus-media-library-service-media\/af25dcaa-123d-4460-bf28-e5c30f0ae13f.__CR0,0,970,600_PT0_SX970_V1___.jpg\"><\/p>\n<p>           <img decoding=\"async\" alt=\"sportsocken, tennissocken, sneaker socken, sportbekleidung, wandersocken, socks men\" src=\"https:\/\/m.media-amazon.com\/images\/W\/IMAGERENDERING_521856-T2\/images\/S\/aplus-media-library-service-media\/af25dcaa-123d-4460-bf28-e5c30f0ae13f.__CR0,0,970,600_PT0_SX970_V1___.jpg\"><\/p>\n<p> Verpackungsabmessungen \u200f : \u200e  29.4 x 14 x 9.2 cm; 260 Gramm <br \/> Im Angebot von Amazon.de seit \u200f : \u200e  30. Juli 2021 <br \/> Hersteller \u200f : \u200e  LEVIS <br \/> ASIN \u200f : \u200e  B09BK5JSMB <br \/> Modellnummer \u200f : \u200e  701219582 <br \/> Kategorie \u200f : \u200e  Herren <\/p>\n<p>[ad_2]<\/p>\n","protected":false},"excerpt":{"rendered":"<p>Price: [price_with_discount](as of [price_update_date] &#8211; Details) [ad_1] Produktbeschreibung des Herstellers BEQUEME BASICS, VERANTWORTUNGSBEWUSST GEFERTIGT. Klassische Alltagssocken, nur noch besser. Die Socken mit klassischer Silhouette von Levi&#8217;s haben einen modernen und<\/p>\n","protected":false},"featured_media":60177,"comment_status":"open","ping_status":"closed","template":"","meta":[],"product_cat":[232],"product_tag":[],"class_list":{"0":"post-60176","1":"product","2":"type-product","3":"status-publish","4":"has-post-thumbnail","6":"product_cat-women-fashion","8":"first","9":"instock","10":"shipping-taxable","11":"product-type-external"},"aioseo_notices":[],"_links":{"self":[{"href":"https:\/\/topgetestet.de\/index.php?rest_route=\/wp\/v2\/product\/60176","targetHints":{"allow":["GET"]}}],"collection":[{"href":"https:\/\/topgetestet.de\/index.php?rest_route=\/wp\/v2\/product"}],"about":[{"href":"https:\/\/topgetestet.de\/index.php?rest_route=\/wp\/v2\/types\/product"}],"replies":[{"embeddable":true,"href":"https:\/\/topgetestet.de\/index.php?rest_route=%2Fwp%2Fv2%2Fcomments&post=60176"}],"wp:featuredmedia":[{"embeddable":true,"href":"https:\/\/topgetestet.de\/index.php?rest_route=\/wp\/v2\/media\/60177"}],"wp:attachment":[{"href":"https:\/\/topgetestet.de\/index.php?rest_route=%2Fwp%2Fv2%2Fmedia&parent=60176"}],"wp:term":[{"taxonomy":"product_cat","embeddable":true,"href":"https:\/\/topgetestet.de\/index.php?rest_route=%2Fwp%2Fv2%2Fproduct_cat&post=60176"},{"taxonomy":"product_tag","embeddable":true,"href":"https:\/\/topgetestet.de\/index.php?rest_route=%2Fwp%2Fv2%2Fproduct_tag&post=60176"}],"curies":[{"name":"wp","href":"https:\/\/api.w.org\/{rel}","templated":true}]}}