{"id":59705,"date":"2022-10-13T18:25:39","date_gmt":"2022-10-13T18:25:39","guid":{"rendered":"https:\/\/topgetestet.de\/?product=lego-harry-potter-collection-playstation-4-at_pegi"},"modified":"2022-10-13T18:25:39","modified_gmt":"2022-10-13T18:25:39","slug":"lego-harry-potter-collection-playstation-4-at_pegi","status":"publish","type":"product","link":"https:\/\/topgetestet.de\/?product=lego-harry-potter-collection-playstation-4-at_pegi","title":{"rendered":"LEGO Harry Potter Collection (Playstation 4) [AT_PEGI]"},"content":{"rendered":"<p>Price: <span style=\"color:#b12704\">[price_with_discount]<\/span><br \/><i><small>(as of [price_update_date] &#8211; <span class=\"wp_automatic_amazon_disclaimer\" title=\"Product prices and availability are accurate as of the date\/time indicated and are subject to change. Any price and availability information displayed on [relevant Amazon Site(s), as applicable] at the time of purchase will apply to the purchase of this product.\">Details<\/span>)<\/small><\/i><\/p>\n<p><a href=\"https:\/\/amazon.de\/dp\/B075Y9M4T5?tag=topgetestet09-21\"><img decoding=\"async\" src=\"https:\/\/i.imgur.com\/ISRHEWs.png\"><\/a><br \/>\n[ad_1]<br \/>\n <span>Erlebe die komplette Harry Potter Saga im typischen Lego-Stil. Die LEGO Harry Potter Collection bietet ein fesselndes Abenteuer f\u00fcr alle Zauberer und Muggel. Die Spieler erleben eine humorvolle Reise durch alle sieben B\u00fccher bzw. acht Filme, und stellen sich Lord Voldemort im ultimativen Kampf gegen das B\u00f6se. Hier verschmelzen die kreative LEGO-Welt und das riesige Harry Potter-Universum zu einem packenden Spielerlebnis, das die Magie direkt ins heimische Wohnzimmer holt. Ein Riesenspa\u00df f\u00fcr die ganze Familie.<\/p>\n<p>Features:<br \/>&#8211; Erlebe die Magie aller Harry Potter Filme! Erkunde die Kult-Schaupl\u00e4tze der Welt der Hexen und Zauberer, wie die Winkelgasse, den Verbotenen Wald, Hogsmeade und nat\u00fcrlich Schloss Hogwarts.<br \/>&#8211; Schl\u00fcpfe in die Rolle von Harry Potter, Ron Weasley, Hermine Granger oder spiele als einer der \u00fcber 100 Charaktere, darunter Fenrir Greyback, Bellatrix Lestrange und Professor Horace Slughorn.<br \/>&#8211; Erlerne komplett neue Zauber und Zauberspr\u00fcche, darunter die Unverzeihlichen Fl\u00fcche. Beherrsche fortgeschrittene Kampftechniken, um Voldemorts Todesser auf dem Weg zum ultimativen Kampf gegen den Dunklen Lord zu besiegen<br \/>&#8211; Spiele mit Freunden und Familienangeh\u00f6rigen im Koop-Modus mit komfortablem Ein- und Ausstieg und dynamisch geteiltem Bildschirm.<\/span> <br \/> Alterseinstufung \u200f : \u200e  Nicht gepr\u00fcft <br \/> Sprache \u200f : \u200e  Englisch <br \/> Handbuch \u200f : \u200e  Deutsch <br \/> Verpackungsabmessungen \u200f : \u200e  17.1 x 13.6 x 1.5 cm; 100 Gramm <br \/> Erscheinungstermin \u200f : \u200e  2. Oktober 2020 <br \/> Untertitel: \u200f : \u200e  Englisch, Franz\u00f6sisch, Deutsch, Italienisch, Spanisch <br \/> ASIN \u200f : \u200e  B075Y9M4T5 <br \/> Herkunftsland \u200f : \u200e  \u00d6sterreich <\/p>\n<p>Schl\u00fcpfe in die Rolle von Harry Potter, Ron Weasley, Hermine Granger oder spiele als einer der \u00fcber 100 Charaktere<br \/>Spiele mit Freunden und Familienangeh\u00f6rigen im Koop-Modus mit komfortablem Ein- und Ausstieg und dynamisch geteiltem Bildschirm<br \/>Erlerne komplett neue Zauber und Zauberspr\u00fcche, darunter die Unverzeihlichen Fl\u00fcche<br \/>\n<br \/>[ad_2]<\/p>\n","protected":false},"excerpt":{"rendered":"<p>Price: [price_with_discount](as of [price_update_date] &#8211; Details) [ad_1] Erlebe die komplette Harry Potter Saga im typischen Lego-Stil. Die LEGO Harry Potter Collection bietet ein fesselndes Abenteuer f\u00fcr alle Zauberer und Muggel.<\/p>\n","protected":false},"featured_media":59706,"comment_status":"open","ping_status":"closed","template":"","meta":[],"product_cat":[227],"product_tag":[261],"class_list":{"0":"post-59705","1":"product","2":"type-product","3":"status-publish","4":"has-post-thumbnail","6":"product_cat-gaming","7":"product_tag-playstation-legacy-games","9":"first","10":"instock","11":"shipping-taxable","12":"product-type-external"},"aioseo_notices":[],"_links":{"self":[{"href":"https:\/\/topgetestet.de\/index.php?rest_route=\/wp\/v2\/product\/59705","targetHints":{"allow":["GET"]}}],"collection":[{"href":"https:\/\/topgetestet.de\/index.php?rest_route=\/wp\/v2\/product"}],"about":[{"href":"https:\/\/topgetestet.de\/index.php?rest_route=\/wp\/v2\/types\/product"}],"replies":[{"embeddable":true,"href":"https:\/\/topgetestet.de\/index.php?rest_route=%2Fwp%2Fv2%2Fcomments&post=59705"}],"wp:featuredmedia":[{"embeddable":true,"href":"https:\/\/topgetestet.de\/index.php?rest_route=\/wp\/v2\/media\/59706"}],"wp:attachment":[{"href":"https:\/\/topgetestet.de\/index.php?rest_route=%2Fwp%2Fv2%2Fmedia&parent=59705"}],"wp:term":[{"taxonomy":"product_cat","embeddable":true,"href":"https:\/\/topgetestet.de\/index.php?rest_route=%2Fwp%2Fv2%2Fproduct_cat&post=59705"},{"taxonomy":"product_tag","embeddable":true,"href":"https:\/\/topgetestet.de\/index.php?rest_route=%2Fwp%2Fv2%2Fproduct_tag&post=59705"}],"curies":[{"name":"wp","href":"https:\/\/api.w.org\/{rel}","templated":true}]}}