{"id":5749,"date":"2022-08-31T18:45:32","date_gmt":"2022-08-31T18:45:32","guid":{"rendered":"https:\/\/topgetestet.de\/?product=puma-unisex-flyer-flex-knit-laufschuh"},"modified":"2022-08-31T18:45:32","modified_gmt":"2022-08-31T18:45:32","slug":"puma-unisex-flyer-flex-knit-laufschuh","status":"publish","type":"product","link":"https:\/\/topgetestet.de\/?product=puma-unisex-flyer-flex-knit-laufschuh","title":{"rendered":"PUMA Unisex Flyer Flex Knit Laufschuh"},"content":{"rendered":"<p>Price: <span style=\"color:#b12704\">[price_with_discount]<\/span><br \/><i><small>(as of [price_update_date] &#8211; <span class=\"wp_automatic_amazon_disclaimer\" title=\"Product prices and availability are accurate as of the date\/time indicated and are subject to change. Any price and availability information displayed on [relevant Amazon Site(s), as applicable] at the time of purchase will apply to the purchase of this product.\">Details<\/span>)<\/small><\/i><\/p>\n<p><a href=\"https:\/\/amazon.de\/dp\/B097C7NTZW?tag=topgetestet09-21\"><img decoding=\"async\" src=\"https:\/\/i.imgur.com\/ISRHEWs.png\"><\/a><br \/>\n[ad_1]<br \/>\n <span>Mit unserem Flyer Flex Knit Laufschuh mit verbesserter Leistung und elegantem Stil l\u00e4ufst du wie auf Wolken. Diese Schuhe zeichnen sich durch eine auff\u00e4llige neue Silhouette, eine Gummilaufsohle mit Kerben f\u00fcr mehr Flexibilit\u00e4t im gesamten Schuh, eine SoftFoam plus Einlegesohle f\u00fcr einfaches Hineinschl\u00fcpfen und eine Passform, die sich gut an deinen Fu\u00df anpasst, aus. SoftFoamplus: Die ultraweiche Innensohle von PUMA erleichtert schnelles Hineinschl\u00fcpfen, bietet langanhaltenden Komfort und d\u00e4mpft jeden Schritt ideal ab. Niedriger Schaft. Obermaterial aus Strickstoff. Gummilaufsohle mit speziellen Traktionszonen. Zunge aus Stoff. Mit Schn\u00fcrung. Flexkerben \u00fcber die gesamte L\u00e4nge des Toolings. PUMA Formstrip mit aufgedruckter Umrandung auf dem Obermaterial.<\/span> <br \/> Verpackungsabmessungen \u200f : \u200e  30.3 x 18.7 x 10.8 cm; 550 Gramm <br \/> Im Angebot von Amazon.de seit \u200f : \u200e  16. Juni 2021 <br \/> Hersteller \u200f : \u200e  PUMA <br \/> ASIN \u200f : \u200e  B097CDBKR3 <br \/> Modellnummer \u200f : \u200e  376287 <br \/> Kategorie \u200f : \u200e  Unisex <\/p>\n<p>[ad_2]<\/p>\n","protected":false},"excerpt":{"rendered":"<p>Price: [price_with_discount](as of [price_update_date] &#8211; Details) [ad_1] Mit unserem Flyer Flex Knit Laufschuh mit verbesserter Leistung und elegantem Stil l\u00e4ufst du wie auf Wolken. Diese Schuhe zeichnen sich durch eine<\/p>\n","protected":false},"featured_media":5750,"comment_status":"open","ping_status":"closed","template":"","meta":[],"product_cat":[234],"product_tag":[235],"class_list":{"0":"post-5749","1":"product","2":"type-product","3":"status-publish","4":"has-post-thumbnail","6":"product_cat-shoes","7":"product_tag-mens-road-running-shoes","9":"first","10":"instock","11":"shipping-taxable","12":"product-type-external"},"aioseo_notices":[],"_links":{"self":[{"href":"https:\/\/topgetestet.de\/index.php?rest_route=\/wp\/v2\/product\/5749","targetHints":{"allow":["GET"]}}],"collection":[{"href":"https:\/\/topgetestet.de\/index.php?rest_route=\/wp\/v2\/product"}],"about":[{"href":"https:\/\/topgetestet.de\/index.php?rest_route=\/wp\/v2\/types\/product"}],"replies":[{"embeddable":true,"href":"https:\/\/topgetestet.de\/index.php?rest_route=%2Fwp%2Fv2%2Fcomments&post=5749"}],"wp:featuredmedia":[{"embeddable":true,"href":"https:\/\/topgetestet.de\/index.php?rest_route=\/wp\/v2\/media\/5750"}],"wp:attachment":[{"href":"https:\/\/topgetestet.de\/index.php?rest_route=%2Fwp%2Fv2%2Fmedia&parent=5749"}],"wp:term":[{"taxonomy":"product_cat","embeddable":true,"href":"https:\/\/topgetestet.de\/index.php?rest_route=%2Fwp%2Fv2%2Fproduct_cat&post=5749"},{"taxonomy":"product_tag","embeddable":true,"href":"https:\/\/topgetestet.de\/index.php?rest_route=%2Fwp%2Fv2%2Fproduct_tag&post=5749"}],"curies":[{"name":"wp","href":"https:\/\/api.w.org\/{rel}","templated":true}]}}