{"id":57383,"date":"2022-10-10T13:53:04","date_gmt":"2022-10-10T13:53:04","guid":{"rendered":"https:\/\/topgetestet.de\/?product=essence-flat-powder-brush-pinsel-weiss-vegan"},"modified":"2022-10-10T13:53:04","modified_gmt":"2022-10-10T13:53:04","slug":"essence-flat-powder-brush-pinsel-weiss-vegan","status":"publish","type":"product","link":"https:\/\/topgetestet.de\/?product=essence-flat-powder-brush-pinsel-weiss-vegan","title":{"rendered":"essence FLAT POWDER BRUSH, Pinsel, weiss, vegan"},"content":{"rendered":"<p>Price: <span style=\"color:#b12704\">[price_with_discount]<\/span><br \/><i><small>(as of [price_update_date] &#8211; <span class=\"wp_automatic_amazon_disclaimer\" title=\"Product prices and availability are accurate as of the date\/time indicated and are subject to change. Any price and availability information displayed on [relevant Amazon Site(s), as applicable] at the time of purchase will apply to the purchase of this product.\">Details<\/span>)<\/small><\/i><\/p>\n<p><a href=\"https:\/\/amazon.de\/dp\/B079X4QSJ1?tag=topgetestet09-21\"><img decoding=\"async\" src=\"https:\/\/i.imgur.com\/ISRHEWs.png\"><\/a><br \/>\n[ad_1]<br \/>\n <span>Ess. Brocha Para Polvos Plana<\/span> <br \/>Die flexiblen Pinselh\u00e4rchen sind optimal f\u00fcr einen sanften Puderauftrag ohne Streifen \u2013 so ist der Teint perfekt fixiert.<br \/>Der Brush mit flexiblen Pinselhaaren wurde speziell f\u00fcr gepressten oder losen Puder entwickelt. Die langen, sehr weichen Pinselhaare erm\u00f6glichen eine sanfte Applikation. Die Pinselh\u00e4rchen sind optimal f\u00fcr einen soften Auftrag ohne Streifen.<br \/>Vegan.<br \/>Wir sagen Nein zu Tierversuchen. cosnova ist mit essence und CATRICE sowohl bei PETA Deutschland als auch bei PETA international gelistet.<br \/>\n<br \/>[ad_2]<\/p>\n","protected":false},"excerpt":{"rendered":"<p>Price: [price_with_discount](as of [price_update_date] &#8211; Details) [ad_1] Ess. Brocha Para Polvos Plana Die flexiblen Pinselh\u00e4rchen sind optimal f\u00fcr einen sanften Puderauftrag ohne Streifen \u2013 so ist der Teint perfekt fixiert.Der<\/p>\n","protected":false},"featured_media":57384,"comment_status":"open","ping_status":"closed","template":"","meta":[],"product_cat":[228],"product_tag":[241],"class_list":{"0":"post-57383","1":"product","2":"type-product","3":"status-publish","4":"has-post-thumbnail","6":"product_cat-beauty","7":"product_tag-makeup-brushes-tools","9":"first","10":"instock","11":"sale","12":"shipping-taxable","13":"product-type-external"},"aioseo_notices":[],"_links":{"self":[{"href":"https:\/\/topgetestet.de\/index.php?rest_route=\/wp\/v2\/product\/57383","targetHints":{"allow":["GET"]}}],"collection":[{"href":"https:\/\/topgetestet.de\/index.php?rest_route=\/wp\/v2\/product"}],"about":[{"href":"https:\/\/topgetestet.de\/index.php?rest_route=\/wp\/v2\/types\/product"}],"replies":[{"embeddable":true,"href":"https:\/\/topgetestet.de\/index.php?rest_route=%2Fwp%2Fv2%2Fcomments&post=57383"}],"wp:featuredmedia":[{"embeddable":true,"href":"https:\/\/topgetestet.de\/index.php?rest_route=\/wp\/v2\/media\/57384"}],"wp:attachment":[{"href":"https:\/\/topgetestet.de\/index.php?rest_route=%2Fwp%2Fv2%2Fmedia&parent=57383"}],"wp:term":[{"taxonomy":"product_cat","embeddable":true,"href":"https:\/\/topgetestet.de\/index.php?rest_route=%2Fwp%2Fv2%2Fproduct_cat&post=57383"},{"taxonomy":"product_tag","embeddable":true,"href":"https:\/\/topgetestet.de\/index.php?rest_route=%2Fwp%2Fv2%2Fproduct_tag&post=57383"}],"curies":[{"name":"wp","href":"https:\/\/api.w.org\/{rel}","templated":true}]}}