{"id":56888,"date":"2022-10-09T19:50:24","date_gmt":"2022-10-09T19:50:24","guid":{"rendered":"https:\/\/topgetestet.de\/?product=gildan-herren-hemd-13"},"modified":"2022-10-09T19:50:24","modified_gmt":"2022-10-09T19:50:24","slug":"gildan-herren-hemd-13","status":"publish","type":"product","link":"https:\/\/topgetestet.de\/?product=gildan-herren-hemd-13","title":{"rendered":"Gildan Herren Hemd"},"content":{"rendered":"<p>Price: <span style=\"color:#b12704\">[price_with_discount]<\/span><br \/><i><small>(as of [price_update_date] &#8211; <span class=\"wp_automatic_amazon_disclaimer\" title=\"Product prices and availability are accurate as of the date\/time indicated and are subject to change. Any price and availability information displayed on [relevant Amazon Site(s), as applicable] at the time of purchase will apply to the purchase of this product.\">Details<\/span>)<\/small><\/i><\/p>\n<p><a href=\"https:\/\/amazon.de\/dp\/B01LZEIN4A?tag=topgetestet09-21\"><img decoding=\"async\" src=\"https:\/\/i.imgur.com\/ISRHEWs.png\"><\/a><br \/>\n[ad_1]<br \/>\n <span>Gildan ist ein f\u00fchrender Anbieter von allt\u00e4glicher Qualit\u00e4t Familienbekleidung, einschlie\u00dflich T-Shirts, Fleece, Sportshirts, Unterw\u00e4sche, Socken, Strumpfwaren und Shapewear<\/span> <br \/> Produktabmessungen \u200f : \u200e  29.21 x 22.86 x 2.03 cm; 181.44 Gramm <br \/> Im Angebot von Amazon.de seit \u200f : \u200e  13. Oktober 2017 <br \/> Hersteller \u200f : \u200e  Gildan Men&#8217;s Activewear <br \/> ASIN \u200f : \u200e  B01M1CW8NU <br \/> Modellnummer \u200f : \u200e  G64V00 <br \/> Kategorie \u200f : \u200e  Herren <\/p>\n<p>Vorgezogene Schultern f\u00fcr bessere Passform<br \/>Kragenform: V-Ausschnitt<br \/>Kurzarm<br \/>Verschluss: Zum \u00dcberziehen<br \/>100% Baumwolle; Sport Grey: 90% Baumwolle, 10% Polyester; Dark Heather: 65% Baumwolle, 35% Polyester.<br \/>T-Shirt aus Baumwolle mit V-Ausschnitt<br \/>\n<br \/>[ad_2]<\/p>\n","protected":false},"excerpt":{"rendered":"<p>Price: [price_with_discount](as of [price_update_date] &#8211; Details) [ad_1] Gildan ist ein f\u00fchrender Anbieter von allt\u00e4glicher Qualit\u00e4t Familienbekleidung, einschlie\u00dflich T-Shirts, Fleece, Sportshirts, Unterw\u00e4sche, Socken, Strumpfwaren und Shapewear Produktabmessungen \u200f : \u200e 29.21<\/p>\n","protected":false},"featured_media":56889,"comment_status":"open","ping_status":"closed","template":"","meta":[],"product_cat":[231],"product_tag":[],"class_list":{"0":"post-56888","1":"product","2":"type-product","3":"status-publish","4":"has-post-thumbnail","6":"product_cat-mens-fashion","8":"first","9":"instock","10":"shipping-taxable","11":"product-type-external"},"aioseo_notices":[],"_links":{"self":[{"href":"https:\/\/topgetestet.de\/index.php?rest_route=\/wp\/v2\/product\/56888","targetHints":{"allow":["GET"]}}],"collection":[{"href":"https:\/\/topgetestet.de\/index.php?rest_route=\/wp\/v2\/product"}],"about":[{"href":"https:\/\/topgetestet.de\/index.php?rest_route=\/wp\/v2\/types\/product"}],"replies":[{"embeddable":true,"href":"https:\/\/topgetestet.de\/index.php?rest_route=%2Fwp%2Fv2%2Fcomments&post=56888"}],"wp:featuredmedia":[{"embeddable":true,"href":"https:\/\/topgetestet.de\/index.php?rest_route=\/wp\/v2\/media\/56889"}],"wp:attachment":[{"href":"https:\/\/topgetestet.de\/index.php?rest_route=%2Fwp%2Fv2%2Fmedia&parent=56888"}],"wp:term":[{"taxonomy":"product_cat","embeddable":true,"href":"https:\/\/topgetestet.de\/index.php?rest_route=%2Fwp%2Fv2%2Fproduct_cat&post=56888"},{"taxonomy":"product_tag","embeddable":true,"href":"https:\/\/topgetestet.de\/index.php?rest_route=%2Fwp%2Fv2%2Fproduct_tag&post=56888"}],"curies":[{"name":"wp","href":"https:\/\/api.w.org\/{rel}","templated":true}]}}