{"id":55771,"date":"2022-10-08T05:33:32","date_gmt":"2022-10-08T05:33:32","guid":{"rendered":"https:\/\/topgetestet.de\/?product=mafia-definitive-edition-playstation-4"},"modified":"2022-10-08T05:33:32","modified_gmt":"2022-10-08T05:33:32","slug":"mafia-definitive-edition-playstation-4","status":"publish","type":"product","link":"https:\/\/topgetestet.de\/?product=mafia-definitive-edition-playstation-4","title":{"rendered":"Mafia: Definitive Edition &#8211; [PlayStation 4]"},"content":{"rendered":"<p>Price: <span style=\"color:#b12704\">[price_with_discount]<\/span><br \/><i><small>(as of [price_update_date] &#8211; <span class=\"wp_automatic_amazon_disclaimer\" title=\"Product prices and availability are accurate as of the date\/time indicated and are subject to change. Any price and availability information displayed on [relevant Amazon Site(s), as applicable] at the time of purchase will apply to the purchase of this product.\">Details<\/span>)<\/small><\/i><\/p>\n<p><a href=\"https:\/\/amazon.de\/dp\/B088VD1XX8?tag=topgetestet09-21\"><img decoding=\"async\" src=\"https:\/\/i.imgur.com\/ISRHEWs.png\"><\/a><br \/>\n[ad_1]<br \/>\n <span>EMPIRE BAY, 1943<\/p>\n<p>Diese lebendige Ostk\u00fcstenmetropole ist das Zuhause einiger der gr\u00f6\u00dften Wolkenkratzer und Unternehmen des Landes. Au\u00dferdem bekriegen sich hier eine Reihe krimineller Organisationen, darunter drei m\u00e4chtige Mafiafamilien, die Schmuggel, Schutzgelderpressung und Drogenhandel in der Stadt unter ihre Kontrolle bringen wollen.<\/p>\n<p>MIT DABEIVITO SCALETTA<br \/>Vitos sizilianische Familie wanderte nach Amerika aus als er sieben Jahre alt war, um dort ein neues Leben zu beginnen. Doch sein verstorbener Vater konnte die Familie nicht aus einem Leben in Armut retten, egal wie hart er arbeitete &#8230; Vito selbst hat den Amerikanischen Traum nie aufgegeben und verfolgt ihn jetzt ohne R\u00fccksicht auf das Gesetz.<\/p>\n<p>ERLEBE EINEN NEU AUFGELEGTEN KLASSIKER<br \/>Tauche in ein Gangsterleben zur goldenen Zeit des organisierten Verbrechens ein \u2013 in gro\u00dfartigen 4K.<\/p>\n<p>MACH DIE FAMILIE STOLZ<br \/>Erklimme die Karriereleiter der italienischen Mafia, indem du abwechslungsreiche Missionen abschlie\u00dft.<\/p>\n<p>ERFORSCHE EMPIRE BAY<br \/>Besuche einzigartige Viertel und denkw\u00fcrdige Wahrzeichen in und um diese gesch\u00e4ftige Stadt. <\/p>\n<p>ERLEBE DIE GANZE GESCHICHTE<br \/>Verbringe mit drei enthaltenen Erweiterungen mehr Zeit in Empire Bay und erlebe die Hauptstory aus den Perspektiven vertrauter Charaktere.<br \/>\u2022 The Betrayal of Jimmy<br \/>\u2022 Jimmy&#8217;s Vendetta<br \/>\u2022 Joe&#8217;s Adventures<br \/><\/span> <br \/> Alterseinstufung \u200f : \u200e  Einstufung ausstehend <br \/> Sprache \u200f : \u200e  Deutsch <br \/> Produktabmessungen \u200f : \u200e  17.2 x 13.4 x 1.3 cm; 100 Gramm <br \/> Erscheinungstermin \u200f : \u200e  25. September 2020 <br \/> ASIN \u200f : \u200e  B088VD1XX8 <br \/> Herstellerreferenz \u200f : \u200e  432290 <br \/> Herkunftsland \u200f : \u200e  Deutschland <\/p>\n<p>VORBESTELLER-BONUSPACK: Das Chicago-Outfit-Paket (enth\u00e4lt: die Smith V12 Limousine, eine goldene Halbautomatikpistole in Form eines Waffenskins und das Outfit &#8220;Der Don&#8221;)<br \/>\n<br \/>[ad_2]<\/p>\n","protected":false},"excerpt":{"rendered":"<p>Price: [price_with_discount](as of [price_update_date] &#8211; Details) [ad_1] EMPIRE BAY, 1943 Diese lebendige Ostk\u00fcstenmetropole ist das Zuhause einiger der gr\u00f6\u00dften Wolkenkratzer und Unternehmen des Landes. Au\u00dferdem bekriegen sich hier eine Reihe<\/p>\n","protected":false},"featured_media":55772,"comment_status":"open","ping_status":"closed","template":"","meta":[],"product_cat":[227],"product_tag":[261],"class_list":{"0":"post-55771","1":"product","2":"type-product","3":"status-publish","4":"has-post-thumbnail","6":"product_cat-gaming","7":"product_tag-playstation-legacy-games","9":"first","10":"instock","11":"shipping-taxable","12":"product-type-external"},"aioseo_notices":[],"_links":{"self":[{"href":"https:\/\/topgetestet.de\/index.php?rest_route=\/wp\/v2\/product\/55771","targetHints":{"allow":["GET"]}}],"collection":[{"href":"https:\/\/topgetestet.de\/index.php?rest_route=\/wp\/v2\/product"}],"about":[{"href":"https:\/\/topgetestet.de\/index.php?rest_route=\/wp\/v2\/types\/product"}],"replies":[{"embeddable":true,"href":"https:\/\/topgetestet.de\/index.php?rest_route=%2Fwp%2Fv2%2Fcomments&post=55771"}],"wp:featuredmedia":[{"embeddable":true,"href":"https:\/\/topgetestet.de\/index.php?rest_route=\/wp\/v2\/media\/55772"}],"wp:attachment":[{"href":"https:\/\/topgetestet.de\/index.php?rest_route=%2Fwp%2Fv2%2Fmedia&parent=55771"}],"wp:term":[{"taxonomy":"product_cat","embeddable":true,"href":"https:\/\/topgetestet.de\/index.php?rest_route=%2Fwp%2Fv2%2Fproduct_cat&post=55771"},{"taxonomy":"product_tag","embeddable":true,"href":"https:\/\/topgetestet.de\/index.php?rest_route=%2Fwp%2Fv2%2Fproduct_tag&post=55771"}],"curies":[{"name":"wp","href":"https:\/\/api.w.org\/{rel}","templated":true}]}}