{"id":55752,"date":"2022-10-08T05:30:19","date_gmt":"2022-10-08T05:30:19","guid":{"rendered":"https:\/\/topgetestet.de\/?product=nike-damen-w-dunk-low-basketballschuh"},"modified":"2022-10-08T05:30:19","modified_gmt":"2022-10-08T05:30:19","slug":"nike-damen-w-dunk-low-basketballschuh","status":"publish","type":"product","link":"https:\/\/topgetestet.de\/?product=nike-damen-w-dunk-low-basketballschuh","title":{"rendered":"Nike Damen W Dunk Low Basketballschuh"},"content":{"rendered":"<p>Price: <span style=\"color:#b12704\">[price_with_discount]<\/span><br \/><i><small>(as of [price_update_date] &#8211; <span class=\"wp_automatic_amazon_disclaimer\" title=\"Product prices and availability are accurate as of the date\/time indicated and are subject to change. Any price and availability information displayed on [relevant Amazon Site(s), as applicable] at the time of purchase will apply to the purchase of this product.\">Details<\/span>)<\/small><\/i><\/p>\n<p><a href=\"https:\/\/amazon.de\/dp\/B08QBH8HRY?tag=topgetestet09-21\"><img decoding=\"async\" src=\"https:\/\/i.imgur.com\/ISRHEWs.png\"><\/a><br \/>\n[ad_1]<br \/>\n <span>Bevor Sie eine Streetwear Ikone und ein Muss f\u00fcr Skateboards werden. Dunk begann seine Reise auf den Parkett der amerikanischen College. Das Design wurde 1985 ber\u00fchmt. Als er zusammen mit anderen farblich abgestimmten Produkten f\u00fcr die Universit\u00e4tsprogramme deb\u00fctierte. Heute Eine Auswahl dieser ber\u00fchmten Teamfarben ist zur\u00fcck, um dem 35. Jubil\u00e4um des Modells zu w\u00fcrdigen.<\/span> <br \/> Produktabmessungen \u200f : \u200e  38 x 25 x 14 cm; 699 Gramm <br \/> Im Angebot von Amazon.de seit \u200f : \u200e  10. Dezember 2020 <br \/> Hersteller \u200f : \u200e  Nike <br \/> ASIN \u200f : \u200e  B08Q9YMZBH <br \/> Modellnummer \u200f : \u200e  DD1503-101 <br \/> Kategorie \u200f : \u200e  Damen <\/p>\n<p>[ad_2]<\/p>\n","protected":false},"excerpt":{"rendered":"<p>Price: [price_with_discount](as of [price_update_date] &#8211; Details) [ad_1] Bevor Sie eine Streetwear Ikone und ein Muss f\u00fcr Skateboards werden. Dunk begann seine Reise auf den Parkett der amerikanischen College. Das Design<\/p>\n","protected":false},"featured_media":55753,"comment_status":"open","ping_status":"closed","template":"","meta":[],"product_cat":[230],"product_tag":[266],"class_list":{"0":"post-55752","1":"product","2":"type-product","3":"status-publish","4":"has-post-thumbnail","6":"product_cat-fashion","7":"product_tag-womens-fashion-sneakers","9":"first","10":"instock","11":"shipping-taxable","12":"product-type-external"},"aioseo_notices":[],"_links":{"self":[{"href":"https:\/\/topgetestet.de\/index.php?rest_route=\/wp\/v2\/product\/55752","targetHints":{"allow":["GET"]}}],"collection":[{"href":"https:\/\/topgetestet.de\/index.php?rest_route=\/wp\/v2\/product"}],"about":[{"href":"https:\/\/topgetestet.de\/index.php?rest_route=\/wp\/v2\/types\/product"}],"replies":[{"embeddable":true,"href":"https:\/\/topgetestet.de\/index.php?rest_route=%2Fwp%2Fv2%2Fcomments&post=55752"}],"wp:featuredmedia":[{"embeddable":true,"href":"https:\/\/topgetestet.de\/index.php?rest_route=\/wp\/v2\/media\/55753"}],"wp:attachment":[{"href":"https:\/\/topgetestet.de\/index.php?rest_route=%2Fwp%2Fv2%2Fmedia&parent=55752"}],"wp:term":[{"taxonomy":"product_cat","embeddable":true,"href":"https:\/\/topgetestet.de\/index.php?rest_route=%2Fwp%2Fv2%2Fproduct_cat&post=55752"},{"taxonomy":"product_tag","embeddable":true,"href":"https:\/\/topgetestet.de\/index.php?rest_route=%2Fwp%2Fv2%2Fproduct_tag&post=55752"}],"curies":[{"name":"wp","href":"https:\/\/api.w.org\/{rel}","templated":true}]}}