{"id":55742,"date":"2022-10-08T05:28:07","date_gmt":"2022-10-08T05:28:07","guid":{"rendered":"https:\/\/topgetestet.de\/?product=asics-herren-novablast-3-sneaker"},"modified":"2022-10-08T05:28:07","modified_gmt":"2022-10-08T05:28:07","slug":"asics-herren-novablast-3-sneaker","status":"publish","type":"product","link":"https:\/\/topgetestet.de\/?product=asics-herren-novablast-3-sneaker","title":{"rendered":"ASICS Herren Novablast 3 Sneaker"},"content":{"rendered":"<p>Price: <span style=\"color:#b12704\">[price_with_discount]<\/span><br \/><i><small>(as of [price_update_date] &#8211; <span class=\"wp_automatic_amazon_disclaimer\" title=\"Product prices and availability are accurate as of the date\/time indicated and are subject to change. Any price and availability information displayed on [relevant Amazon Site(s), as applicable] at the time of purchase will apply to the purchase of this product.\">Details<\/span>)<\/small><\/i><\/p>\n<p><a href=\"https:\/\/amazon.de\/dp\/B0B56S92YX?tag=topgetestet09-21\"><img decoding=\"async\" src=\"https:\/\/i.imgur.com\/ISRHEWs.png\"><\/a><br \/>\n[ad_1]<br \/>\n <span>Der Novablast \u2122 3 -Schuh ist ideal, um Ihre Trainingsziele zu erreichen, indem Sie sich zu einer klaren Mentalit\u00e4t vorantreiben. F\u00fcr die dritte Version dieser Serie wollten wir ein Gef\u00fchl von gr\u00f6\u00dferer Weichheit und Reaktivit\u00e4t unter dem Fu\u00df schaffen. Der Fersenstabilisator soll die Unterst\u00fctzung verbessern und gleichzeitig eine fl\u00fcssigere Insolvenz garantieren. Ausgestattet mit dem FF Blast \u2122 Scratch bietet der Schuh eine weichere Unterst\u00fctzung und einen energischen R\u00fcckprall. Die gr\u00f6\u00dfte Basis der Sohle schafft eine ausgewogenere Unterst\u00fctzung, die den Fu\u00df nach vorne dr\u00e4ngt.<\/span> <br \/> Verpackungsabmessungen \u200f : \u200e  32.79 x 19.8 x 12.1 cm; 580 Gramm <br \/> Im Angebot von Amazon.de seit \u200f : \u200e  27. Juni 2022 <br \/> Hersteller \u200f : \u200e  ASICS <br \/> ASIN \u200f : \u200e  B09MJWM8LR <br \/> Modellnummer \u200f : \u200e  1011B458-002 <br \/> Kategorie \u200f : \u200e  Herren <\/p>\n<p>[ad_2]<\/p>\n","protected":false},"excerpt":{"rendered":"<p>Price: [price_with_discount](as of [price_update_date] &#8211; Details) [ad_1] Der Novablast \u2122 3 -Schuh ist ideal, um Ihre Trainingsziele zu erreichen, indem Sie sich zu einer klaren Mentalit\u00e4t vorantreiben. F\u00fcr die dritte<\/p>\n","protected":false},"featured_media":55743,"comment_status":"open","ping_status":"closed","template":"","meta":[],"product_cat":[234],"product_tag":[235],"class_list":{"0":"post-55742","1":"product","2":"type-product","3":"status-publish","4":"has-post-thumbnail","6":"product_cat-shoes","7":"product_tag-mens-road-running-shoes","9":"first","10":"instock","11":"shipping-taxable","12":"product-type-external"},"aioseo_notices":[],"_links":{"self":[{"href":"https:\/\/topgetestet.de\/index.php?rest_route=\/wp\/v2\/product\/55742","targetHints":{"allow":["GET"]}}],"collection":[{"href":"https:\/\/topgetestet.de\/index.php?rest_route=\/wp\/v2\/product"}],"about":[{"href":"https:\/\/topgetestet.de\/index.php?rest_route=\/wp\/v2\/types\/product"}],"replies":[{"embeddable":true,"href":"https:\/\/topgetestet.de\/index.php?rest_route=%2Fwp%2Fv2%2Fcomments&post=55742"}],"wp:featuredmedia":[{"embeddable":true,"href":"https:\/\/topgetestet.de\/index.php?rest_route=\/wp\/v2\/media\/55743"}],"wp:attachment":[{"href":"https:\/\/topgetestet.de\/index.php?rest_route=%2Fwp%2Fv2%2Fmedia&parent=55742"}],"wp:term":[{"taxonomy":"product_cat","embeddable":true,"href":"https:\/\/topgetestet.de\/index.php?rest_route=%2Fwp%2Fv2%2Fproduct_cat&post=55742"},{"taxonomy":"product_tag","embeddable":true,"href":"https:\/\/topgetestet.de\/index.php?rest_route=%2Fwp%2Fv2%2Fproduct_tag&post=55742"}],"curies":[{"name":"wp","href":"https:\/\/api.w.org\/{rel}","templated":true}]}}