{"id":55572,"date":"2022-10-07T22:53:00","date_gmt":"2022-10-07T22:53:00","guid":{"rendered":"https:\/\/topgetestet.de\/?product=hikaro-damen-strickjacke-grobstrick"},"modified":"2022-10-07T22:53:00","modified_gmt":"2022-10-07T22:53:00","slug":"hikaro-damen-strickjacke-grobstrick","status":"publish","type":"product","link":"https:\/\/topgetestet.de\/?product=hikaro-damen-strickjacke-grobstrick","title":{"rendered":"HIKARO Damen-Strickjacke, Grobstrick"},"content":{"rendered":"<p>Price: <span style=\"color:#b12704\">[price_with_discount]<\/span><br \/><i><small>(as of [price_update_date] &#8211; <span class=\"wp_automatic_amazon_disclaimer\" title=\"Product prices and availability are accurate as of the date\/time indicated and are subject to change. Any price and availability information displayed on [relevant Amazon Site(s), as applicable] at the time of purchase will apply to the purchase of this product.\">Details<\/span>)<\/small><\/i><\/p>\n<p><a href=\"https:\/\/amazon.de\/dp\/B08LYNNFBQ?tag=topgetestet09-21\"><img decoding=\"async\" src=\"https:\/\/i.imgur.com\/ISRHEWs.png\"><\/a><br \/>\n[ad_1]<br \/>\n Um die Gesamtbewertung der Sterne und die prozentuale Aufschl\u00fcsselung nach Sternen zu berechnen, verwenden wir keinen einfachen Durchschnitt. Stattdessen ber\u00fccksichtigt unser System beispielsweise, wie aktuell eine Bewertung ist und ob der Pr\u00fcfer den Artikel bei Amazon gekauft hat. Es wurden auch Bewertungen analysiert, um die Vertrauensw\u00fcrdigkeit zu \u00fcberpr\u00fcfen. <br \/> Verpackungsabmessungen \u200f : \u200e  43.6 x 30.7 x 5.7 cm; 560 Gramm <br \/> Im Angebot von Amazon.de seit \u200f : \u200e  6. November 2020 <br \/> ASIN \u200f : \u200e  B08LYZV34L <br \/> Modellnummer \u200f : \u200e  womens oversized sweaters <br \/> Kategorie \u200f : \u200e  Damen <\/p>\n<p>Diese einfarbige Ausstattung mit langen \u00c4rmeln, geripptem Saum und offener Vorderseite, Grobstrick-Cardigan mit Relax-Passform<br \/>Langarm<br \/>100% Polyester<br \/>Pflegehinweis: Maschinelle W\u00e4sche<br \/>Modellnummer: womens oversized sweaters<br \/>Dieses warme Essential kann \u00fcber einem Pullover mit einigen Distressed Skinnies gestylt werden<br \/>Material: Hochwertiger Stoff, langlebig genug, bequem, atmungsaktiv und hautfreundlich. Keine Verformung, kein Pilling, langlebig<br \/>\n<br \/>[ad_2]<\/p>\n","protected":false},"excerpt":{"rendered":"<p>Price: [price_with_discount](as of [price_update_date] &#8211; Details) [ad_1] Um die Gesamtbewertung der Sterne und die prozentuale Aufschl\u00fcsselung nach Sternen zu berechnen, verwenden wir keinen einfachen Durchschnitt. Stattdessen ber\u00fccksichtigt unser System beispielsweise,<\/p>\n","protected":false},"featured_media":55573,"comment_status":"open","ping_status":"closed","template":"","meta":[],"product_cat":[232],"product_tag":[],"class_list":{"0":"post-55572","1":"product","2":"type-product","3":"status-publish","4":"has-post-thumbnail","6":"product_cat-women-fashion","8":"first","9":"instock","10":"shipping-taxable","11":"product-type-external"},"aioseo_notices":[],"_links":{"self":[{"href":"https:\/\/topgetestet.de\/index.php?rest_route=\/wp\/v2\/product\/55572","targetHints":{"allow":["GET"]}}],"collection":[{"href":"https:\/\/topgetestet.de\/index.php?rest_route=\/wp\/v2\/product"}],"about":[{"href":"https:\/\/topgetestet.de\/index.php?rest_route=\/wp\/v2\/types\/product"}],"replies":[{"embeddable":true,"href":"https:\/\/topgetestet.de\/index.php?rest_route=%2Fwp%2Fv2%2Fcomments&post=55572"}],"wp:featuredmedia":[{"embeddable":true,"href":"https:\/\/topgetestet.de\/index.php?rest_route=\/wp\/v2\/media\/55573"}],"wp:attachment":[{"href":"https:\/\/topgetestet.de\/index.php?rest_route=%2Fwp%2Fv2%2Fmedia&parent=55572"}],"wp:term":[{"taxonomy":"product_cat","embeddable":true,"href":"https:\/\/topgetestet.de\/index.php?rest_route=%2Fwp%2Fv2%2Fproduct_cat&post=55572"},{"taxonomy":"product_tag","embeddable":true,"href":"https:\/\/topgetestet.de\/index.php?rest_route=%2Fwp%2Fv2%2Fproduct_tag&post=55572"}],"curies":[{"name":"wp","href":"https:\/\/api.w.org\/{rel}","templated":true}]}}