{"id":5510,"date":"2022-08-31T18:01:10","date_gmt":"2022-08-31T18:01:10","guid":{"rendered":"https:\/\/topgetestet.de\/?product=adidas-herren-runfalcon-2-0-tr-running-shoe"},"modified":"2022-08-31T18:01:10","modified_gmt":"2022-08-31T18:01:10","slug":"adidas-herren-runfalcon-2-0-tr-running-shoe","status":"publish","type":"product","link":"https:\/\/topgetestet.de\/?product=adidas-herren-runfalcon-2-0-tr-running-shoe","title":{"rendered":"adidas Herren Runfalcon 2.0 Tr Running Shoe"},"content":{"rendered":"<p>Price: <span style=\"color:#b12704\">[price_with_discount]<\/span><br \/><i><small>(as of [price_update_date] &#8211; <span class=\"wp_automatic_amazon_disclaimer\" title=\"Product prices and availability are accurate as of the date\/time indicated and are subject to change. Any price and availability information displayed on [relevant Amazon Site(s), as applicable] at the time of purchase will apply to the purchase of this product.\">Details<\/span>)<\/small><\/i><\/p>\n<p><a href=\"https:\/\/amazon.de\/dp\/B08PVV8V6Q?tag=topgetestet09-21\"><img decoding=\"async\" src=\"https:\/\/i.imgur.com\/ISRHEWs.png\"><\/a><br \/>\n[ad_1]<br \/>\n <span>Der Runfalcon 2.0 Tr ist der ideale Laufschuh f\u00fcr Anf\u00e4nger im Gel\u00e4nde. Das atmungsaktive und strapazierf\u00e4hige Mesh Obermaterial sorgt f\u00fcr eine optimale Bel\u00fcftung. Die Gummiau\u00dfensohle sorgt f\u00fcr einen guten Grip und verleiht dir die notwendige Stabilit\u00e4t beim Laufen. Das besonders leichte Design und der bequeme Schnitt erm\u00f6glichen einen hohen Tragekomfort.<\/span> <br \/> Sprache \u200f : \u200e  Englisch, Englisch, Englisch, Englisch, Englisch <br \/> Verpackungsabmessungen \u200f : \u200e  31 x 21.6 x 12 cm; 750 Gramm <br \/> Im Angebot von Amazon.de seit \u200f : \u200e  11. Juni 2021 <br \/> Hersteller \u200f : \u200e  adidas <br \/> ASIN \u200f : \u200e  B0972ZX7YM <br \/> Modellnummer \u200f : \u200e  H04544 <br \/> Kategorie \u200f : \u200e  Herren <\/p>\n<p>[ad_2]<\/p>\n","protected":false},"excerpt":{"rendered":"<p>Price: [price_with_discount](as of [price_update_date] &#8211; Details) [ad_1] Der Runfalcon 2.0 Tr ist der ideale Laufschuh f\u00fcr Anf\u00e4nger im Gel\u00e4nde. Das atmungsaktive und strapazierf\u00e4hige Mesh Obermaterial sorgt f\u00fcr eine optimale Bel\u00fcftung.<\/p>\n","protected":false},"featured_media":5511,"comment_status":"open","ping_status":"closed","template":"","meta":[],"product_cat":[234],"product_tag":[235],"class_list":{"0":"post-5510","1":"product","2":"type-product","3":"status-publish","4":"has-post-thumbnail","6":"product_cat-shoes","7":"product_tag-mens-road-running-shoes","9":"first","10":"instock","11":"shipping-taxable","12":"product-type-external"},"aioseo_notices":[],"_links":{"self":[{"href":"https:\/\/topgetestet.de\/index.php?rest_route=\/wp\/v2\/product\/5510","targetHints":{"allow":["GET"]}}],"collection":[{"href":"https:\/\/topgetestet.de\/index.php?rest_route=\/wp\/v2\/product"}],"about":[{"href":"https:\/\/topgetestet.de\/index.php?rest_route=\/wp\/v2\/types\/product"}],"replies":[{"embeddable":true,"href":"https:\/\/topgetestet.de\/index.php?rest_route=%2Fwp%2Fv2%2Fcomments&post=5510"}],"wp:featuredmedia":[{"embeddable":true,"href":"https:\/\/topgetestet.de\/index.php?rest_route=\/wp\/v2\/media\/5511"}],"wp:attachment":[{"href":"https:\/\/topgetestet.de\/index.php?rest_route=%2Fwp%2Fv2%2Fmedia&parent=5510"}],"wp:term":[{"taxonomy":"product_cat","embeddable":true,"href":"https:\/\/topgetestet.de\/index.php?rest_route=%2Fwp%2Fv2%2Fproduct_cat&post=5510"},{"taxonomy":"product_tag","embeddable":true,"href":"https:\/\/topgetestet.de\/index.php?rest_route=%2Fwp%2Fv2%2Fproduct_tag&post=5510"}],"curies":[{"name":"wp","href":"https:\/\/api.w.org\/{rel}","templated":true}]}}