{"id":5495,"date":"2022-08-31T17:57:08","date_gmt":"2022-08-31T17:57:08","guid":{"rendered":"https:\/\/topgetestet.de\/?product=saucony-endorphin-shift-2-reflexion-laufschuhe-ss22"},"modified":"2022-08-31T17:57:08","modified_gmt":"2022-08-31T17:57:08","slug":"saucony-endorphin-shift-2-reflexion-laufschuhe-ss22","status":"publish","type":"product","link":"https:\/\/topgetestet.de\/?product=saucony-endorphin-shift-2-reflexion-laufschuhe-ss22","title":{"rendered":"Saucony Endorphin Shift 2 Reflexion Laufschuhe &#8211; SS22"},"content":{"rendered":"<p>Price: <span style=\"color:#b12704\">[price_with_discount]<\/span><br \/><i><small>(as of [price_update_date] &#8211; <span class=\"wp_automatic_amazon_disclaimer\" title=\"Product prices and availability are accurate as of the date\/time indicated and are subject to change. Any price and availability information displayed on [relevant Amazon Site(s), as applicable] at the time of purchase will apply to the purchase of this product.\">Details<\/span>)<\/small><\/i><\/p>\n<p><a href=\"https:\/\/amazon.de\/dp\/B09DPQHL9K?tag=topgetestet09-21\"><img decoding=\"async\" src=\"https:\/\/i.imgur.com\/ISRHEWs.png\"><\/a><br \/>\n[ad_1]<br \/>\n <span>Saucony Endorphin Shift 2 Laufschuhe Diese Schuhe kombinieren ein weiches Fu\u00dfbett mit PWRRUN D\u00e4mpfung mit vorantreibender SPEEDROLL Technologie f\u00fcr mehr Komfort und Tempo. Atmungsaktives Mesh Die Endorphin Shift 2 wurden mit einer atmungsaktiven Mesh Obersohle ausgestattet, die f\u00fcr atmungsaktiven Komfort den ganzen Tag lang sorgt. Das perforierte Mesh l\u00e4sst k\u00fchle Luft durch den Schuh flie\u00dfen, w\u00e4hrend es gleichzeitig warme, stickige Luft nach au\u00dfen f\u00fchrt. Dadurch f\u00fchlen sich deine F\u00fc\u00dfe stets angenehm k\u00fchl und trocken an. Kunststoff Overlays verleihen der Konstruktion bessere Struktur und st\u00e4rkere Haltbarkeit. Dabei wird die nat\u00fcrliche Bewegung des Fu\u00dfes gef\u00f6rdert ohne Kompromisse beim Support. Zus\u00e4tzlich erh\u00f6ht die Zehenkappe den Halt und bietet deinem Fu\u00df eine feste Struktur. PWRRUN D\u00e4mpfung Saucony hat eine Zwischensohle entwickelt, die dir mit innovativer PWRRUN Technologie eine Sohlend\u00e4mpfung der n\u00e4chsten Generation bietet. Die Technologie sorgt f\u00fcr eine federnde D\u00e4mpfung bei geringem Gewicht, die deine F\u00fc\u00dfe ganzheitlich komfortabel halten. W\u00e4hrend dir die weiche D\u00e4mpfung eine stabile Basis f\u00fcr deinen Laufzyklus gibt, treibt dich die Speedroll Technologie konsequent nach vorne. Speedroll gibt dir ein kontinuierliches Momentum, damit du schneller rennst, ohne dich dabei mehr anstrengen zu m\u00fcssen. Das Mittelfu\u00dfband aus Gummi bietet dir zus\u00e4tzlichen Halt und Struktur; ideal f\u00fcr L\u00e4ufer mit \u00dcberpronation. Robuste Gummi Au\u00dfensohle. Die Schuhe sind mit robuster Gummisohle ausgestattet, die entworfen wurde, um dir die volle Kontrolle auf der Stra\u00dfe zu geben. Der Gummi formt eine solide Verbindung mit einer gro\u00dfen Bandbreite an Oberfl\u00e4chen. Dadurch hast du eine feste Basis, um dich abzusto\u00dfen, was deinen Laufzyklus effektiver macht. Die multidirektionalen Rillen sind strategisch angeordnet und bieten dir sicheren Stand. Au\u00dferdem erh\u00f6hen sie die Effizienz des Absto\u00dfens, Auftretens sowie von Richtungs\u00e4nderungen. Dur<\/span> <br \/> Verpackungsabmessungen \u200f : \u200e  33.9 x 21.5 x 12.2 cm; 295 Gramm <br \/> Im Angebot von Amazon.de seit \u200f : \u200e  18. Januar 2022 <br \/> ASIN \u200f : \u200e  B09DPPCZ38 <br \/> Modellnummer \u200f : \u200e  S20689-60 <br \/> Kategorie \u200f : \u200e  Herren <\/p>\n<p>Innenmaterial: Synthetik<br \/>Sohle: Synthetik<br \/>Verschluss: Schn\u00fcrung<br \/>Absatzh\u00f6he: 38 Millimeter<br \/>Materialzusammensetzung: Synthetic<br \/>Schuhweite: D<br \/>\n<br \/>[ad_2]<\/p>\n","protected":false},"excerpt":{"rendered":"<p>Price: [price_with_discount](as of [price_update_date] &#8211; Details) [ad_1] Saucony Endorphin Shift 2 Laufschuhe Diese Schuhe kombinieren ein weiches Fu\u00dfbett mit PWRRUN D\u00e4mpfung mit vorantreibender SPEEDROLL Technologie f\u00fcr mehr Komfort und Tempo.<\/p>\n","protected":false},"featured_media":5496,"comment_status":"open","ping_status":"closed","template":"","meta":[],"product_cat":[234],"product_tag":[235],"class_list":{"0":"post-5495","1":"product","2":"type-product","3":"status-publish","4":"has-post-thumbnail","6":"product_cat-shoes","7":"product_tag-mens-road-running-shoes","9":"first","10":"instock","11":"shipping-taxable","12":"product-type-external"},"aioseo_notices":[],"_links":{"self":[{"href":"https:\/\/topgetestet.de\/index.php?rest_route=\/wp\/v2\/product\/5495","targetHints":{"allow":["GET"]}}],"collection":[{"href":"https:\/\/topgetestet.de\/index.php?rest_route=\/wp\/v2\/product"}],"about":[{"href":"https:\/\/topgetestet.de\/index.php?rest_route=\/wp\/v2\/types\/product"}],"replies":[{"embeddable":true,"href":"https:\/\/topgetestet.de\/index.php?rest_route=%2Fwp%2Fv2%2Fcomments&post=5495"}],"wp:featuredmedia":[{"embeddable":true,"href":"https:\/\/topgetestet.de\/index.php?rest_route=\/wp\/v2\/media\/5496"}],"wp:attachment":[{"href":"https:\/\/topgetestet.de\/index.php?rest_route=%2Fwp%2Fv2%2Fmedia&parent=5495"}],"wp:term":[{"taxonomy":"product_cat","embeddable":true,"href":"https:\/\/topgetestet.de\/index.php?rest_route=%2Fwp%2Fv2%2Fproduct_cat&post=5495"},{"taxonomy":"product_tag","embeddable":true,"href":"https:\/\/topgetestet.de\/index.php?rest_route=%2Fwp%2Fv2%2Fproduct_tag&post=5495"}],"curies":[{"name":"wp","href":"https:\/\/api.w.org\/{rel}","templated":true}]}}