{"id":52239,"date":"2022-10-05T00:54:17","date_gmt":"2022-10-05T00:54:17","guid":{"rendered":"https:\/\/topgetestet.de\/?product=find-herren-poloshirt"},"modified":"2022-10-05T00:54:17","modified_gmt":"2022-10-05T00:54:17","slug":"find-herren-poloshirt","status":"publish","type":"product","link":"https:\/\/topgetestet.de\/?product=find-herren-poloshirt","title":{"rendered":"find. Herren Poloshirt"},"content":{"rendered":"<p>Price: <span style=\"color:#b12704\">[price_with_discount]<\/span><br \/><i><small>(as of [price_update_date] &#8211; <span class=\"wp_automatic_amazon_disclaimer\" title=\"Product prices and availability are accurate as of the date\/time indicated and are subject to change. Any price and availability information displayed on [relevant Amazon Site(s), as applicable] at the time of purchase will apply to the purchase of this product.\">Details<\/span>)<\/small><\/i><\/p>\n<p><a href=\"https:\/\/amazon.de\/dp\/B06XCJXV7T?tag=topgetestet09-21\"><img decoding=\"async\" src=\"https:\/\/i.imgur.com\/ISRHEWs.png\"><\/a><br \/>\n[ad_1]<br \/>\n <span>Jede Garderobe braucht ihn, den eleganten Allesk\u00f6nner, der auf der Party am Abend und im B\u00fcro gleicherma\u00dfen funktioniert. Ein solcher Allrounder ist dieses Poloshirt mit trendigen Sportstreifen an \u00c4rmeln und Kragen. Tragen Sie dazu eine enge Jeans und Sneaker und fertig ist der angesagte Look f\u00fcr alle F\u00e4lle.<\/span>  <br \/> Package Dimensions                                    \u200f                                        :                                    \u200e                                 24 x 17.4 x 5 cm; 240 Grams <br \/> Date First Available                                    \u200f                                        :                                    \u200e                                 5 Mar. 2018 <br \/> Manufacturer                                    \u200f                                        :                                    \u200e                                 Activewear <br \/> ASIN                                    \u200f                                        :                                    \u200e                                 B06XCHVHS6 <br \/> Item model number                                    \u200f                                        :                                    \u200e                                 MCB4 <br \/> Department                                    \u200f                                        :                                    \u200e                                 Men&#8217;s <\/p>\n<p>Collar Style: Polo-Kragen<br \/>Kurzarm<br \/>Closure: Knopf<br \/>100% Cotton<br \/>K\u00f6rpernahe Passform<br \/>Model: MCB4<br \/>\n<br \/>[ad_2]<\/p>\n","protected":false},"excerpt":{"rendered":"<p>Price: [price_with_discount](as of [price_update_date] &#8211; Details) [ad_1] Jede Garderobe braucht ihn, den eleganten Allesk\u00f6nner, der auf der Party am Abend und im B\u00fcro gleicherma\u00dfen funktioniert. Ein solcher Allrounder ist dieses<\/p>\n","protected":false},"featured_media":52240,"comment_status":"open","ping_status":"closed","template":"","meta":[],"product_cat":[231],"product_tag":[],"class_list":{"0":"post-52239","1":"product","2":"type-product","3":"status-publish","4":"has-post-thumbnail","6":"product_cat-mens-fashion","8":"first","9":"instock","10":"shipping-taxable","11":"product-type-external"},"aioseo_notices":[],"_links":{"self":[{"href":"https:\/\/topgetestet.de\/index.php?rest_route=\/wp\/v2\/product\/52239","targetHints":{"allow":["GET"]}}],"collection":[{"href":"https:\/\/topgetestet.de\/index.php?rest_route=\/wp\/v2\/product"}],"about":[{"href":"https:\/\/topgetestet.de\/index.php?rest_route=\/wp\/v2\/types\/product"}],"replies":[{"embeddable":true,"href":"https:\/\/topgetestet.de\/index.php?rest_route=%2Fwp%2Fv2%2Fcomments&post=52239"}],"wp:featuredmedia":[{"embeddable":true,"href":"https:\/\/topgetestet.de\/index.php?rest_route=\/wp\/v2\/media\/52240"}],"wp:attachment":[{"href":"https:\/\/topgetestet.de\/index.php?rest_route=%2Fwp%2Fv2%2Fmedia&parent=52239"}],"wp:term":[{"taxonomy":"product_cat","embeddable":true,"href":"https:\/\/topgetestet.de\/index.php?rest_route=%2Fwp%2Fv2%2Fproduct_cat&post=52239"},{"taxonomy":"product_tag","embeddable":true,"href":"https:\/\/topgetestet.de\/index.php?rest_route=%2Fwp%2Fv2%2Fproduct_tag&post=52239"}],"curies":[{"name":"wp","href":"https:\/\/api.w.org\/{rel}","templated":true}]}}