{"id":51931,"date":"2022-10-04T00:52:06","date_gmt":"2022-10-04T00:52:06","guid":{"rendered":"https:\/\/topgetestet.de\/?product=minus-damen-maranola-strickpullover-mit-v-ausschnitt"},"modified":"2022-10-04T00:52:06","modified_gmt":"2022-10-04T00:52:06","slug":"minus-damen-maranola-strickpullover-mit-v-ausschnitt","status":"publish","type":"product","link":"https:\/\/topgetestet.de\/?product=minus-damen-maranola-strickpullover-mit-v-ausschnitt","title":{"rendered":"Minus Damen Maranola Strickpullover Mit V-Ausschnitt"},"content":{"rendered":"<p>Price: <span style=\"color:#b12704\">[price_with_discount]<\/span><br \/><i><small>(as of [price_update_date] &#8211; <span class=\"wp_automatic_amazon_disclaimer\" title=\"Product prices and availability are accurate as of the date\/time indicated and are subject to change. Any price and availability information displayed on [relevant Amazon Site(s), as applicable] at the time of purchase will apply to the purchase of this product.\">Details<\/span>)<\/small><\/i><\/p>\n<p><a href=\"https:\/\/amazon.de\/dp\/B09GPSB3RJ?tag=topgetestet09-21\"><img decoding=\"async\" src=\"https:\/\/i.imgur.com\/ISRHEWs.png\"><\/a><br \/>\n[ad_1]<br \/>\n <span>Der Maranola Strickpullover mit V-Ausschnitt ist ein wundersch\u00f6nes Modell. Der Pullover hat einen sehr femininen tiefen Ausschnitt und lange volumin\u00f6se \u00c4rmel. Passform: Normale Qualit\u00e4t: 52 % Viskose (EcoVero\u2122), 28 % Polyester, 20 % Nylon<\/span> <br \/> Verpackungsabmessungen \u200f : \u200e  56.29 x 30.3 x 3.8 cm; 125 Gramm <br \/> Im Angebot von Amazon.de seit \u200f : \u200e  20. September 2021 <br \/> Hersteller \u200f : \u200e  Redefined Fashion <br \/> ASIN \u200f : \u200e  B09GPQD85T <br \/> Modellnummer \u200f : \u200e  MI4199 <br \/> Kategorie \u200f : \u200e  Damen <\/p>\n<p>Halten Sie sich zugleich warm und stilvoll<br \/>Langarm<br \/>Verschluss: Pull-on<br \/>52% Viskose, 28% Polyester, 20% Nylon<br \/>Maranola V-neck knit pullover<br \/>Pflegehinweis: Maschinenw\u00e4sche<br \/>\n<br \/>[ad_2]<\/p>\n","protected":false},"excerpt":{"rendered":"<p>Price: [price_with_discount](as of [price_update_date] &#8211; Details) [ad_1] Der Maranola Strickpullover mit V-Ausschnitt ist ein wundersch\u00f6nes Modell. Der Pullover hat einen sehr femininen tiefen Ausschnitt und lange volumin\u00f6se \u00c4rmel. Passform: Normale<\/p>\n","protected":false},"featured_media":51932,"comment_status":"open","ping_status":"closed","template":"","meta":[],"product_cat":[232],"product_tag":[],"class_list":{"0":"post-51931","1":"product","2":"type-product","3":"status-publish","4":"has-post-thumbnail","6":"product_cat-women-fashion","8":"first","9":"instock","10":"shipping-taxable","11":"product-type-external"},"aioseo_notices":[],"_links":{"self":[{"href":"https:\/\/topgetestet.de\/index.php?rest_route=\/wp\/v2\/product\/51931","targetHints":{"allow":["GET"]}}],"collection":[{"href":"https:\/\/topgetestet.de\/index.php?rest_route=\/wp\/v2\/product"}],"about":[{"href":"https:\/\/topgetestet.de\/index.php?rest_route=\/wp\/v2\/types\/product"}],"replies":[{"embeddable":true,"href":"https:\/\/topgetestet.de\/index.php?rest_route=%2Fwp%2Fv2%2Fcomments&post=51931"}],"wp:featuredmedia":[{"embeddable":true,"href":"https:\/\/topgetestet.de\/index.php?rest_route=\/wp\/v2\/media\/51932"}],"wp:attachment":[{"href":"https:\/\/topgetestet.de\/index.php?rest_route=%2Fwp%2Fv2%2Fmedia&parent=51931"}],"wp:term":[{"taxonomy":"product_cat","embeddable":true,"href":"https:\/\/topgetestet.de\/index.php?rest_route=%2Fwp%2Fv2%2Fproduct_cat&post=51931"},{"taxonomy":"product_tag","embeddable":true,"href":"https:\/\/topgetestet.de\/index.php?rest_route=%2Fwp%2Fv2%2Fproduct_tag&post=51931"}],"curies":[{"name":"wp","href":"https:\/\/api.w.org\/{rel}","templated":true}]}}