{"id":49001,"date":"2022-10-01T15:47:01","date_gmt":"2022-10-01T15:47:01","guid":{"rendered":"https:\/\/topgetestet.de\/?post_type=product&#038;p=49001"},"modified":"2022-10-01T15:47:01","modified_gmt":"2022-10-01T15:47:01","slug":"fur-d5100-secure-dslr-sd-speicherkarte-abdeckung-kammer-reparatur-teil","status":"publish","type":"product","link":"https:\/\/topgetestet.de\/?product=fur-d5100-secure-dslr-sd-speicherkarte-abdeckung-kammer-reparatur-teil","title":{"rendered":"F\u00fcr D5100 Secure DSLR SD Speicherkarte Abdeckung Kammer Reparatur Teil"},"content":{"rendered":"<p>Price: <span style=\"color:#b12704\">[price_with_discount]<\/span><br \/><i><small>(as of [price_update_date] &#8211; <span class=\"wp_automatic_amazon_disclaimer\" title=\"Product prices and availability are accurate as of the date\/time indicated and are subject to change. Any price and availability information displayed on [relevant Amazon Site(s), as applicable] at the time of purchase will apply to the purchase of this product.\">Details<\/span>)<\/small><\/i><\/p>\n<p><a href=\"https:\/\/amazon.de\/dp\/B07RNQJ2ZM?tag=topgetestet09-21\"><img decoding=\"async\" src=\"https:\/\/i.imgur.com\/ISRHEWs.png\"><\/a><br \/>\n[ad_1]<br \/>\n <br \/>Kompatibel mit D5100 Digitalkameras.<br \/>Hergestellt aus hochwertigem PVC-Kunststoff f\u00fcr Langlebigkeit.<br \/>Perfekter Ersatz f\u00fcr besch\u00e4digtes gebrochenes Teil.<br \/>Sanp-on-Design f\u00fcr einfaches Entfernen und Installieren.<br \/>\n<br \/>[ad_2]<\/p>\n","protected":false},"excerpt":{"rendered":"<p>Price: [price_with_discount](as of [price_update_date] &#8211; Details) [ad_1] Kompatibel mit D5100 Digitalkameras.Hergestellt aus hochwertigem PVC-Kunststoff f\u00fcr Langlebigkeit.Perfekter Ersatz f\u00fcr besch\u00e4digtes gebrochenes Teil.Sanp-on-Design f\u00fcr einfaches Entfernen und Installieren. [ad_2]<\/p>\n","protected":false},"featured_media":49002,"comment_status":"open","ping_status":"closed","template":"","meta":[],"product_cat":[226],"product_tag":[245],"class_list":{"0":"post-49001","1":"product","2":"type-product","3":"status-publish","4":"has-post-thumbnail","6":"product_cat-cameras","7":"product_tag-dslr-cameras","9":"first","10":"instock","11":"shipping-taxable","12":"product-type-external"},"aioseo_notices":[],"_links":{"self":[{"href":"https:\/\/topgetestet.de\/index.php?rest_route=\/wp\/v2\/product\/49001","targetHints":{"allow":["GET"]}}],"collection":[{"href":"https:\/\/topgetestet.de\/index.php?rest_route=\/wp\/v2\/product"}],"about":[{"href":"https:\/\/topgetestet.de\/index.php?rest_route=\/wp\/v2\/types\/product"}],"replies":[{"embeddable":true,"href":"https:\/\/topgetestet.de\/index.php?rest_route=%2Fwp%2Fv2%2Fcomments&post=49001"}],"wp:featuredmedia":[{"embeddable":true,"href":"https:\/\/topgetestet.de\/index.php?rest_route=\/wp\/v2\/media\/49002"}],"wp:attachment":[{"href":"https:\/\/topgetestet.de\/index.php?rest_route=%2Fwp%2Fv2%2Fmedia&parent=49001"}],"wp:term":[{"taxonomy":"product_cat","embeddable":true,"href":"https:\/\/topgetestet.de\/index.php?rest_route=%2Fwp%2Fv2%2Fproduct_cat&post=49001"},{"taxonomy":"product_tag","embeddable":true,"href":"https:\/\/topgetestet.de\/index.php?rest_route=%2Fwp%2Fv2%2Fproduct_tag&post=49001"}],"curies":[{"name":"wp","href":"https:\/\/api.w.org\/{rel}","templated":true}]}}