{"id":47716,"date":"2022-09-30T19:57:30","date_gmt":"2022-09-30T19:57:30","guid":{"rendered":"https:\/\/topgetestet.de\/?product=s-oliver-damen-kette-mit-anhanger-edelstahl"},"modified":"2022-09-30T19:57:30","modified_gmt":"2022-09-30T19:57:30","slug":"s-oliver-damen-kette-mit-anhanger-edelstahl","status":"publish","type":"product","link":"https:\/\/topgetestet.de\/?product=s-oliver-damen-kette-mit-anhanger-edelstahl","title":{"rendered":"s.Oliver Damen Kette mit Anh\u00e4nger, Edelstahl"},"content":{"rendered":"<p>Price: <span style=\"color:#b12704\">[price_with_discount]<\/span><br \/><i><small>(as of [price_update_date] &#8211; <span class=\"wp_automatic_amazon_disclaimer\" title=\"Product prices and availability are accurate as of the date\/time indicated and are subject to change. Any price and availability information displayed on [relevant Amazon Site(s), as applicable] at the time of purchase will apply to the purchase of this product.\">Details<\/span>)<\/small><\/i><\/p>\n<p><a href=\"https:\/\/amazon.de\/dp\/B01N7NEWID?tag=topgetestet09-21\"><img decoding=\"async\" src=\"https:\/\/i.imgur.com\/ISRHEWs.png\"><\/a><br \/>\n[ad_1]<br \/>\n <span>Dieses traumhafte Schmuckst\u00fcck aus Edelstahl bringt Glanz und Glamour ins Dekollet\u00e9 mit einer besonders edlen Ausstrahlung. Die strahlenden Kristalle sind dabei echte Hingucker, die den runden Anh\u00e4nger an der l\u00e4ngenverstellbaren Ankerkette (42+3 cm) perfekt in Szene setzen.<\/span> <br \/> Im Angebot von Amazon.de seit \u200f : \u200e  28. August 2020 <br \/> Hersteller \u200f : \u200e  s.Oliver <br \/> ASIN \u200f : \u200e  B08GXV2MH9 <\/p>\n<p>[ad_2]<\/p>\n","protected":false},"excerpt":{"rendered":"<p>Price: [price_with_discount](as of [price_update_date] &#8211; Details) [ad_1] Dieses traumhafte Schmuckst\u00fcck aus Edelstahl bringt Glanz und Glamour ins Dekollet\u00e9 mit einer besonders edlen Ausstrahlung. Die strahlenden Kristalle sind dabei echte Hingucker,<\/p>\n","protected":false},"featured_media":47717,"comment_status":"open","ping_status":"closed","template":"","meta":[],"product_cat":[232],"product_tag":[],"class_list":{"0":"post-47716","1":"product","2":"type-product","3":"status-publish","4":"has-post-thumbnail","6":"product_cat-women-fashion","8":"first","9":"instock","10":"sale","11":"shipping-taxable","12":"product-type-external"},"aioseo_notices":[],"_links":{"self":[{"href":"https:\/\/topgetestet.de\/index.php?rest_route=\/wp\/v2\/product\/47716","targetHints":{"allow":["GET"]}}],"collection":[{"href":"https:\/\/topgetestet.de\/index.php?rest_route=\/wp\/v2\/product"}],"about":[{"href":"https:\/\/topgetestet.de\/index.php?rest_route=\/wp\/v2\/types\/product"}],"replies":[{"embeddable":true,"href":"https:\/\/topgetestet.de\/index.php?rest_route=%2Fwp%2Fv2%2Fcomments&post=47716"}],"wp:featuredmedia":[{"embeddable":true,"href":"https:\/\/topgetestet.de\/index.php?rest_route=\/wp\/v2\/media\/47717"}],"wp:attachment":[{"href":"https:\/\/topgetestet.de\/index.php?rest_route=%2Fwp%2Fv2%2Fmedia&parent=47716"}],"wp:term":[{"taxonomy":"product_cat","embeddable":true,"href":"https:\/\/topgetestet.de\/index.php?rest_route=%2Fwp%2Fv2%2Fproduct_cat&post=47716"},{"taxonomy":"product_tag","embeddable":true,"href":"https:\/\/topgetestet.de\/index.php?rest_route=%2Fwp%2Fv2%2Fproduct_tag&post=47716"}],"curies":[{"name":"wp","href":"https:\/\/api.w.org\/{rel}","templated":true}]}}