{"id":47542,"date":"2022-09-30T18:19:08","date_gmt":"2022-09-30T18:19:08","guid":{"rendered":"https:\/\/topgetestet.de\/?product=medienfernbedienung-playstation-5"},"modified":"2022-09-30T18:19:08","modified_gmt":"2022-09-30T18:19:08","slug":"medienfernbedienung-playstation-5","status":"publish","type":"product","link":"https:\/\/topgetestet.de\/?product=medienfernbedienung-playstation-5","title":{"rendered":"Medienfernbedienung [PlayStation 5]"},"content":{"rendered":"<p>Price: <span style=\"color:#b12704\">[price_with_discount]<\/span><br \/><i><small>(as of [price_update_date] &#8211; <span class=\"wp_automatic_amazon_disclaimer\" title=\"Product prices and availability are accurate as of the date\/time indicated and are subject to change. Any price and availability information displayed on [relevant Amazon Site(s), as applicable] at the time of purchase will apply to the purchase of this product.\">Details<\/span>)<\/small><\/i><\/p>\n<p><a href=\"https:\/\/amazon.de\/dp\/B08H96W864?tag=topgetestet09-21\"><img decoding=\"async\" src=\"https:\/\/i.imgur.com\/ISRHEWs.png\"><\/a><br \/>\n[ad_1]<br \/>\n <span>Internetverbindung und PlayStation Network-Konto erforderlich. Kontoinhaber m\u00fcssen mindestens 7 Jahre alt sein, Personen unter 18 Jahren ben\u00f6tigen die Zustimmung eines Erziehungsberechtigten. Es gelten die vollst\u00e4ndigen Nutzungsbedingungen: playstation.com\/PSNTerms. F\u00fcr Streamingdienste ist ein Drittanbieter-Konto erforderlich.<\/span> <br \/> Batterien \u200f : \u200e  2 AA Batterien erforderlich (enthalten). <br \/> Alterseinstufung \u200f : \u200e  Nicht gepr\u00fcft <br \/> Sprache \u200f : \u200e  Englisch <br \/> Produktabmessungen \u200f : \u200e  8.5 x 4 x 19 cm; 100 Gramm <br \/> Erscheinungstermin \u200f : \u200e  12. November 2020 <br \/> ASIN \u200f : \u200e  B08H96W864 <br \/> Modellnummer \u200f : \u200e  9801122 <br \/> Herkunftsland \u200f : \u200e  Deutschland <\/p>\n<p>Navigiere schnell in Medien mit den integrierten Tasten f\u00fcr Wiedergabe, Pause, schnellen Vorlauf und schnellen R\u00fccklauf<br \/>Schalte deine PS5-Konsole ein und navigiere direkt mit der Fernbedienung durch die Men\u00fcs f\u00fcr ein ultimativ praktisches Erlebnis.<br \/>Passe die Lautst\u00e4rke und Energieeinstellungen kompatibler Fernseher \u00fcber den integrierten Infrarotsender an.<br \/>Lieferumfang: Medienfernbedienung, Zwei AA-Batterien, Bedienungsanleitung<br \/>\n<br \/>[ad_2]<\/p>\n","protected":false},"excerpt":{"rendered":"<p>Price: [price_with_discount](as of [price_update_date] &#8211; Details) [ad_1] Internetverbindung und PlayStation Network-Konto erforderlich. Kontoinhaber m\u00fcssen mindestens 7 Jahre alt sein, Personen unter 18 Jahren ben\u00f6tigen die Zustimmung eines Erziehungsberechtigten. Es gelten<\/p>\n","protected":false},"featured_media":47543,"comment_status":"open","ping_status":"closed","template":"","meta":[],"product_cat":[227],"product_tag":[264],"class_list":{"0":"post-47542","1":"product","2":"type-product","3":"status-publish","4":"has-post-thumbnail","6":"product_cat-gaming","7":"product_tag-playstation-4-accessories","9":"first","10":"instock","11":"sale","12":"shipping-taxable","13":"product-type-external"},"aioseo_notices":[],"_links":{"self":[{"href":"https:\/\/topgetestet.de\/index.php?rest_route=\/wp\/v2\/product\/47542","targetHints":{"allow":["GET"]}}],"collection":[{"href":"https:\/\/topgetestet.de\/index.php?rest_route=\/wp\/v2\/product"}],"about":[{"href":"https:\/\/topgetestet.de\/index.php?rest_route=\/wp\/v2\/types\/product"}],"replies":[{"embeddable":true,"href":"https:\/\/topgetestet.de\/index.php?rest_route=%2Fwp%2Fv2%2Fcomments&post=47542"}],"wp:featuredmedia":[{"embeddable":true,"href":"https:\/\/topgetestet.de\/index.php?rest_route=\/wp\/v2\/media\/47543"}],"wp:attachment":[{"href":"https:\/\/topgetestet.de\/index.php?rest_route=%2Fwp%2Fv2%2Fmedia&parent=47542"}],"wp:term":[{"taxonomy":"product_cat","embeddable":true,"href":"https:\/\/topgetestet.de\/index.php?rest_route=%2Fwp%2Fv2%2Fproduct_cat&post=47542"},{"taxonomy":"product_tag","embeddable":true,"href":"https:\/\/topgetestet.de\/index.php?rest_route=%2Fwp%2Fv2%2Fproduct_tag&post=47542"}],"curies":[{"name":"wp","href":"https:\/\/api.w.org\/{rel}","templated":true}]}}