{"id":47207,"date":"2022-09-30T16:12:27","date_gmt":"2022-09-30T16:12:27","guid":{"rendered":"https:\/\/topgetestet.de\/?product=brooks-herren-hyperion-tempo-laufschuh"},"modified":"2022-09-30T16:12:27","modified_gmt":"2022-09-30T16:12:27","slug":"brooks-herren-hyperion-tempo-laufschuh","status":"publish","type":"product","link":"https:\/\/topgetestet.de\/?product=brooks-herren-hyperion-tempo-laufschuh","title":{"rendered":"Brooks Herren Hyperion Tempo Laufschuh"},"content":{"rendered":"<p>Price: <span style=\"color:#b12704\">[price_with_discount]<\/span><br \/><i><small>(as of [price_update_date] &#8211; <span class=\"wp_automatic_amazon_disclaimer\" title=\"Product prices and availability are accurate as of the date\/time indicated and are subject to change. Any price and availability information displayed on [relevant Amazon Site(s), as applicable] at the time of purchase will apply to the purchase of this product.\">Details<\/span>)<\/small><\/i><\/p>\n<p><a href=\"https:\/\/amazon.de\/dp\/B094MW877Z?tag=topgetestet09-21\"><img decoding=\"async\" src=\"https:\/\/i.imgur.com\/ISRHEWs.png\"><\/a><br \/>\n[ad_1]<br \/>\n <span>Leicht und reaktionsfreudig, um Ihnen das Maximum w\u00e4hrend Ihres Trainings zu bieten. Dank der neuen Mischung der Zwischensohle bietet dieser Schuh eine ultraleichte und reaktionsschnelle D\u00e4mpfung. Hyperion Tempo erm\u00f6glicht es Ihnen, Ihren Lieblings-Schritt zu laufen, wodurch Sie Energie sparen und schneller trainieren k\u00f6nnen. Das Obermaterial aus elastischem Stoff sorgt f\u00fcr eine hervorragende Atmungsaktivit\u00e4t und bietet Ihrem Fu\u00df maximalen Komfort.<\/span> <br \/> Produktabmessungen \u200f : \u200e  25.4 x 38.1 x 15.24 cm; 907.18 Gramm <br \/> Im Angebot von Amazon.de seit \u200f : \u200e  2. Dezember 2021 <br \/> Hersteller \u200f : \u200e  Brooks <br \/> ASIN \u200f : \u200e  B094MHX4JB <br \/> Modellnummer \u200f : \u200e  1103391D365 <br \/> Kategorie \u200f : \u200e  Herren <\/p>\n<p>[ad_2]<\/p>\n","protected":false},"excerpt":{"rendered":"<p>Price: [price_with_discount](as of [price_update_date] &#8211; Details) [ad_1] Leicht und reaktionsfreudig, um Ihnen das Maximum w\u00e4hrend Ihres Trainings zu bieten. Dank der neuen Mischung der Zwischensohle bietet dieser Schuh eine ultraleichte<\/p>\n","protected":false},"featured_media":47208,"comment_status":"open","ping_status":"closed","template":"","meta":[],"product_cat":[234],"product_tag":[235],"class_list":{"0":"post-47207","1":"product","2":"type-product","3":"status-publish","4":"has-post-thumbnail","6":"product_cat-shoes","7":"product_tag-mens-road-running-shoes","9":"first","10":"instock","11":"shipping-taxable","12":"product-type-external"},"aioseo_notices":[],"_links":{"self":[{"href":"https:\/\/topgetestet.de\/index.php?rest_route=\/wp\/v2\/product\/47207","targetHints":{"allow":["GET"]}}],"collection":[{"href":"https:\/\/topgetestet.de\/index.php?rest_route=\/wp\/v2\/product"}],"about":[{"href":"https:\/\/topgetestet.de\/index.php?rest_route=\/wp\/v2\/types\/product"}],"replies":[{"embeddable":true,"href":"https:\/\/topgetestet.de\/index.php?rest_route=%2Fwp%2Fv2%2Fcomments&post=47207"}],"wp:featuredmedia":[{"embeddable":true,"href":"https:\/\/topgetestet.de\/index.php?rest_route=\/wp\/v2\/media\/47208"}],"wp:attachment":[{"href":"https:\/\/topgetestet.de\/index.php?rest_route=%2Fwp%2Fv2%2Fmedia&parent=47207"}],"wp:term":[{"taxonomy":"product_cat","embeddable":true,"href":"https:\/\/topgetestet.de\/index.php?rest_route=%2Fwp%2Fv2%2Fproduct_cat&post=47207"},{"taxonomy":"product_tag","embeddable":true,"href":"https:\/\/topgetestet.de\/index.php?rest_route=%2Fwp%2Fv2%2Fproduct_tag&post=47207"}],"curies":[{"name":"wp","href":"https:\/\/api.w.org\/{rel}","templated":true}]}}