{"id":46652,"date":"2022-09-30T06:52:19","date_gmt":"2022-09-30T06:52:19","guid":{"rendered":"https:\/\/topgetestet.de\/?product=sennheiser-hd-206-stereo-kopfhorer-silber"},"modified":"2022-09-30T06:52:19","modified_gmt":"2022-09-30T06:52:19","slug":"sennheiser-hd-206-stereo-kopfhorer-silber","status":"publish","type":"product","link":"https:\/\/topgetestet.de\/?product=sennheiser-hd-206-stereo-kopfhorer-silber","title":{"rendered":"Sennheiser HD 206 Stereo Kopfh\u00f6rer, silber"},"content":{"rendered":"<p>Price: <span style=\"color:#b12704\">[price_with_discount]<\/span><br \/><i><small>(as of [price_update_date] &#8211; <span class=\"wp_automatic_amazon_disclaimer\" title=\"Product prices and availability are accurate as of the date\/time indicated and are subject to change. Any price and availability information displayed on [relevant Amazon Site(s), as applicable] at the time of purchase will apply to the purchase of this product.\">Details<\/span>)<\/small><\/i><\/p>\n<p><a href=\"https:\/\/amazon.de\/dp\/B01N7S0IPR?tag=topgetestet09-21\"><img decoding=\"async\" src=\"https:\/\/i.imgur.com\/ISRHEWs.png\"><\/a><br \/>\n[ad_1]<br \/>\n <span>Der HD 206 ist ein geschlossener, dynamischer Stereo Kopfh\u00f6rer, f\u00fcr den preisbewussten Musikliebhaber, der kr\u00e4ftigen Sound, eine gute D\u00e4mpfung von Umgebungsger\u00e4usche und erstklassigen Tragekomfort bietet. Frequenzgang (Kopfh\u00f6rer): 21 &#8211; 18000 Hz<\/span> <br \/> Auslaufartikel (Produktion durch Hersteller eingestellt) \u200f : \u200e  Nein <br \/> Sprache \u200f : \u200e  Englisch, Englisch, Englisch, Englisch, Englisch <br \/> Produktabmessungen \u200f : \u200e  4 x 16 x 18 cm; 215 Gramm <br \/> Im Angebot von Amazon.de seit \u200f : \u200e  13. Januar 2017 <br \/> Hersteller \u200f : \u200e  Sennheiser <br \/> ASIN \u200f : \u200e  B01N7S0IPR <br \/> Modellnummer \u200f : \u200e  HD 206 <\/p>\n<p>Reicher, knackiger Bass<br \/>Leicht und komfortabel zu tragen<br \/>Gute D\u00e4mpfung von Umgebungsger\u00e4uschen<br \/>Extrem robust<br \/>Kabell\u00e4nge &#8211; 3m<br \/>\n<br \/>[ad_2]<\/p>\n","protected":false},"excerpt":{"rendered":"<p>Price: [price_with_discount](as of [price_update_date] &#8211; Details) [ad_1] Der HD 206 ist ein geschlossener, dynamischer Stereo Kopfh\u00f6rer, f\u00fcr den preisbewussten Musikliebhaber, der kr\u00e4ftigen Sound, eine gute D\u00e4mpfung von Umgebungsger\u00e4usche und erstklassigen<\/p>\n","protected":false},"featured_media":46653,"comment_status":"open","ping_status":"closed","template":"","meta":[],"product_cat":[225],"product_tag":[],"class_list":{"0":"post-46652","1":"product","2":"type-product","3":"status-publish","4":"has-post-thumbnail","6":"product_cat-electronics","8":"first","9":"instock","10":"shipping-taxable","11":"product-type-external"},"aioseo_notices":[],"_links":{"self":[{"href":"https:\/\/topgetestet.de\/index.php?rest_route=\/wp\/v2\/product\/46652","targetHints":{"allow":["GET"]}}],"collection":[{"href":"https:\/\/topgetestet.de\/index.php?rest_route=\/wp\/v2\/product"}],"about":[{"href":"https:\/\/topgetestet.de\/index.php?rest_route=\/wp\/v2\/types\/product"}],"replies":[{"embeddable":true,"href":"https:\/\/topgetestet.de\/index.php?rest_route=%2Fwp%2Fv2%2Fcomments&post=46652"}],"wp:featuredmedia":[{"embeddable":true,"href":"https:\/\/topgetestet.de\/index.php?rest_route=\/wp\/v2\/media\/46653"}],"wp:attachment":[{"href":"https:\/\/topgetestet.de\/index.php?rest_route=%2Fwp%2Fv2%2Fmedia&parent=46652"}],"wp:term":[{"taxonomy":"product_cat","embeddable":true,"href":"https:\/\/topgetestet.de\/index.php?rest_route=%2Fwp%2Fv2%2Fproduct_cat&post=46652"},{"taxonomy":"product_tag","embeddable":true,"href":"https:\/\/topgetestet.de\/index.php?rest_route=%2Fwp%2Fv2%2Fproduct_tag&post=46652"}],"curies":[{"name":"wp","href":"https:\/\/api.w.org\/{rel}","templated":true}]}}