{"id":46369,"date":"2022-09-30T03:26:13","date_gmt":"2022-09-30T03:26:13","guid":{"rendered":"https:\/\/topgetestet.de\/?product=steamforged-games-sfds-007-zubehor"},"modified":"2022-09-30T03:26:13","modified_gmt":"2022-09-30T03:26:13","slug":"steamforged-games-sfds-007-zubehor","status":"publish","type":"product","link":"https:\/\/topgetestet.de\/?product=steamforged-games-sfds-007-zubehor","title":{"rendered":"Steamforged Games SFDS-007 Zubeh\u00f6r"},"content":{"rendered":"<p>Price: <span style=\"color:#b12704\">[price_with_discount]<\/span><br \/><i><small>(as of [price_update_date] &#8211; <span class=\"wp_automatic_amazon_disclaimer\" title=\"Product prices and availability are accurate as of the date\/time indicated and are subject to change. Any price and availability information displayed on [relevant Amazon Site(s), as applicable] at the time of purchase will apply to the purchase of this product.\">Details<\/span>)<\/small><\/i><\/p>\n<p><a href=\"https:\/\/amazon.de\/dp\/B07BKQLZQ5?tag=topgetestet09-21\"><img decoding=\"async\" src=\"https:\/\/i.imgur.com\/ISRHEWs.png\"><\/a><br \/>\n[ad_1]<br \/>\n <span>Ziel von Steamforged Games ist es, den Kunden viele qualitativ hochwertige Produkte anzubieten und die Bed\u00fcrfnisse aller Kunden zu befriedigen. Um dies zu erreichen, wird Steamforged Games mehr Zeit f\u00fcr die Nutzung und das Design der Produkte aufwenden. In unserem Gesch\u00e4ft finden Sie immer mehr klassische, modische, lustige Produkte.<\/span><br \/>\n<br \/>[ad_2]<\/p>\n","protected":false},"excerpt":{"rendered":"<p>Price: [price_with_discount](as of [price_update_date] &#8211; Details) [ad_1] Ziel von Steamforged Games ist es, den Kunden viele qualitativ hochwertige Produkte anzubieten und die Bed\u00fcrfnisse aller Kunden zu befriedigen. Um dies zu<\/p>\n","protected":false},"featured_media":46370,"comment_status":"open","ping_status":"closed","template":"","meta":[],"product_cat":[227],"product_tag":[270],"class_list":{"0":"post-46369","1":"product","2":"type-product","3":"status-publish","4":"has-post-thumbnail","6":"product_cat-gaming","7":"product_tag-toys-games","9":"first","10":"instock","11":"shipping-taxable","12":"product-type-external"},"aioseo_notices":[],"_links":{"self":[{"href":"https:\/\/topgetestet.de\/index.php?rest_route=\/wp\/v2\/product\/46369","targetHints":{"allow":["GET"]}}],"collection":[{"href":"https:\/\/topgetestet.de\/index.php?rest_route=\/wp\/v2\/product"}],"about":[{"href":"https:\/\/topgetestet.de\/index.php?rest_route=\/wp\/v2\/types\/product"}],"replies":[{"embeddable":true,"href":"https:\/\/topgetestet.de\/index.php?rest_route=%2Fwp%2Fv2%2Fcomments&post=46369"}],"wp:featuredmedia":[{"embeddable":true,"href":"https:\/\/topgetestet.de\/index.php?rest_route=\/wp\/v2\/media\/46370"}],"wp:attachment":[{"href":"https:\/\/topgetestet.de\/index.php?rest_route=%2Fwp%2Fv2%2Fmedia&parent=46369"}],"wp:term":[{"taxonomy":"product_cat","embeddable":true,"href":"https:\/\/topgetestet.de\/index.php?rest_route=%2Fwp%2Fv2%2Fproduct_cat&post=46369"},{"taxonomy":"product_tag","embeddable":true,"href":"https:\/\/topgetestet.de\/index.php?rest_route=%2Fwp%2Fv2%2Fproduct_tag&post=46369"}],"curies":[{"name":"wp","href":"https:\/\/api.w.org\/{rel}","templated":true}]}}