{"id":45968,"date":"2022-09-30T00:59:33","date_gmt":"2022-09-30T00:59:33","guid":{"rendered":"https:\/\/topgetestet.de\/?product=odlo-herren-sweatshirt"},"modified":"2022-09-30T00:59:33","modified_gmt":"2022-09-30T00:59:33","slug":"odlo-herren-sweatshirt","status":"publish","type":"product","link":"https:\/\/topgetestet.de\/?product=odlo-herren-sweatshirt","title":{"rendered":"Odlo Herren Sweatshirt"},"content":{"rendered":"<p>Price: <span style=\"color:#b12704\">[price_with_discount]<\/span><br \/><i><small>(as of [price_update_date] &#8211; <span class=\"wp_automatic_amazon_disclaimer\" title=\"Product prices and availability are accurate as of the date\/time indicated and are subject to change. Any price and availability information displayed on [relevant Amazon Site(s), as applicable] at the time of purchase will apply to the purchase of this product.\">Details<\/span>)<\/small><\/i><\/p>\n<p><a href=\"https:\/\/amazon.de\/dp\/B08CC5GCRB?tag=topgetestet09-21\"><img decoding=\"async\" src=\"https:\/\/i.imgur.com\/ISRHEWs.png\"><\/a><br \/>\n[ad_1]<\/p>\n<p>       Von der Marke <\/p>\n<p>             <img decoding=\"async\" alt=\"Keep Going\" src=\"https:\/\/images-na.ssl-images-amazon.com\/images\/G\/01\/x-locale\/common\/grey-pixel.gif\" class=\"a-lazy-loaded\" data-src=\"https:\/\/m.media-amazon.com\/images\/S\/aplus-media-library-service-media\/28fb66f4-73fd-4b62-a7d9-d447c79753da.__CR3,0,1464,625_PT0_SX1464_V1___.jpg\"><\/p>\n<p>              <img decoding=\"async\" alt=\"Keep Going\" src=\"https:\/\/m.media-amazon.com\/images\/S\/aplus-media-library-service-media\/28fb66f4-73fd-4b62-a7d9-d447c79753da.__CR3,0,1464,625_PT0_SX1464_V1___.jpg\"><\/p>\n<p>                   <img decoding=\"async\" alt=\"Keep Going\" src=\"https:\/\/images-na.ssl-images-amazon.com\/images\/G\/01\/x-locale\/common\/grey-pixel.gif\" class=\"a-lazy-loaded\" data-src=\"https:\/\/m.media-amazon.com\/images\/S\/aplus-media-library-service-media\/207fb36c-dc20-4919-b9d1-f0b050167e0b.__CR0,0,875,403_PT0_SX315_V1___.jpg\"><\/p>\n<p>                    <img decoding=\"async\" alt=\"Keep Going\" src=\"https:\/\/m.media-amazon.com\/images\/S\/aplus-media-library-service-media\/207fb36c-dc20-4919-b9d1-f0b050167e0b.__CR0,0,875,403_PT0_SX315_V1___.jpg\"><\/p>\n<p> \u00dcber uns <\/p>\n<p> ODLO fertigt funktionale Bekleidung f\u00fcr aktive, leidenschaftliche Menschen. <\/p>\n<p> F\u00fcr jedes Wetter. F\u00fcr jedes Terrain. Unsere Kleidung wird von innen nach au\u00dfen in der Schweiz entworfen. Dabei verwenden wir eine branchenpr\u00e4gende Lagentechnologie, die wir vor 75 Jahren erfunden haben. <\/p>\n<p> Drau\u00dfen oder drinnen. Schnell oder langsam. Baselayer &amp; mehr. Wir sind stolz darauf, Menschen in fast 40 L\u00e4ndern weltweit bei einem aktiven Leben zu unterst\u00fctzen. <\/p>\n<p>                   <img decoding=\"async\" alt=\"Nachhaltigkeit\" src=\"https:\/\/images-na.ssl-images-amazon.com\/images\/G\/01\/x-locale\/common\/grey-pixel.gif\" class=\"a-lazy-loaded\" data-src=\"https:\/\/m.media-amazon.com\/images\/S\/aplus-media-library-service-media\/661e914a-91cf-4003-8035-de6c9641cc15.__CR0,0,875,403_PT0_SX315_V1___.jpg\"><\/p>\n<p>                    <img decoding=\"async\" alt=\"Nachhaltigkeit\" src=\"https:\/\/m.media-amazon.com\/images\/S\/aplus-media-library-service-media\/661e914a-91cf-4003-8035-de6c9641cc15.__CR0,0,875,403_PT0_SX315_V1___.jpg\"><\/p>\n<p> Nachhaltigkeit <\/p>\n<p> Mit dem Ziel, die Bed\u00fcrfnisse von Alltagsathlet:innen und die unseres Planeten in Einklang zu bringen, verfolgt ODLO den festen Vorsatz, sp\u00e4testens ab 2030 nur noch nachhaltige Materialien zu verwenden. <\/p>\n<p>                   <img decoding=\"async\" alt=\"Fair Wear Foundation\" src=\"https:\/\/images-na.ssl-images-amazon.com\/images\/G\/01\/x-locale\/common\/grey-pixel.gif\" class=\"a-lazy-loaded\" data-src=\"https:\/\/m.media-amazon.com\/images\/S\/aplus-media-library-service-media\/4af3a71d-82ea-4cb3-ac79-1f25ac0a316d.__CR3,0,326,150_PT0_SX315_V1___.png\"><\/p>\n<p>                    <img decoding=\"async\" alt=\"Fair Wear Foundation\" src=\"https:\/\/m.media-amazon.com\/images\/S\/aplus-media-library-service-media\/4af3a71d-82ea-4cb3-ac79-1f25ac0a316d.__CR3,0,326,150_PT0_SX315_V1___.png\"><\/p>\n<p> Fair Wear Foundation <\/p>\n<p> Seit 2008 ist ODLO Leaderstatus-Mitglied der von Gewerkschaften, Nichtregierungsorganisationen und Wirtschaftsverb\u00e4nden gesteuerten Fair Wear Foundation (FWF), die sich f\u00fcr die Verbesserung der Arbeitsbedingungen in der Textilindustrie weltweit einsetzt. <\/p>\n<p>                   <img decoding=\"async\" alt=\"Made in Europe\" src=\"https:\/\/images-na.ssl-images-amazon.com\/images\/G\/01\/x-locale\/common\/grey-pixel.gif\" class=\"a-lazy-loaded\" data-src=\"https:\/\/m.media-amazon.com\/images\/S\/aplus-media-library-service-media\/679f0085-bd76-4a47-a4cf-70a6006ca99e.__CR3,0,326,150_PT0_SX315_V1___.jpg\"><\/p>\n<p>                    <img decoding=\"async\" alt=\"Made in Europe\" src=\"https:\/\/m.media-amazon.com\/images\/S\/aplus-media-library-service-media\/679f0085-bd76-4a47-a4cf-70a6006ca99e.__CR3,0,326,150_PT0_SX315_V1___.jpg\"><\/p>\n<p> Made in Europe <\/p>\n<p> Zwei Drittel unserer Produkte werden in Europa hergestellt und verkauft, was dazu beitr\u00e4gt, die Emissionen w\u00e4hrend ihres Lebenszyklus zu minimieren. <\/p>\n<p>                   <img decoding=\"async\" alt=\"Standard 100 by OEKO-TEX\" src=\"https:\/\/images-na.ssl-images-amazon.com\/images\/G\/01\/x-locale\/common\/grey-pixel.gif\" class=\"a-lazy-loaded\" data-src=\"https:\/\/m.media-amazon.com\/images\/S\/aplus-media-library-service-media\/6c7feea5-9a46-45dc-9956-9d36bac2ab5e.__CR4,0,326,150_PT0_SX315_V1___.jpg\"><\/p>\n<p>                    <img decoding=\"async\" alt=\"Standard 100 by OEKO-TEX\" src=\"https:\/\/m.media-amazon.com\/images\/S\/aplus-media-library-service-media\/6c7feea5-9a46-45dc-9956-9d36bac2ab5e.__CR4,0,326,150_PT0_SX315_V1___.jpg\"><\/p>\n<p> Standard 100 by OEKO-TEX <\/p>\n<p> ODLO arbeitet nur mit Materiallieferanten zusammen, die OEKO-TEX- und\/oder bluesign-zertifiziert sind, ihre eigenen zertifizierten Pr\u00fcfeinrichtungen haben oder sehr eng mit einem unabh\u00e4ngigen Labor zusammenarbeiten. Unser gesamtes Unterw\u00e4sche- und Base layer-Sortiment ist nach OEKO-TEX-Standard 100 zertifiziert. <\/p>\n<p>[ad_2]<\/p>\n","protected":false},"excerpt":{"rendered":"<p>Price: [price_with_discount](as of [price_update_date] &#8211; Details) [ad_1] Von der Marke \u00dcber uns ODLO fertigt funktionale Bekleidung f\u00fcr aktive, leidenschaftliche Menschen. F\u00fcr jedes Wetter. F\u00fcr jedes Terrain. Unsere Kleidung wird von<\/p>\n","protected":false},"featured_media":45969,"comment_status":"open","ping_status":"closed","template":"","meta":[],"product_cat":[227],"product_tag":[272],"class_list":{"0":"post-45968","1":"product","2":"type-product","3":"status-publish","4":"has-post-thumbnail","6":"product_cat-gaming","7":"product_tag-sports-outdoors","9":"first","10":"instock","11":"shipping-taxable","12":"product-type-external"},"aioseo_notices":[],"_links":{"self":[{"href":"https:\/\/topgetestet.de\/index.php?rest_route=\/wp\/v2\/product\/45968","targetHints":{"allow":["GET"]}}],"collection":[{"href":"https:\/\/topgetestet.de\/index.php?rest_route=\/wp\/v2\/product"}],"about":[{"href":"https:\/\/topgetestet.de\/index.php?rest_route=\/wp\/v2\/types\/product"}],"replies":[{"embeddable":true,"href":"https:\/\/topgetestet.de\/index.php?rest_route=%2Fwp%2Fv2%2Fcomments&post=45968"}],"wp:featuredmedia":[{"embeddable":true,"href":"https:\/\/topgetestet.de\/index.php?rest_route=\/wp\/v2\/media\/45969"}],"wp:attachment":[{"href":"https:\/\/topgetestet.de\/index.php?rest_route=%2Fwp%2Fv2%2Fmedia&parent=45968"}],"wp:term":[{"taxonomy":"product_cat","embeddable":true,"href":"https:\/\/topgetestet.de\/index.php?rest_route=%2Fwp%2Fv2%2Fproduct_cat&post=45968"},{"taxonomy":"product_tag","embeddable":true,"href":"https:\/\/topgetestet.de\/index.php?rest_route=%2Fwp%2Fv2%2Fproduct_tag&post=45968"}],"curies":[{"name":"wp","href":"https:\/\/api.w.org\/{rel}","templated":true}]}}