{"id":45823,"date":"2022-09-30T00:29:53","date_gmt":"2022-09-30T00:29:53","guid":{"rendered":"https:\/\/topgetestet.de\/?post_type=product&#038;p=45823"},"modified":"2022-09-30T00:29:53","modified_gmt":"2022-09-30T00:29:53","slug":"lomography-einfach-zu-bedienende-wiederladbare-filmkamera-lomochrom-violett","status":"publish","type":"product","link":"https:\/\/topgetestet.de\/?product=lomography-einfach-zu-bedienende-wiederladbare-filmkamera-lomochrom-violett","title":{"rendered":"Lomography Einfach zu bedienende, wiederladbare Filmkamera, LomoChrom, Violett"},"content":{"rendered":"<p>Price: <span style=\"color:#b12704\">[price_with_discount]<\/span><br \/><i><small>(as of [price_update_date] &#8211; <span class=\"wp_automatic_amazon_disclaimer\" title=\"Product prices and availability are accurate as of the date\/time indicated and are subject to change. Any price and availability information displayed on [relevant Amazon Site(s), as applicable] at the time of purchase will apply to the purchase of this product.\">Details<\/span>)<\/small><\/i><\/p>\n<p><a href=\"https:\/\/amazon.de\/dp\/B083V6WD5S?tag=topgetestet09-21\"><img decoding=\"async\" src=\"https:\/\/i.imgur.com\/ISRHEWs.png\"><\/a><br \/>\n[ad_1]<br \/>\n <span>Vorgeladen mit Lomography LomoChrome Purple Film, ist diese aufladbare Kamera perfekt f\u00fcr Anf\u00e4nger und kann mit jedem 35mm Film nachgeladen werden! Die LomoChrome Purple ist eine farbwechselnde Emulsion, die Ihr Gr\u00fcn zu Violett und Ihre Violette zu Gr\u00fcn verwandelt. Die Lomography Simple Use Filmkamera ist keine gew\u00f6hnliche Einwegkamera. Sie ist mit flippigem Film vorgeladen und kommt mit Farbgel-Blitzfiltern, so dass Sie direkt in die Welt der kreativen Analogfotografie eintauchen k\u00f6nnen. Kompakt und mit einem Blitz ausgestattet, k\u00f6nnen Sie die guten Zeiten \u00fcberall festhalten. Perfekt f\u00fcr Partys, Autofahrten, Hochzeiten und mehr.<\/span><br \/>\n<br \/>[ad_2]<\/p>\n","protected":false},"excerpt":{"rendered":"<p>Price: [price_with_discount](as of [price_update_date] &#8211; Details) [ad_1] Vorgeladen mit Lomography LomoChrome Purple Film, ist diese aufladbare Kamera perfekt f\u00fcr Anf\u00e4nger und kann mit jedem 35mm Film nachgeladen werden! Die LomoChrome<\/p>\n","protected":false},"featured_media":45824,"comment_status":"open","ping_status":"closed","template":"","meta":[],"product_cat":[226],"product_tag":[251],"class_list":{"0":"post-45823","1":"product","2":"type-product","3":"status-publish","4":"has-post-thumbnail","6":"product_cat-cameras","7":"product_tag-instant-film-cameras","9":"first","10":"instock","11":"shipping-taxable","12":"product-type-external"},"aioseo_notices":[],"_links":{"self":[{"href":"https:\/\/topgetestet.de\/index.php?rest_route=\/wp\/v2\/product\/45823","targetHints":{"allow":["GET"]}}],"collection":[{"href":"https:\/\/topgetestet.de\/index.php?rest_route=\/wp\/v2\/product"}],"about":[{"href":"https:\/\/topgetestet.de\/index.php?rest_route=\/wp\/v2\/types\/product"}],"replies":[{"embeddable":true,"href":"https:\/\/topgetestet.de\/index.php?rest_route=%2Fwp%2Fv2%2Fcomments&post=45823"}],"wp:featuredmedia":[{"embeddable":true,"href":"https:\/\/topgetestet.de\/index.php?rest_route=\/wp\/v2\/media\/45824"}],"wp:attachment":[{"href":"https:\/\/topgetestet.de\/index.php?rest_route=%2Fwp%2Fv2%2Fmedia&parent=45823"}],"wp:term":[{"taxonomy":"product_cat","embeddable":true,"href":"https:\/\/topgetestet.de\/index.php?rest_route=%2Fwp%2Fv2%2Fproduct_cat&post=45823"},{"taxonomy":"product_tag","embeddable":true,"href":"https:\/\/topgetestet.de\/index.php?rest_route=%2Fwp%2Fv2%2Fproduct_tag&post=45823"}],"curies":[{"name":"wp","href":"https:\/\/api.w.org\/{rel}","templated":true}]}}