{"id":44916,"date":"2022-09-29T18:59:13","date_gmt":"2022-09-29T18:59:13","guid":{"rendered":"https:\/\/topgetestet.de\/?product=calvin-klein-jeans-damen-ckj21617s-sonnenbrille-charcoal-55-18-140"},"modified":"2022-09-29T18:59:13","modified_gmt":"2022-09-29T18:59:13","slug":"calvin-klein-jeans-damen-ckj21617s-sonnenbrille-charcoal-55-18-140","status":"publish","type":"product","link":"https:\/\/topgetestet.de\/?product=calvin-klein-jeans-damen-ckj21617s-sonnenbrille-charcoal-55-18-140","title":{"rendered":"Calvin Klein Jeans Damen CKJ21617S Sonnenbrille, Charcoal, 55\/18\/140"},"content":{"rendered":"<p>Price: <span style=\"color:#b12704\">[price_with_discount]<\/span><br \/><i><small>(as of [price_update_date] &#8211; <span class=\"wp_automatic_amazon_disclaimer\" title=\"Product prices and availability are accurate as of the date\/time indicated and are subject to change. Any price and availability information displayed on [relevant Amazon Site(s), as applicable] at the time of purchase will apply to the purchase of this product.\">Details<\/span>)<\/small><\/i><\/p>\n<p><a href=\"https:\/\/amazon.de\/dp\/B092MDSPTD?tag=topgetestet09-21\"><img decoding=\"async\" src=\"https:\/\/i.imgur.com\/ISRHEWs.png\"><\/a><br \/>\n[ad_1]<\/p>\n<p>       Produktbeschreibung des Herstellers <\/p>\n<p>          <img decoding=\"async\" alt=\"logo\" src=\"https:\/\/images-na.ssl-images-amazon.com\/images\/G\/01\/x-locale\/common\/grey-pixel.gif\" class=\"a-lazy-loaded\" data-src=\"https:\/\/m.media-amazon.com\/images\/S\/aplus-media\/sota\/140d8d49-8806-48f9-9508-54c5de43dd01.__CR0,504,3840,1152_PT0_SX600_V1___.png\"><\/p>\n<p>           <img decoding=\"async\" alt=\"logo\" src=\"https:\/\/m.media-amazon.com\/images\/S\/aplus-media\/sota\/140d8d49-8806-48f9-9508-54c5de43dd01.__CR0,504,3840,1152_PT0_SX600_V1___.png\"><\/p>\n<p>          <img decoding=\"async\" alt=\"calvin\" src=\"https:\/\/images-na.ssl-images-amazon.com\/images\/G\/01\/x-locale\/common\/grey-pixel.gif\" class=\"a-spacing-base a-lazy-loaded\" data-src=\"https:\/\/m.media-amazon.com\/images\/S\/aplus-media\/sota\/aef5d481-a996-46cc-bd83-9d28785eefa1.__CR0,155,1500,928_PT0_SX970_V1___.jpg\"><\/p>\n<p>           <img decoding=\"async\" alt=\"calvin\" src=\"https:\/\/m.media-amazon.com\/images\/S\/aplus-media\/sota\/aef5d481-a996-46cc-bd83-9d28785eefa1.__CR0,155,1500,928_PT0_SX970_V1___.jpg\"><\/p>\n<p class=\"a-spacing-base\"> Zeitlos und modern, klassisch und dennoch provokativ. Entdecken Sie die Auswahl an Basics f\u00fcr jeden Style \u2013 von eleganten Kleidern, Bikinis und Badeanz\u00fcgen aus der Damenkollektion oder T-Shirts und Jacken aus der Herrenkollektion \u00fcber cool Sneaker bis hin zu ikonischen Calvin Klein Jeans. <\/p>\n<p class=\"a-spacing-base\"> Durchst\u00f6bern Sie die \u201eCalvin Klein Underwear\u201c-Kollektion nach Damen Monogramm-Bralettes f\u00fcr Damen und Boxershorts f\u00fcr Herren mit dem ikonischen Logo auf dem Bund. Erleben Sie den Komfort und Luxus der Nachtw\u00e4sche- und Loungewear-Produkte. Runden Sie alle Ihre Looks mit einem Paar Schuhe von Calvin Klein ab. Durchst\u00f6bern Sie die Auswahl an Damenschuhen und entdecken Sie Ihr neues Lieblingspaar High Heels f\u00fcr ein Abend-Event oder Sandalen f\u00fcr Sommertage. In der Schuhkollektion f\u00fcr Herren finden Sie au\u00dferdem bequeme Sneaker, Stiefel sowie Slipper und Flip Flops. Egal, welcher Anlass oder welche Jahreszeit \u2013 bei Calvin Klein werden Sie f\u00fcndig. <\/p>\n<p> <img decoding=\"async\" alt=\"calvin\" src=\"https:\/\/images-na.ssl-images-amazon.com\/images\/G\/01\/x-locale\/common\/grey-pixel.gif\" class=\"a-spacing-mini a-lazy-loaded\" data-src=\"https:\/\/m.media-amazon.com\/images\/S\/aplus-media\/sota\/15001293-0900-4e85-a570-164ed33821eb.__CR0,0,1500,1500_PT0_SX300_V1___.jpg\">\n                   <\/p>\n<p>                    <img decoding=\"async\" alt=\"calvin\" src=\"https:\/\/m.media-amazon.com\/images\/S\/aplus-media\/sota\/15001293-0900-4e85-a570-164ed33821eb.__CR0,0,1500,1500_PT0_SX300_V1___.jpg\"><\/p>\n<p> <img decoding=\"async\" alt=\"calvin\" src=\"https:\/\/images-na.ssl-images-amazon.com\/images\/G\/01\/x-locale\/common\/grey-pixel.gif\" class=\"a-spacing-mini a-lazy-loaded\" data-src=\"https:\/\/m.media-amazon.com\/images\/S\/aplus-media\/sota\/0ad13781-d93f-4bbc-a395-5b7290d61878.__CR0,0,1500,1500_PT0_SX300_V1___.jpg\">\n                   <\/p>\n<p>                    <img decoding=\"async\" alt=\"calvin\" src=\"https:\/\/m.media-amazon.com\/images\/S\/aplus-media\/sota\/0ad13781-d93f-4bbc-a395-5b7290d61878.__CR0,0,1500,1500_PT0_SX300_V1___.jpg\"><\/p>\n<p> <img decoding=\"async\" alt=\"calvin\" src=\"https:\/\/images-na.ssl-images-amazon.com\/images\/G\/01\/x-locale\/common\/grey-pixel.gif\" class=\"a-spacing-mini a-lazy-loaded\" data-src=\"https:\/\/m.media-amazon.com\/images\/S\/aplus-media\/sota\/9a251f1f-6972-4931-b3ab-53b62d5a7633.__CR0,0,1500,1500_PT0_SX300_V1___.jpg\">\n                   <\/p>\n<p>                    <img decoding=\"async\" alt=\"calvin\" src=\"https:\/\/m.media-amazon.com\/images\/S\/aplus-media\/sota\/9a251f1f-6972-4931-b3ab-53b62d5a7633.__CR0,0,1500,1500_PT0_SX300_V1___.jpg\"><\/p>\n<p>          <img decoding=\"async\" alt=\"calvin\" src=\"https:\/\/images-na.ssl-images-amazon.com\/images\/G\/01\/x-locale\/common\/grey-pixel.gif\" class=\"a-spacing-base a-lazy-loaded\" data-src=\"https:\/\/m.media-amazon.com\/images\/S\/aplus-media\/sota\/9095ec85-7730-431b-90f3-06535b06f1bb.__CR0,117,1500,928_PT0_SX970_V1___.jpg\"><\/p>\n<p>           <img decoding=\"async\" alt=\"calvin\" src=\"https:\/\/m.media-amazon.com\/images\/S\/aplus-media\/sota\/9095ec85-7730-431b-90f3-06535b06f1bb.__CR0,117,1500,928_PT0_SX970_V1___.jpg\"><\/p>\n<p> Batterien \u200f : \u200e  1 A Batterien erforderlich. <br \/> Sprache \u200f : \u200e  Englisch, Englisch, Englisch, Englisch, Englisch <br \/> Verpackungsabmessungen \u200f : \u200e  19.1 x 16.6 x 5.2 cm; 1 Gramm <br \/> Im Angebot von Amazon.de seit \u200f : \u200e  22. April 2021 <br \/> Hersteller \u200f : \u200e  VSP GLOBAL &#8211; MARCHON EYEWEAR INC <br \/> ASIN \u200f : \u200e  B092MDSPTD <br \/> Modellnummer \u200f : \u200e  CKJ21617S <br \/> Herkunftsland \u200f : \u200e  China <br \/> Kategorie \u200f : \u200e  Damen <\/p>\n<p>[ad_2]<\/p>\n","protected":false},"excerpt":{"rendered":"<p>Price: [price_with_discount](as of [price_update_date] &#8211; Details) [ad_1] Produktbeschreibung des Herstellers Zeitlos und modern, klassisch und dennoch provokativ. Entdecken Sie die Auswahl an Basics f\u00fcr jeden Style \u2013 von eleganten Kleidern,<\/p>\n","protected":false},"featured_media":44917,"comment_status":"open","ping_status":"closed","template":"","meta":[],"product_cat":[232],"product_tag":[],"class_list":{"0":"post-44916","1":"product","2":"type-product","3":"status-publish","4":"has-post-thumbnail","6":"product_cat-women-fashion","8":"first","9":"instock","10":"shipping-taxable","11":"product-type-external"},"aioseo_notices":[],"_links":{"self":[{"href":"https:\/\/topgetestet.de\/index.php?rest_route=\/wp\/v2\/product\/44916","targetHints":{"allow":["GET"]}}],"collection":[{"href":"https:\/\/topgetestet.de\/index.php?rest_route=\/wp\/v2\/product"}],"about":[{"href":"https:\/\/topgetestet.de\/index.php?rest_route=\/wp\/v2\/types\/product"}],"replies":[{"embeddable":true,"href":"https:\/\/topgetestet.de\/index.php?rest_route=%2Fwp%2Fv2%2Fcomments&post=44916"}],"wp:featuredmedia":[{"embeddable":true,"href":"https:\/\/topgetestet.de\/index.php?rest_route=\/wp\/v2\/media\/44917"}],"wp:attachment":[{"href":"https:\/\/topgetestet.de\/index.php?rest_route=%2Fwp%2Fv2%2Fmedia&parent=44916"}],"wp:term":[{"taxonomy":"product_cat","embeddable":true,"href":"https:\/\/topgetestet.de\/index.php?rest_route=%2Fwp%2Fv2%2Fproduct_cat&post=44916"},{"taxonomy":"product_tag","embeddable":true,"href":"https:\/\/topgetestet.de\/index.php?rest_route=%2Fwp%2Fv2%2Fproduct_tag&post=44916"}],"curies":[{"name":"wp","href":"https:\/\/api.w.org\/{rel}","templated":true}]}}