{"id":44405,"date":"2022-09-29T15:46:30","date_gmt":"2022-09-29T15:46:30","guid":{"rendered":"https:\/\/topgetestet.de\/?product=goliath-30833-006-crazy-sharky"},"modified":"2022-09-29T15:46:30","modified_gmt":"2022-09-29T15:46:30","slug":"goliath-30833-006-crazy-sharky","status":"publish","type":"product","link":"https:\/\/topgetestet.de\/?product=goliath-30833-006-crazy-sharky","title":{"rendered":"Goliath 30833.006 Crazy Sharky"},"content":{"rendered":"<p>Price: <span style=\"color:#b12704\">[price_with_discount]<\/span><br \/><i><small>(as of [price_update_date] &#8211; <span class=\"wp_automatic_amazon_disclaimer\" title=\"Product prices and availability are accurate as of the date\/time indicated and are subject to change. Any price and availability information displayed on [relevant Amazon Site(s), as applicable] at the time of purchase will apply to the purchase of this product.\">Details<\/span>)<\/small><\/i><\/p>\n<p><a href=\"https:\/\/amazon.de\/dp\/B09BBH2S26?tag=topgetestet09-21\"><img decoding=\"async\" src=\"https:\/\/i.imgur.com\/ISRHEWs.png\"><\/a><br \/>\n[ad_1]<br \/>\n <span>Wirf den W\u00fcrfel und fange so viele Fische wie m\u00f6glich! Aber Achtung! Der verr\u00fcckte, gefr\u00e4\u00dfige Hai lauert im Hinterhalt. Er kann jederzeit zuschnappen.Die lustige Angelrunde wird gewonnen, wenn Fische anbei\u00dfen!<\/span> <br \/>TABLETOP GAME<br \/>Wirf den W\u00fcrfel und fange so viele Fische wie m\u00f6glich! Aber Achtung! Der verr\u00fcckte, gefr\u00e4\u00dfige Hai lauert im Hinterhalt. Er kann jederzeit zuschnappen.Die lustige Angelrunde wird gewonnen, wenn Fische anbei\u00dfen!<br \/>Tabletop Game<br \/>\n<br \/>[ad_2]<\/p>\n","protected":false},"excerpt":{"rendered":"<p>Price: [price_with_discount](as of [price_update_date] &#8211; Details) [ad_1] Wirf den W\u00fcrfel und fange so viele Fische wie m\u00f6glich! Aber Achtung! Der verr\u00fcckte, gefr\u00e4\u00dfige Hai lauert im Hinterhalt. Er kann jederzeit zuschnappen.Die<\/p>\n","protected":false},"featured_media":44406,"comment_status":"open","ping_status":"closed","template":"","meta":[],"product_cat":[227],"product_tag":[270],"class_list":{"0":"post-44405","1":"product","2":"type-product","3":"status-publish","4":"has-post-thumbnail","6":"product_cat-gaming","7":"product_tag-toys-games","9":"first","10":"instock","11":"shipping-taxable","12":"product-type-external"},"aioseo_notices":[],"_links":{"self":[{"href":"https:\/\/topgetestet.de\/index.php?rest_route=\/wp\/v2\/product\/44405","targetHints":{"allow":["GET"]}}],"collection":[{"href":"https:\/\/topgetestet.de\/index.php?rest_route=\/wp\/v2\/product"}],"about":[{"href":"https:\/\/topgetestet.de\/index.php?rest_route=\/wp\/v2\/types\/product"}],"replies":[{"embeddable":true,"href":"https:\/\/topgetestet.de\/index.php?rest_route=%2Fwp%2Fv2%2Fcomments&post=44405"}],"wp:featuredmedia":[{"embeddable":true,"href":"https:\/\/topgetestet.de\/index.php?rest_route=\/wp\/v2\/media\/44406"}],"wp:attachment":[{"href":"https:\/\/topgetestet.de\/index.php?rest_route=%2Fwp%2Fv2%2Fmedia&parent=44405"}],"wp:term":[{"taxonomy":"product_cat","embeddable":true,"href":"https:\/\/topgetestet.de\/index.php?rest_route=%2Fwp%2Fv2%2Fproduct_cat&post=44405"},{"taxonomy":"product_tag","embeddable":true,"href":"https:\/\/topgetestet.de\/index.php?rest_route=%2Fwp%2Fv2%2Fproduct_tag&post=44405"}],"curies":[{"name":"wp","href":"https:\/\/api.w.org\/{rel}","templated":true}]}}