{"id":43908,"date":"2022-09-29T13:31:31","date_gmt":"2022-09-29T13:31:31","guid":{"rendered":"https:\/\/topgetestet.de\/?product=nike"},"modified":"2022-09-29T13:31:31","modified_gmt":"2022-09-29T13:31:31","slug":"nike","status":"publish","type":"product","link":"https:\/\/topgetestet.de\/?product=nike","title":{"rendered":"Nike"},"content":{"rendered":"<p>Price: <span style=\"color:#b12704\">[price_with_discount]<\/span><br \/><i><small>(as of [price_update_date] &#8211; <span class=\"wp_automatic_amazon_disclaimer\" title=\"Product prices and availability are accurate as of the date\/time indicated and are subject to change. Any price and availability information displayed on [relevant Amazon Site(s), as applicable] at the time of purchase will apply to the purchase of this product.\">Details<\/span>)<\/small><\/i><\/p>\n<p><a href=\"https:\/\/amazon.de\/dp\/B094DYRFTN?tag=topgetestet09-21\"><img decoding=\"async\" src=\"https:\/\/i.imgur.com\/ISRHEWs.png\"><\/a><br \/>\n[ad_1]<br \/>\n <span>On-The-Go Storage. Nehmen Sie, Was Sie Mit Dem Nike Heritage Hip Pack Ben\u00f6tigen. Diese Praktische Speicherl\u00f6sung Verf\u00fcgt \u00dcber Eine Sichere Tasche Mit Rei\u00dfverschluss, Elastische Gewebe, Das Ihre Sachen Und Einen Verstellbaren Riemen Halten Erweitert.<\/span> <br \/>Hauptfach und eine kleinere zus\u00e4tzliche Tasche auf der R\u00fcckseite<br \/>Doppelrei\u00dfverschluss<br \/>\n<br \/>[ad_2]<\/p>\n","protected":false},"excerpt":{"rendered":"<p>Price: [price_with_discount](as of [price_update_date] &#8211; Details) [ad_1] On-The-Go Storage. Nehmen Sie, Was Sie Mit Dem Nike Heritage Hip Pack Ben\u00f6tigen. Diese Praktische Speicherl\u00f6sung Verf\u00fcgt \u00dcber Eine Sichere Tasche Mit Rei\u00dfverschluss,<\/p>\n","protected":false},"featured_media":43909,"comment_status":"open","ping_status":"closed","template":"","meta":[],"product_cat":[233],"product_tag":[273],"class_list":{"0":"post-43908","1":"product","2":"type-product","3":"status-publish","4":"has-post-thumbnail","6":"product_cat-fitness","7":"product_tag-exercise-fitness-accessories","9":"first","10":"instock","11":"shipping-taxable","12":"product-type-external"},"aioseo_notices":[],"_links":{"self":[{"href":"https:\/\/topgetestet.de\/index.php?rest_route=\/wp\/v2\/product\/43908","targetHints":{"allow":["GET"]}}],"collection":[{"href":"https:\/\/topgetestet.de\/index.php?rest_route=\/wp\/v2\/product"}],"about":[{"href":"https:\/\/topgetestet.de\/index.php?rest_route=\/wp\/v2\/types\/product"}],"replies":[{"embeddable":true,"href":"https:\/\/topgetestet.de\/index.php?rest_route=%2Fwp%2Fv2%2Fcomments&post=43908"}],"wp:featuredmedia":[{"embeddable":true,"href":"https:\/\/topgetestet.de\/index.php?rest_route=\/wp\/v2\/media\/43909"}],"wp:attachment":[{"href":"https:\/\/topgetestet.de\/index.php?rest_route=%2Fwp%2Fv2%2Fmedia&parent=43908"}],"wp:term":[{"taxonomy":"product_cat","embeddable":true,"href":"https:\/\/topgetestet.de\/index.php?rest_route=%2Fwp%2Fv2%2Fproduct_cat&post=43908"},{"taxonomy":"product_tag","embeddable":true,"href":"https:\/\/topgetestet.de\/index.php?rest_route=%2Fwp%2Fv2%2Fproduct_tag&post=43908"}],"curies":[{"name":"wp","href":"https:\/\/api.w.org\/{rel}","templated":true}]}}