{"id":43616,"date":"2022-09-29T11:37:49","date_gmt":"2022-09-29T11:37:49","guid":{"rendered":"https:\/\/topgetestet.de\/?product=vaude-womens-tinshan-coat-iii-damenmantel"},"modified":"2022-09-29T11:37:49","modified_gmt":"2022-09-29T11:37:49","slug":"vaude-womens-tinshan-coat-iii-damenmantel","status":"publish","type":"product","link":"https:\/\/topgetestet.de\/?product=vaude-womens-tinshan-coat-iii-damenmantel","title":{"rendered":"VAUDE Women&#8217;s Tinshan Coat III &#8211; Damenmantel"},"content":{"rendered":"<p>Price: <span style=\"color:#b12704\">[price_with_discount]<\/span><br \/><i><small>(as of [price_update_date] &#8211; <span class=\"wp_automatic_amazon_disclaimer\" title=\"Product prices and availability are accurate as of the date\/time indicated and are subject to change. Any price and availability information displayed on [relevant Amazon Site(s), as applicable] at the time of purchase will apply to the purchase of this product.\">Details<\/span>)<\/small><\/i><\/p>\n<p><a href=\"https:\/\/amazon.de\/dp\/B0928QVJK8?tag=topgetestet09-21\"><img decoding=\"async\" src=\"https:\/\/i.imgur.com\/ISRHEWs.png\"><\/a><br \/>\n[ad_1]<br \/>\n <span>Schicker und pflegeleichter Wollmix-Mantel mit weichem Fleece-Innenfutter, optimal f\u00fcr die \u00dcbergangszeit. Auff\u00e4llig an diesem gro\u00dfz\u00fcgig geschnittenen Mantel sind die angesetzte Kapuze und der breite Bundabschluss an \u00c4rmel und Saum. Der Zwei-Wege-Frontrei\u00dfverschluss erm\u00f6glicht seiner Tr\u00e4gerin schnellen Zugriff auf die darunter befindlichen Hosentaschen, zwei Eingrifftaschen vorn w\u00e4rmen kalte Finger. Das weiche, umweltfreundliche Material bietet einen hohen Tragekomfort und ein wohliges Gef\u00fchl an k\u00fchlen Tagen. Das VAUDE Green Shape-Label steht f\u00fcr ein umweltfreundliches, funktionelles Produkt aus nachhaltigen Materialien.<\/span> <br \/> Verpackungsabmessungen \u200f : \u200e  49 x 38 x 4 cm; 755 Gramm <br \/> Im Angebot von Amazon.de seit \u200f : \u200e  22. April 2019 <br \/> Hersteller \u200f : \u200e  VAUDE <br \/> ASIN \u200f : \u200e  B07R16S9CK <br \/> Modellnummer \u200f : \u200e  41083 <br \/> Kategorie \u200f : \u200e  Damen <\/p>\n<p>Moderner Mantel f\u00fcr Frauen: Auff\u00e4llig an diesem gro\u00dfz\u00fcgig geschnittenen Mantel sind die angesetzte Kapuze und der breite Bundabschluss an \u00c4rmel und Saum<br \/>Aussenseite: 56% Polyester, 31% Wolle, 13% Polyamid; Innenseite: 100% Polyester<br \/>Tinshan III<br \/>Modellnummer: 41083<br \/>Praktische Details: Der Zwei-Wege-Frontrei\u00dfverschluss erm\u00f6glicht seiner Tr\u00e4gerin schnellen Zugriff auf die darunter befindlichen Hosentaschen, zwei Eingrifftaschen vorn w\u00e4rmen kalte Finger<br \/>Kuschelig warm: Das weiche, umweltfreundliche Material bietet einen hohen Tragekomfort und ein wohliges Gef\u00fchl an k\u00fchlen Tagen<br \/>Green Shape-Label: Das VAUDE Green Shape-Label steht f\u00fcr ein umweltfreundliches, funktionelles Produkt aus nachhaltigen Materialien<br \/>\n<br \/>[ad_2]<\/p>\n","protected":false},"excerpt":{"rendered":"<p>Price: [price_with_discount](as of [price_update_date] &#8211; Details) [ad_1] Schicker und pflegeleichter Wollmix-Mantel mit weichem Fleece-Innenfutter, optimal f\u00fcr die \u00dcbergangszeit. Auff\u00e4llig an diesem gro\u00dfz\u00fcgig geschnittenen Mantel sind die angesetzte Kapuze und der<\/p>\n","protected":false},"featured_media":43617,"comment_status":"open","ping_status":"closed","template":"","meta":[],"product_cat":[232],"product_tag":[],"class_list":{"0":"post-43616","1":"product","2":"type-product","3":"status-publish","4":"has-post-thumbnail","6":"product_cat-women-fashion","8":"first","9":"instock","10":"shipping-taxable","11":"product-type-external"},"aioseo_notices":[],"_links":{"self":[{"href":"https:\/\/topgetestet.de\/index.php?rest_route=\/wp\/v2\/product\/43616","targetHints":{"allow":["GET"]}}],"collection":[{"href":"https:\/\/topgetestet.de\/index.php?rest_route=\/wp\/v2\/product"}],"about":[{"href":"https:\/\/topgetestet.de\/index.php?rest_route=\/wp\/v2\/types\/product"}],"replies":[{"embeddable":true,"href":"https:\/\/topgetestet.de\/index.php?rest_route=%2Fwp%2Fv2%2Fcomments&post=43616"}],"wp:featuredmedia":[{"embeddable":true,"href":"https:\/\/topgetestet.de\/index.php?rest_route=\/wp\/v2\/media\/43617"}],"wp:attachment":[{"href":"https:\/\/topgetestet.de\/index.php?rest_route=%2Fwp%2Fv2%2Fmedia&parent=43616"}],"wp:term":[{"taxonomy":"product_cat","embeddable":true,"href":"https:\/\/topgetestet.de\/index.php?rest_route=%2Fwp%2Fv2%2Fproduct_cat&post=43616"},{"taxonomy":"product_tag","embeddable":true,"href":"https:\/\/topgetestet.de\/index.php?rest_route=%2Fwp%2Fv2%2Fproduct_tag&post=43616"}],"curies":[{"name":"wp","href":"https:\/\/api.w.org\/{rel}","templated":true}]}}