{"id":42715,"date":"2022-09-29T07:06:40","date_gmt":"2022-09-29T07:06:40","guid":{"rendered":"https:\/\/topgetestet.de\/?product=credo-hornhaut-flachraspel-pop-art-reibflache-rostfrei-orange"},"modified":"2022-09-29T07:06:40","modified_gmt":"2022-09-29T07:06:40","slug":"credo-hornhaut-flachraspel-pop-art-reibflache-rostfrei-orange","status":"publish","type":"product","link":"https:\/\/topgetestet.de\/?product=credo-hornhaut-flachraspel-pop-art-reibflache-rostfrei-orange","title":{"rendered":"CREDO Hornhaut Flachraspel POP ART, Reibfl\u00e4che rostfrei, orange"},"content":{"rendered":"<p>Price: <span style=\"color:#b12704\">[price_with_discount]<\/span><br \/><i><small>(as of [price_update_date] &#8211; <span class=\"wp_automatic_amazon_disclaimer\" title=\"Product prices and availability are accurate as of the date\/time indicated and are subject to change. Any price and availability information displayed on [relevant Amazon Site(s), as applicable] at the time of purchase will apply to the purchase of this product.\">Details<\/span>)<\/small><\/i><\/p>\n<p><a href=\"https:\/\/amazon.de\/dp\/B082LG43T8?tag=topgetestet09-21\"><img decoding=\"async\" src=\"https:\/\/i.imgur.com\/ISRHEWs.png\"><\/a><br \/>\n[ad_1]<br \/>\n <span>Die CREDO Hornhaut-Flachraspel PopArt ist eine sichere Alternative zur Entfernung von Hornhaut. Viele Micro-Pyramiden raspeln \u00fcberfl\u00fcssige Hornhaut ab. Je nach Verh\u00e4rtung kann zwischen der auswechselbaren groben oder feinen Raspelfl\u00e4che gew\u00e4hlt werden. Die CREDO-Hornhaut Flachraspel kann sowohl &#8220;hin- und her&#8221;, als auch kreisf\u00f6rmig eingesetzt werden. Abgeraspelte Hornhaut wird weitestgehendst im Container unter der Raspelfl\u00e4che gesammelt und kann leicht unter flie\u00dfendem Wasser entsorgt werden. Dazu einfach den Clip vom Halter entfernen und nach der Reinigung auf einem Handtuch trocknen. Gefertigt aus rostfreiem Kunststoff mit bunten PopArt ABS-Kunststoffgriffen. F\u00fcr Nickel-Allergiker geeignet. Diabetiker und Bluter sollten vor der Verwendung Ihren Arzt konsultieren. Verpackt im Blister. Made in Solingen, Germany.<\/span> <br \/>Je nach Verh\u00e4rtung kann zwischen der auswechselbaren groben oder feinen Raspelfl\u00e4che gew\u00e4hlt werden.<br \/>Die CREDO-Hornhaut Flachraspel kann sowohl &#8220;hin- und her&#8221;, als auch kreisf\u00f6rmig eingesetzt werden.<br \/>Abgeraspelte Hornhaut wird weitestgehendst im Container unter der Raspelfl\u00e4che gesammelt und kann leicht unter flie\u00dfendem Wasser entsorgt werden.<br \/>Made in Solingen, Germany<br \/>\n<br \/>[ad_2]<\/p>\n","protected":false},"excerpt":{"rendered":"<p>Price: [price_with_discount](as of [price_update_date] &#8211; Details) [ad_1] Die CREDO Hornhaut-Flachraspel PopArt ist eine sichere Alternative zur Entfernung von Hornhaut. Viele Micro-Pyramiden raspeln \u00fcberfl\u00fcssige Hornhaut ab. Je nach Verh\u00e4rtung kann zwischen<\/p>\n","protected":false},"featured_media":42716,"comment_status":"open","ping_status":"closed","template":"","meta":[],"product_cat":[228],"product_tag":[237],"class_list":{"0":"post-42715","1":"product","2":"type-product","3":"status-publish","4":"has-post-thumbnail","6":"product_cat-beauty","7":"product_tag-personal-care","9":"first","10":"instock","11":"sale","12":"shipping-taxable","13":"product-type-external"},"aioseo_notices":[],"_links":{"self":[{"href":"https:\/\/topgetestet.de\/index.php?rest_route=\/wp\/v2\/product\/42715","targetHints":{"allow":["GET"]}}],"collection":[{"href":"https:\/\/topgetestet.de\/index.php?rest_route=\/wp\/v2\/product"}],"about":[{"href":"https:\/\/topgetestet.de\/index.php?rest_route=\/wp\/v2\/types\/product"}],"replies":[{"embeddable":true,"href":"https:\/\/topgetestet.de\/index.php?rest_route=%2Fwp%2Fv2%2Fcomments&post=42715"}],"wp:featuredmedia":[{"embeddable":true,"href":"https:\/\/topgetestet.de\/index.php?rest_route=\/wp\/v2\/media\/42716"}],"wp:attachment":[{"href":"https:\/\/topgetestet.de\/index.php?rest_route=%2Fwp%2Fv2%2Fmedia&parent=42715"}],"wp:term":[{"taxonomy":"product_cat","embeddable":true,"href":"https:\/\/topgetestet.de\/index.php?rest_route=%2Fwp%2Fv2%2Fproduct_cat&post=42715"},{"taxonomy":"product_tag","embeddable":true,"href":"https:\/\/topgetestet.de\/index.php?rest_route=%2Fwp%2Fv2%2Fproduct_tag&post=42715"}],"curies":[{"name":"wp","href":"https:\/\/api.w.org\/{rel}","templated":true}]}}