{"id":41717,"date":"2022-09-29T01:16:16","date_gmt":"2022-09-29T01:16:16","guid":{"rendered":"https:\/\/topgetestet.de\/?product=fat-brain-toys-fa134-1-minispinny-spiel"},"modified":"2022-09-29T01:16:16","modified_gmt":"2022-09-29T01:16:16","slug":"fat-brain-toys-fa134-1-minispinny-spiel","status":"publish","type":"product","link":"https:\/\/topgetestet.de\/?product=fat-brain-toys-fa134-1-minispinny-spiel","title":{"rendered":"Fat Brain Toys FA134-1 MiniSpinny Spiel"},"content":{"rendered":"<p>Price: <span style=\"color:#b12704\">[price_with_discount]<\/span><br \/><i><small>(as of [price_update_date] &#8211; <span class=\"wp_automatic_amazon_disclaimer\" title=\"Product prices and availability are accurate as of the date\/time indicated and are subject to change. Any price and availability information displayed on [relevant Amazon Site(s), as applicable] at the time of purchase will apply to the purchase of this product.\">Details<\/span>)<\/small><\/i><\/p>\n<p><a href=\"https:\/\/amazon.de\/dp\/B01K22RIHS?tag=topgetestet09-21\"><img decoding=\"async\" src=\"https:\/\/i.imgur.com\/ISRHEWs.png\"><\/a><br \/>\n[ad_1]<br \/>\n <span>Fat Brain Toys MiniSpinny Das perfekte Spielzeug f\u00fcr zuhause und unterwegs! Die Gewindestange mit den auf- und abwirbelnden Teilen fesselt die Aufmerksamkeit und macht Spa\u00df. Passend auch schon f\u00fcr die ganz Kleinen. Ma\u00dfe 20 cm hoch. Alter: Ab 10 Monate.<\/span> <br \/>auf- und abwirbelnden Teile<br \/>auch schon f\u00fcr die ganz Kleinen<br \/>Altersgruppe: 10 Monate to 99 Jahre<br \/>\n<br \/>[ad_2]<\/p>\n","protected":false},"excerpt":{"rendered":"<p>Price: [price_with_discount](as of [price_update_date] &#8211; Details) [ad_1] Fat Brain Toys MiniSpinny Das perfekte Spielzeug f\u00fcr zuhause und unterwegs! Die Gewindestange mit den auf- und abwirbelnden Teilen fesselt die Aufmerksamkeit und<\/p>\n","protected":false},"featured_media":41718,"comment_status":"open","ping_status":"closed","template":"","meta":[],"product_cat":[227],"product_tag":[270],"class_list":{"0":"post-41717","1":"product","2":"type-product","3":"status-publish","4":"has-post-thumbnail","6":"product_cat-gaming","7":"product_tag-toys-games","9":"first","10":"instock","11":"shipping-taxable","12":"product-type-external"},"aioseo_notices":[],"_links":{"self":[{"href":"https:\/\/topgetestet.de\/index.php?rest_route=\/wp\/v2\/product\/41717","targetHints":{"allow":["GET"]}}],"collection":[{"href":"https:\/\/topgetestet.de\/index.php?rest_route=\/wp\/v2\/product"}],"about":[{"href":"https:\/\/topgetestet.de\/index.php?rest_route=\/wp\/v2\/types\/product"}],"replies":[{"embeddable":true,"href":"https:\/\/topgetestet.de\/index.php?rest_route=%2Fwp%2Fv2%2Fcomments&post=41717"}],"wp:featuredmedia":[{"embeddable":true,"href":"https:\/\/topgetestet.de\/index.php?rest_route=\/wp\/v2\/media\/41718"}],"wp:attachment":[{"href":"https:\/\/topgetestet.de\/index.php?rest_route=%2Fwp%2Fv2%2Fmedia&parent=41717"}],"wp:term":[{"taxonomy":"product_cat","embeddable":true,"href":"https:\/\/topgetestet.de\/index.php?rest_route=%2Fwp%2Fv2%2Fproduct_cat&post=41717"},{"taxonomy":"product_tag","embeddable":true,"href":"https:\/\/topgetestet.de\/index.php?rest_route=%2Fwp%2Fv2%2Fproduct_tag&post=41717"}],"curies":[{"name":"wp","href":"https:\/\/api.w.org\/{rel}","templated":true}]}}