{"id":40436,"date":"2022-09-28T15:25:23","date_gmt":"2022-09-28T15:25:23","guid":{"rendered":"https:\/\/topgetestet.de\/?product=sony-mdr-ex110apb-in-ear-kopfhorer-schwarz"},"modified":"2022-09-28T15:25:23","modified_gmt":"2022-09-28T15:25:23","slug":"sony-mdr-ex110apb-in-ear-kopfhorer-schwarz","status":"publish","type":"product","link":"https:\/\/topgetestet.de\/?product=sony-mdr-ex110apb-in-ear-kopfhorer-schwarz","title":{"rendered":"Sony MDR-EX110APB In-Ear-Kopfh\u00f6rer schwarz"},"content":{"rendered":"<p>Price: <span style=\"color:#b12704\">[price_with_discount]<\/span><br \/><i><small>(as of [price_update_date] &#8211; <span class=\"wp_automatic_amazon_disclaimer\" title=\"Product prices and availability are accurate as of the date\/time indicated and are subject to change. Any price and availability information displayed on [relevant Amazon Site(s), as applicable] at the time of purchase will apply to the purchase of this product.\">Details<\/span>)<\/small><\/i><\/p>\n<p><a href=\"https:\/\/amazon.de\/dp\/B00I3LUUIU?tag=topgetestet09-21\"><img decoding=\"async\" src=\"https:\/\/i.imgur.com\/ISRHEWs.png\"><\/a><br \/>\n[ad_1]<br \/>\n &#8211; Headsetfunktion dank integriertem Mikrofon <br \/>In-Ohr-Polsterung reduziert Umgebungsger\u00e4usche<br \/>Headsetfunktion dank integriertem Mikrofon<br \/>Integrierte Fernbedienung erm\u00f6glicht das Annehmen von Anrufen sowie Steuerung der Musik<br \/>Starker Neodymium Magnet sorgt f\u00fcr satte B\u00e4sse und volumin\u00f6sen Klangcharakter<br \/>Lieferumfang: Sony MDREX110APB.CE7 In-Ear-Kopfh\u00f6rer schwarz<br \/>\n<br \/>[ad_2]<\/p>\n","protected":false},"excerpt":{"rendered":"<p>Price: [price_with_discount](as of [price_update_date] &#8211; Details) [ad_1] &#8211; Headsetfunktion dank integriertem Mikrofon In-Ohr-Polsterung reduziert Umgebungsger\u00e4uscheHeadsetfunktion dank integriertem MikrofonIntegrierte Fernbedienung erm\u00f6glicht das Annehmen von Anrufen sowie Steuerung der MusikStarker Neodymium Magnet<\/p>\n","protected":false},"featured_media":40437,"comment_status":"open","ping_status":"closed","template":"","meta":[],"product_cat":[225],"product_tag":[],"class_list":{"0":"post-40436","1":"product","2":"type-product","3":"status-publish","4":"has-post-thumbnail","6":"product_cat-electronics","8":"first","9":"instock","10":"sale","11":"shipping-taxable","12":"product-type-external"},"aioseo_notices":[],"_links":{"self":[{"href":"https:\/\/topgetestet.de\/index.php?rest_route=\/wp\/v2\/product\/40436","targetHints":{"allow":["GET"]}}],"collection":[{"href":"https:\/\/topgetestet.de\/index.php?rest_route=\/wp\/v2\/product"}],"about":[{"href":"https:\/\/topgetestet.de\/index.php?rest_route=\/wp\/v2\/types\/product"}],"replies":[{"embeddable":true,"href":"https:\/\/topgetestet.de\/index.php?rest_route=%2Fwp%2Fv2%2Fcomments&post=40436"}],"wp:featuredmedia":[{"embeddable":true,"href":"https:\/\/topgetestet.de\/index.php?rest_route=\/wp\/v2\/media\/40437"}],"wp:attachment":[{"href":"https:\/\/topgetestet.de\/index.php?rest_route=%2Fwp%2Fv2%2Fmedia&parent=40436"}],"wp:term":[{"taxonomy":"product_cat","embeddable":true,"href":"https:\/\/topgetestet.de\/index.php?rest_route=%2Fwp%2Fv2%2Fproduct_cat&post=40436"},{"taxonomy":"product_tag","embeddable":true,"href":"https:\/\/topgetestet.de\/index.php?rest_route=%2Fwp%2Fv2%2Fproduct_tag&post=40436"}],"curies":[{"name":"wp","href":"https:\/\/api.w.org\/{rel}","templated":true}]}}