{"id":40100,"date":"2022-09-28T14:02:27","date_gmt":"2022-09-28T14:02:27","guid":{"rendered":"https:\/\/topgetestet.de\/?product=helikon-tex-defender-mk2-short-sleeve-shirt-olive-green"},"modified":"2022-09-28T14:02:27","modified_gmt":"2022-09-28T14:02:27","slug":"helikon-tex-defender-mk2-short-sleeve-shirt-olive-green","status":"publish","type":"product","link":"https:\/\/topgetestet.de\/?product=helikon-tex-defender-mk2-short-sleeve-shirt-olive-green","title":{"rendered":"Helikon-Tex Defender Mk2 Short Sleeve Shirt Olive Green"},"content":{"rendered":"<p>Price: <span style=\"color:#b12704\">[price_with_discount]<\/span><br \/><i><small>(as of [price_update_date] &#8211; <span class=\"wp_automatic_amazon_disclaimer\" title=\"Product prices and availability are accurate as of the date\/time indicated and are subject to change. Any price and availability information displayed on [relevant Amazon Site(s), as applicable] at the time of purchase will apply to the purchase of this product.\">Details<\/span>)<\/small><\/i><\/p>\n<p><a href=\"https:\/\/amazon.de\/dp\/B074NYQ3SN?tag=topgetestet09-21\"><img decoding=\"async\" src=\"https:\/\/i.imgur.com\/ISRHEWs.png\"><\/a><br \/>\n[ad_1]<br \/>\n <span>Das Defender MK2 Kurz Arm ist eine neue Version unseres klassischen Defender Shirts, es wurde f\u00fcr die Urban Line angepasst, die Taschen wurden umgestaltet und ein neuer Materialmix eingef\u00fchrt. Das leichte CVC Ripstop-Gewebe ist die bessere Wahl f\u00fcr den Sommer bei Aktivit\u00e4t in jedem Gel\u00e4nde, einschlie\u00dflich des urbanen Dschungels. Es ist leichter, leitet Feuchtigkeit besser ab, ist atmungsaktiver und trocknet schneller.<br \/>Dieses T-Shirt ist f\u00fcr Einsatzkr\u00e4fte, Operator, Sicherheitspersonal und aktive Personen, die Kleidungsst\u00fccke kombiniert mit Funktionalit\u00e4t, taktischen Look und \u00c4sthetik zu sch\u00e4tzen wissen. Es sitz locker genug, um Bewegung zu erm\u00f6glichen, und trotzdem eine eine flache K\u00f6rperpanzerung oder ein IWB-Holster zu verbergen. Frontversteifung unter dem Kragen verhindert Kragenrollen &#8211; er w\u00fcrde auch unter Zug stehen bleiben. Die Knopfleiste hat einen Sonnenbrillen-Halter.<\/p>\n<p>Defender MK2 Short Sleeve is a new short sleeve version of our classical Defender shirt, refreshed to fit the Urban Line by redesigning pockets and introducing the new fabric. The light CVC Ripstop fabric is better summer proposition for active wear in any terrain, including the urban jungle. It is lighter, better wicks humidity, is more breathable and dries quicker.This shirt is designed for law officers, operators, security personnel and active persons who need garment combining functionality, tactical look and esthetics. It is cut loose enough to allow movement, hide a low-profile body armor or IWB holster. The fabric is breathable and dries quickly. Front stiffener under the collar prevents collar rolling \u2013 it would stay neat even under duress. The button slat has an eyeshade holder.<\/span> <br \/>Anatomic cut<br \/>Non-rolling collar<br \/>Eyeshade holder<br \/>58% Baumwolle, 40% Polyester, 2% Elasthan<br \/>\n<br \/>[ad_2]<\/p>\n","protected":false},"excerpt":{"rendered":"<p>Price: [price_with_discount](as of [price_update_date] &#8211; Details) [ad_1] Das Defender MK2 Kurz Arm ist eine neue Version unseres klassischen Defender Shirts, es wurde f\u00fcr die Urban Line angepasst, die Taschen wurden<\/p>\n","protected":false},"featured_media":40101,"comment_status":"open","ping_status":"closed","template":"","meta":[],"product_cat":[232],"product_tag":[],"class_list":{"0":"post-40100","1":"product","2":"type-product","3":"status-publish","4":"has-post-thumbnail","6":"product_cat-women-fashion","8":"first","9":"instock","10":"shipping-taxable","11":"product-type-external"},"aioseo_notices":[],"_links":{"self":[{"href":"https:\/\/topgetestet.de\/index.php?rest_route=\/wp\/v2\/product\/40100","targetHints":{"allow":["GET"]}}],"collection":[{"href":"https:\/\/topgetestet.de\/index.php?rest_route=\/wp\/v2\/product"}],"about":[{"href":"https:\/\/topgetestet.de\/index.php?rest_route=\/wp\/v2\/types\/product"}],"replies":[{"embeddable":true,"href":"https:\/\/topgetestet.de\/index.php?rest_route=%2Fwp%2Fv2%2Fcomments&post=40100"}],"wp:featuredmedia":[{"embeddable":true,"href":"https:\/\/topgetestet.de\/index.php?rest_route=\/wp\/v2\/media\/40101"}],"wp:attachment":[{"href":"https:\/\/topgetestet.de\/index.php?rest_route=%2Fwp%2Fv2%2Fmedia&parent=40100"}],"wp:term":[{"taxonomy":"product_cat","embeddable":true,"href":"https:\/\/topgetestet.de\/index.php?rest_route=%2Fwp%2Fv2%2Fproduct_cat&post=40100"},{"taxonomy":"product_tag","embeddable":true,"href":"https:\/\/topgetestet.de\/index.php?rest_route=%2Fwp%2Fv2%2Fproduct_tag&post=40100"}],"curies":[{"name":"wp","href":"https:\/\/api.w.org\/{rel}","templated":true}]}}