{"id":38918,"date":"2022-09-28T03:35:48","date_gmt":"2022-09-28T03:35:48","guid":{"rendered":"https:\/\/topgetestet.de\/?product=ring-fit-adventure-nintendo-switch"},"modified":"2022-09-28T03:35:48","modified_gmt":"2022-09-28T03:35:48","slug":"ring-fit-adventure-nintendo-switch","status":"publish","type":"product","link":"https:\/\/topgetestet.de\/?product=ring-fit-adventure-nintendo-switch","title":{"rendered":"Ring Fit Adventure &#8211; [Nintendo Switch]"},"content":{"rendered":"<p>Price: <span style=\"color:#b12704\">[price_with_discount]<\/span><br \/><i><small>(as of [price_update_date] &#8211; <span class=\"wp_automatic_amazon_disclaimer\" title=\"Product prices and availability are accurate as of the date\/time indicated and are subject to change. Any price and availability information displayed on [relevant Amazon Site(s), as applicable] at the time of purchase will apply to the purchase of this product.\">Details<\/span>)<\/small><\/i><\/p>\n<p><a href=\"https:\/\/amazon.de\/dp\/B07XTVTRLZ?tag=topgetestet09-21\"><img decoding=\"async\" src=\"https:\/\/i.imgur.com\/ISRHEWs.png\"><\/a><br \/>\n[ad_1]<br \/>\n <span>Ring Fit Adventure &#8211; Bewegungsgesteuerter Nintendo Switch-Titel verbindet Abenteuerspiel mit Fitness-\u00dcbungen<\/p>\n<p>Ring Fit Adventure l\u00e4dt Spiele- und Bewegungs-Fans in ein fantastisches Abenteuer ein, in dem sie ihre Gegner mittels realer Bewegungen und Fitness-\u00dcbungen bezwingen k\u00f6nnen. Dies wird m\u00f6glich durch brandneues, von Fitnessger\u00e4ten inspiriertes Zubeh\u00f6r: dem Ring-Con und dem Beingurt, die im Lieferumfang des Spiels enthalten sind. Sie \u00fcbertragen die Bewegungen der SpielerInnen auf den Bildschirm: Um sich im Spiel fortbewegen zu k\u00f6nnen, m\u00fcssen die SpielerInnen etwa auf der Stelle joggen \u2013 diese Laufbewegung wird mittels des Beingurt in das Spiel und auf den Charakter \u00fcbertragen. Und ein kr\u00e4ftiger Druck auf den Ring-Con kann eine m\u00e4chtige Attacke gegen Widersacher ausl\u00f6sen. Wer t\u00e4glich damit spielt, verbindet Spielspa\u00df mit einem regelm\u00e4\u00dfigen Training verschiedener Muskelgruppen. Die abwechslungsreichen Minispiele und \u00dcbungen k\u00f6nnen von allen Nintendo Switch-SportlerInnen absolviert werden, unabh\u00e4ngig von Alter, Spielerfahrung und Fitnessgrad.<\/p>\n<p>Gegner bek\u00e4mpfen mit Fitness-\u00dcbungen<br \/>\u2022 Die Spieler navigieren ihre Figur durch allerlei Hindernisse und Herausforderungen, indem sie \u2013 unter anderem &#8211; den Ring zusammendr\u00fccken, Squats und Kniebeugen machen. Die Aufgaben, die es zu bew\u00e4ltigen gilt, sind auf eine Vielzahl unterschiedlicher SpielerInnen und Fitnessgrade zugeschnitten. Man setzt einfach die Joy-Con der Nintendo Switch in das neue Zubeh\u00f6r ein. Anschlie\u00dfend bringt man den Beingurt am linken Oberschenkel an, den Ring-Con h\u00e4lt man mit beiden H\u00e4nden \u2013 und schon kann es losgehen. Der flexible Ring-Con reagiert mit Widerstand auf Ziehen und Zusammendr\u00fccken und ist, durch den rechten Joy-Con, mit einem Sensor ausgestattet, der die Krafteinwirkung der Spieler misst. Ring Fit Adventure kann den individuellen F\u00e4higkeiten der SpielerInnen angepasst werden \u2013 auch wenn sie noch keine Erfahrungen mit Fitness\u00fcbungen haben. So k\u00f6nnen sie ihre \u00dcbungen in genau der Intensit\u00e4t absolvieren, die sie als angenehm empfinden.<\/p>\n<p>\u2022 Der Abenteuermodus von Ring Fit Adventure spielt in einer farbenfrohen Welt, in der ein humorvolles Abenteuer mit Fitness-\u00dcbungen bestritten wird. Die SpielerInnen reisen durch \u00fcber 20 verschiedene Welten, indem sie den Beingurt anlegen und auf der Stelle loslaufen. Mit Hilfe des Ring-Con k\u00f6nnen sie zudem springen, schweben, rudern und vieles mehr. Am Wegesrand tauchen aber auch immer wieder kampfbereite Widersacher auf. Gegen sie k\u00f6nnen sich die SpielerInnen mit \u00fcber 40 Fitness-\u00dcbungen zur Wehr setzen, die verschiedene Muskelgruppen trainieren. Neben Spezial\u00fcbungen f\u00fcr Arme, Beine und Bauchmuskulatur stehen auch verschiedene Yoga-Einheiten zur Auswahl. Zudem liefert Ring Fit Adventure den SpielerInnen Anleitungen, wie sie die \u00dcbungen korrekt ausf\u00fchren. Das lohnt sich, denn wer Bewegungsablauf und K\u00f6rperhaltung richtig beherrscht, wird mit den Gegnern im Spiel leichter fertig. Mit jeder Aktion im Spiel gewinnt die eigene Figur zus\u00e4tzliche Erfahrungspunkte und Upgrades, mit denen sie sich wiederum neue Fitness-\u00dcbungen freispielt. So motiviert der Abenteuer-Modus dazu, regelm\u00e4\u00dfig zu spielen und zu trainieren \u2013 und so nicht nur die Fitness des Spiel-Charakters sondern auch die eigene Fitness zu verbessern.<\/p>\n<p>Zus\u00e4tzliche Spielmodi<br \/>\u2022 Wer nur ein kurzes Workout absolvieren m\u00f6chte, ohne ins Abenteuer einzusteigen, kann das Schnellspiel absolvieren. Es erm\u00f6glicht, alleine oder mit Freunden Familie auf Punktejagd zu gehen und schnelle Trainingseinheiten zu absolvieren. Auch in diesem Modus laden vielf\u00e4ltige Minispiele zu den unterschiedlichsten Aktivit\u00e4ten ein: So kann man etwa mit Windb\u00f6en, die der Ring-Con erzeugt, Kisten aufbrechen oder durch Kniebeugen Skulpturen formen.<br \/>\u2022 Noch mehr Trainingsm\u00f6glichkeiten bieten die Modi Einzel\u00fcbung und Sets. In Einzel\u00fcbung w\u00e4hlen die Spieler gezielt individuelle \u00dcbungen f\u00fcr sich aus. Ihre pers\u00f6nlichen Bestleistungen werden automatisch aufgezeichnet, so dass sie ihre Fortschritte jederzeit im Auge behalten. Der Modus Sets wiederum besteht aus \u00dcbungen, die jeweils auf bestimmte Muskelgruppen zugeschnitten sind. So k\u00f6nnen gezielt Beine, Schultern, der Unterk\u00f6rper oder die K\u00f6rpermitte trainiert werden. Und f\u00fcr alle, die mit ihrem Training die Nachbarn ein Stockwerk tiefer nicht st\u00f6ren wollen, verf\u00fcgt Ring Fit Adventure \u00fcber einen leisen Modus. Ist er aktiviert, ersetzt das Spiel das tats\u00e4chliche Joggen auf der Stelle automatisch durch leisere Bewegungen ohne Trappeln.<\/p>\n<p>FEATURES:<br \/>\u2022 Ring Fit Adventure ist ein neues Abenteuer-Spiel f\u00fcr Nintendo Switch, das Fitness-\u00dcbungen mit Spielspa\u00df kombiniert. Das beiliegende, innovative Zubeh\u00f6r erm\u00f6glicht es, die Bewegungen der Spieler ins Spiel zu \u00fcbertragen, und sorgt dadurch f\u00fcr eine einzigartige Spielerfahrung.<br \/>\u2022 Abenteuermodus: Virtuelle Gegner werden mit tats\u00e4chlich ausgef\u00fchrten Fitness-\u00dcbungen besiegt<br \/>\u2022 Ring-Con und Beingurt: Neues, von Fitnessger\u00e4ten inspiriertes Zubeh\u00f6r, erkennt die Bewegungen der SpielerInnen und \u00fcbertr\u00e4gt sie ins Spiel<br \/>\u2022 Die Intensit\u00e4t der \u00dcbungen ist individuell bestimmbar \u2013 f\u00fcr jedes Alter und jeden Fitness-Grad: f\u00fcr Kinder ebenso wie f\u00fcr Erwachsene<br \/>\u2022 Erkunde eine riesige Fantasy-Welt und besiege Gegner mit \u00fcber 60 echten Fitness\u00fcbungen.<br \/>\u2022 Renne, sprinte und hebe die Knie in mehr als 100 Leveln in \u00fcber 20 Welten.<br \/>\u2022 Sammle Zutaten und stelle Smoothies im Spiel her, um deine Charakterwerte kurzzeitig zu erh\u00f6hen.<br \/>\u2022 Sammle goldene Ringe in den Leveln und schalte Sportkleidung frei, die deine Charakterwerte verbessert.<br \/>\u2022 Steuere deinen Charakter mit Ring-Con und Beingurt, zwei brandneuen Zubeh\u00f6rteilen.<br \/>\u2022 Spiele ein umfangreiches Abenteuer oder kurze Minispiele, beides f\u00fcr fast alle Fitnesslevel und Tagespl\u00e4ne geeignet.<br \/>\u2022 Nutze die IR-Bewegungskamera zur ungef\u00e4hren Pulsmessung.<br \/>\u2022 Erstelle deine eigenen Ganzk\u00f6rper\u00fcbungsprogramme, die sich deinem Lebensstil anpassen.<br \/>\u2022 \u00dcbe auch ohne das Spiel nur mit dem Ring-Con-Zubeh\u00f6r, um Erfahrungspunkte zu verdienen.<\/p>\n<p>Inhalt: Spiel Ring Fit Adventure, Ring-Con, Leg Strap<\/p>\n<p><\/span> <br \/> Batterien \u200f : \u200e  1 Lithium-Ionen Batterien erforderlich. <br \/> Alterseinstufung \u200f : \u200e  USK ab 0 freigegeben <br \/> Sprache \u200f : \u200e  Spanisch, Deutsch, Franz\u00f6sisch, Englisch, Italienisch <br \/> Handbuch \u200f : \u200e  Spanisch, Portugiesisch <br \/> Produktabmessungen \u200f : \u200e  34 x 33.1 x 6.5 cm; 740 Gramm <br \/> Erscheinungstermin \u200f : \u200e  18. Oktober 2019 <br \/> Untertitel: \u200f : \u200e  Spanisch, Englisch, Niederl\u00e4ndisch, Italienisch, Franz\u00f6sisch, Deutsch <br \/> ASIN \u200f : \u200e  B07XTVTRLZ <br \/> Modellnummer \u200f : \u200e  10001992 <br \/> Herkunftsland \u200f : \u200e  Deutschland <\/p>\n<p>Abenteuermodus: Virtuelle Gegner werden mit tats\u00e4chlich ausgef\u00fchrten Fitness-\u00dcbungen besiegt<br \/>Ring-Con und Beingurt: Neues, von Fitnessger\u00e4ten inspiriertes Zubeh\u00f6r, erkennt die Bewegungen der SpielerInnen und \u00fcbertr\u00e4gt sie ins Spiel<br \/>Die Intensit\u00e4t der \u00dcbungen ist individuell bestimmbar \u2013 f\u00fcr jedes Alter und jeden Fitness-Grad: f\u00fcr Kinder ebenso wie f\u00fcr Erwachsene<br \/>\n<br \/>[ad_2]<\/p>\n","protected":false},"excerpt":{"rendered":"<p>Price: [price_with_discount](as of [price_update_date] &#8211; Details) [ad_1] Ring Fit Adventure &#8211; Bewegungsgesteuerter Nintendo Switch-Titel verbindet Abenteuerspiel mit Fitness-\u00dcbungen Ring Fit Adventure l\u00e4dt Spiele- und Bewegungs-Fans in ein fantastisches Abenteuer ein,<\/p>\n","protected":false},"featured_media":38919,"comment_status":"open","ping_status":"closed","template":"","meta":[],"product_cat":[227],"product_tag":[264],"class_list":{"0":"post-38918","1":"product","2":"type-product","3":"status-publish","4":"has-post-thumbnail","6":"product_cat-gaming","7":"product_tag-playstation-4-accessories","9":"first","10":"instock","11":"shipping-taxable","12":"product-type-external"},"aioseo_notices":[],"_links":{"self":[{"href":"https:\/\/topgetestet.de\/index.php?rest_route=\/wp\/v2\/product\/38918","targetHints":{"allow":["GET"]}}],"collection":[{"href":"https:\/\/topgetestet.de\/index.php?rest_route=\/wp\/v2\/product"}],"about":[{"href":"https:\/\/topgetestet.de\/index.php?rest_route=\/wp\/v2\/types\/product"}],"replies":[{"embeddable":true,"href":"https:\/\/topgetestet.de\/index.php?rest_route=%2Fwp%2Fv2%2Fcomments&post=38918"}],"wp:featuredmedia":[{"embeddable":true,"href":"https:\/\/topgetestet.de\/index.php?rest_route=\/wp\/v2\/media\/38919"}],"wp:attachment":[{"href":"https:\/\/topgetestet.de\/index.php?rest_route=%2Fwp%2Fv2%2Fmedia&parent=38918"}],"wp:term":[{"taxonomy":"product_cat","embeddable":true,"href":"https:\/\/topgetestet.de\/index.php?rest_route=%2Fwp%2Fv2%2Fproduct_cat&post=38918"},{"taxonomy":"product_tag","embeddable":true,"href":"https:\/\/topgetestet.de\/index.php?rest_route=%2Fwp%2Fv2%2Fproduct_tag&post=38918"}],"curies":[{"name":"wp","href":"https:\/\/api.w.org\/{rel}","templated":true}]}}