{"id":38721,"date":"2022-09-28T02:02:32","date_gmt":"2022-09-28T02:02:32","guid":{"rendered":"https:\/\/topgetestet.de\/?product=asics-damen-gel-nimbus-23-tokyo-road-running-shoes-2"},"modified":"2022-09-28T02:02:32","modified_gmt":"2022-09-28T02:02:32","slug":"asics-damen-gel-nimbus-23-tokyo-road-running-shoes-2","status":"publish","type":"product","link":"https:\/\/topgetestet.de\/?product=asics-damen-gel-nimbus-23-tokyo-road-running-shoes-2","title":{"rendered":"ASICS Damen Gel-nimbus 23 Tokyo Road Running Shoes"},"content":{"rendered":"<p>Price: <span style=\"color:#b12704\">[price_with_discount]<\/span><br \/><i><small>(as of [price_update_date] &#8211; <span class=\"wp_automatic_amazon_disclaimer\" title=\"Product prices and availability are accurate as of the date\/time indicated and are subject to change. Any price and availability information displayed on [relevant Amazon Site(s), as applicable] at the time of purchase will apply to the purchase of this product.\">Details<\/span>)<\/small><\/i><\/p>\n<p><a href=\"https:\/\/amazon.de\/dp\/B08NWHP3F9?tag=topgetestet09-21\"><img decoding=\"async\" src=\"https:\/\/i.imgur.com\/ISRHEWs.png\"><\/a><br \/>\n[ad_1]<br \/>\n <span>Der Asics GEL-Nimbus 23 Tokyo ist eine limitierte Auflage dieses super komfortablen und stylischen Laufschuhs. Der Tokyo bietet einen weichen und geschmeidigen Lauf und ist darauf konzipiert einen effizienteren Zehenabsto\u00df zu erm\u00f6glichen. Zudem kommt er mit besonderen Design-Akzenten, welche Japan und die Hauptstadt Tokyo ehren sollen. Der Nimbus Tokyo \u00fcberzeugt mit seinem leichten Material aus Mesh, welches eine ideale Bel\u00fcftung und Luftzirkulation bietet. Das Material schmiegt sich an den Fuss und sorgt f\u00fcr einen verbesserten Halt und mehr Komfort. Die reaktionsfreudige und robuste FLYTEFOAM-Mittelsohle, in Kombination mit der gro\u00dfartigen GEL-D\u00e4mpfung, sorgt f\u00fcr ein angenehmes Tragegef\u00fchl und Ausdauerbereitschaft. Eine Space Trusstic-Technologie erm\u00f6glicht dem Fu\u00df eine nat\u00fcrlichere und gleichm\u00e4\u00dfigere Laufbewegung und reduziert das Gesamtgewicht. Somit bietet der Schuh zudem mehr Stabilit\u00e4t. Der Schuh ist besonders f\u00fcr L\u00e4ufer mit Pronation geeignet.<\/span> <br \/> Produktabmessungen \u200f : \u200e  22.9 x 10.8 x 8.3 cm; 650 Gramm <br \/> Im Angebot von Amazon.de seit \u200f : \u200e  19. November 2020 <br \/> Hersteller \u200f : \u200e  Asics <br \/> ASIN \u200f : \u200e  B08NWFPPXM <br \/> Modellnummer \u200f : \u200e  1012B140-600_37 <br \/> Kategorie \u200f : \u200e  Damen <\/p>\n<p>Innenmaterial: Fabric<br \/>Sohle: Fabric<br \/>Verschluss: Schn\u00fcrung<br \/>Absatzh\u00f6he: 27 Millimeter<br \/>Absatzform: Plateauabsatz<br \/>Materialzusammensetzung: synthetik<br \/>\n<br \/>[ad_2]<\/p>\n","protected":false},"excerpt":{"rendered":"<p>Price: [price_with_discount](as of [price_update_date] &#8211; Details) [ad_1] Der Asics GEL-Nimbus 23 Tokyo ist eine limitierte Auflage dieses super komfortablen und stylischen Laufschuhs. Der Tokyo bietet einen weichen und geschmeidigen Lauf<\/p>\n","protected":false},"featured_media":38722,"comment_status":"open","ping_status":"closed","template":"","meta":[],"product_cat":[234],"product_tag":[236],"class_list":{"0":"post-38721","1":"product","2":"type-product","3":"status-publish","4":"has-post-thumbnail","6":"product_cat-shoes","7":"product_tag-womens-road-running-shoes","9":"first","10":"instock","11":"shipping-taxable","12":"product-type-external"},"aioseo_notices":[],"_links":{"self":[{"href":"https:\/\/topgetestet.de\/index.php?rest_route=\/wp\/v2\/product\/38721","targetHints":{"allow":["GET"]}}],"collection":[{"href":"https:\/\/topgetestet.de\/index.php?rest_route=\/wp\/v2\/product"}],"about":[{"href":"https:\/\/topgetestet.de\/index.php?rest_route=\/wp\/v2\/types\/product"}],"replies":[{"embeddable":true,"href":"https:\/\/topgetestet.de\/index.php?rest_route=%2Fwp%2Fv2%2Fcomments&post=38721"}],"wp:featuredmedia":[{"embeddable":true,"href":"https:\/\/topgetestet.de\/index.php?rest_route=\/wp\/v2\/media\/38722"}],"wp:attachment":[{"href":"https:\/\/topgetestet.de\/index.php?rest_route=%2Fwp%2Fv2%2Fmedia&parent=38721"}],"wp:term":[{"taxonomy":"product_cat","embeddable":true,"href":"https:\/\/topgetestet.de\/index.php?rest_route=%2Fwp%2Fv2%2Fproduct_cat&post=38721"},{"taxonomy":"product_tag","embeddable":true,"href":"https:\/\/topgetestet.de\/index.php?rest_route=%2Fwp%2Fv2%2Fproduct_tag&post=38721"}],"curies":[{"name":"wp","href":"https:\/\/api.w.org\/{rel}","templated":true}]}}