{"id":38099,"date":"2022-09-27T21:34:39","date_gmt":"2022-09-27T21:34:39","guid":{"rendered":"https:\/\/topgetestet.de\/?product=vaude-damen-womens-tvl-pavei-radschuh-2"},"modified":"2022-09-27T21:34:39","modified_gmt":"2022-09-27T21:34:39","slug":"vaude-damen-womens-tvl-pavei-radschuh-2","status":"publish","type":"product","link":"https:\/\/topgetestet.de\/?product=vaude-damen-womens-tvl-pavei-radschuh-2","title":{"rendered":"VAUDE Damen Women&#8217;s Tvl Pavei Radschuh"},"content":{"rendered":"<p>Price: <span style=\"color:#b12704\">[price_with_discount]<\/span><br \/><i><small>(as of [price_update_date] &#8211; <span class=\"wp_automatic_amazon_disclaimer\" title=\"Product prices and availability are accurate as of the date\/time indicated and are subject to change. Any price and availability information displayed on [relevant Amazon Site(s), as applicable] at the time of purchase will apply to the purchase of this product.\">Details<\/span>)<\/small><\/i><\/p>\n<p><a href=\"https:\/\/amazon.de\/dp\/B094NBPBR8?tag=topgetestet09-21\"><img decoding=\"async\" src=\"https:\/\/i.imgur.com\/ISRHEWs.png\"><\/a><br \/>\n[ad_1]<br \/>\n <span>F\u00fcr Entdeckungsreisen fernab Deines Alltags. Mit dem komfortablen Radreiseeschuh wirst Du die Probleme Deines Alltags schon auf den ersten Kilometern schnell vergessen haben. Das synthetische, strapazierf\u00e4hige Obermaterial kombiniert mit dem Schn\u00fcr-Klettsystem bietet Dir perfekten Halt und sorgt f\u00fcr ausreichend Bel\u00fcftung. Abgerundet wird die perfekte Passform durch die Ortholite Einlegesohle, die im Pedalbereich aus h\u00e4rterem PU-Schaum besteht und zudem f\u00fcr eine optimale Kraft\u00fcbertragung sorgt. Vorgeformte Zehen- und Fersenkappen bieten Stabilit\u00e4t und zus\u00e4tzlichen Abriebschutz. Inklusive reflektierende Elemente an der Ferse. Die innovative SUPtraction R20 Sohle aus 20 % recyceltem Gummi bietet ein modernes Profil mit exzellenter Griffigkeit sowohl bei trockenen als auch bei nassen Stra\u00dfenverh\u00e4ltnissen. Die mittlere Steifigkeit (V-Flow 5) sorgt f\u00fcr effiziente Kraft\u00fcbertragung auf dem Pedal und eine angenehme Abrollbewegung beim Gehen. Durch die abnehmbare Cleatabdeckung ist der Schuh mit g\u00e4ngigen Klicksystemen kompatibel.<\/span> <br \/> Sprache \u200f : \u200e  Deutsch, Deutsch, Deutsch, Deutsch, Deutsch <br \/> Verpackungsabmessungen \u200f : \u200e  32.3 x 23.3 x 11.8 cm; 930 Gramm <br \/> Im Angebot von Amazon.de seit \u200f : \u200e  11. Mai 2021 <br \/> Hersteller \u200f : \u200e  Vaude <br \/> ASIN \u200f : \u200e  B094N9WQ5B <br \/> Modellnummer \u200f : \u200e  20460 <br \/> Kategorie \u200f : \u200e  Damen <\/p>\n<p>Innenmaterial: Synthetik<br \/>Sohle: Gummi<br \/>Verschluss: Schn\u00fcrung<br \/>Absatzform: Kein Absatz<br \/>Materialzusammensetzung: Au\u00dfensohle: Vaude TVL Laufsohle, Innenmaterial: Polyester, Obermaterial: Synthetikgewebe<br \/>Schuhweite: medium<br \/>Nicht wasserfest<br \/>\n<br \/>[ad_2]<\/p>\n","protected":false},"excerpt":{"rendered":"<p>Price: [price_with_discount](as of [price_update_date] &#8211; Details) [ad_1] F\u00fcr Entdeckungsreisen fernab Deines Alltags. Mit dem komfortablen Radreiseeschuh wirst Du die Probleme Deines Alltags schon auf den ersten Kilometern schnell vergessen haben.<\/p>\n","protected":false},"featured_media":38100,"comment_status":"open","ping_status":"closed","template":"","meta":[],"product_cat":[232],"product_tag":[],"class_list":{"0":"post-38099","1":"product","2":"type-product","3":"status-publish","4":"has-post-thumbnail","6":"product_cat-women-fashion","8":"first","9":"instock","10":"shipping-taxable","11":"product-type-external"},"aioseo_notices":[],"_links":{"self":[{"href":"https:\/\/topgetestet.de\/index.php?rest_route=\/wp\/v2\/product\/38099","targetHints":{"allow":["GET"]}}],"collection":[{"href":"https:\/\/topgetestet.de\/index.php?rest_route=\/wp\/v2\/product"}],"about":[{"href":"https:\/\/topgetestet.de\/index.php?rest_route=\/wp\/v2\/types\/product"}],"replies":[{"embeddable":true,"href":"https:\/\/topgetestet.de\/index.php?rest_route=%2Fwp%2Fv2%2Fcomments&post=38099"}],"wp:featuredmedia":[{"embeddable":true,"href":"https:\/\/topgetestet.de\/index.php?rest_route=\/wp\/v2\/media\/38100"}],"wp:attachment":[{"href":"https:\/\/topgetestet.de\/index.php?rest_route=%2Fwp%2Fv2%2Fmedia&parent=38099"}],"wp:term":[{"taxonomy":"product_cat","embeddable":true,"href":"https:\/\/topgetestet.de\/index.php?rest_route=%2Fwp%2Fv2%2Fproduct_cat&post=38099"},{"taxonomy":"product_tag","embeddable":true,"href":"https:\/\/topgetestet.de\/index.php?rest_route=%2Fwp%2Fv2%2Fproduct_tag&post=38099"}],"curies":[{"name":"wp","href":"https:\/\/api.w.org\/{rel}","templated":true}]}}