{"id":37952,"date":"2022-09-27T21:06:59","date_gmt":"2022-09-27T21:06:59","guid":{"rendered":"https:\/\/topgetestet.de\/?product=vaude-herren-mens-larice-light-shirt-ii-pullover"},"modified":"2022-09-27T21:06:59","modified_gmt":"2022-09-27T21:06:59","slug":"vaude-herren-mens-larice-light-shirt-ii-pullover","status":"publish","type":"product","link":"https:\/\/topgetestet.de\/?product=vaude-herren-mens-larice-light-shirt-ii-pullover","title":{"rendered":"VAUDE Herren Men&#8217;s Larice Light Shirt Ii Pullover"},"content":{"rendered":"<p>Price: <span style=\"color:#b12704\">[price_with_discount]<\/span><br \/><i><small>(as of [price_update_date] &#8211; <span class=\"wp_automatic_amazon_disclaimer\" title=\"Product prices and availability are accurate as of the date\/time indicated and are subject to change. Any price and availability information displayed on [relevant Amazon Site(s), as applicable] at the time of purchase will apply to the purchase of this product.\">Details<\/span>)<\/small><\/i><\/p>\n<p><a href=\"https:\/\/amazon.de\/dp\/B0928S9LKJ?tag=topgetestet09-21\"><img decoding=\"async\" src=\"https:\/\/i.imgur.com\/ISRHEWs.png\"><\/a><br \/>\n[ad_1]<br \/>\n <span class=\"a-size-small a-color-secondary\"> L\u00e4nge (in mittlerer Gr\u00f6\u00dfe): 74 cm Gewicht: 174 g <\/span> <br \/>f\u00fcr weitere Aktivit\u00e4ten besonders gut geeignet<br \/>Flatlockn\u00e4hte<br \/>klimaneutral kompensiert; umweltfreundlich hergestellt<br \/>\n<br \/>[ad_2]<\/p>\n","protected":false},"excerpt":{"rendered":"<p>Price: [price_with_discount](as of [price_update_date] &#8211; Details) [ad_1] L\u00e4nge (in mittlerer Gr\u00f6\u00dfe): 74 cm Gewicht: 174 g f\u00fcr weitere Aktivit\u00e4ten besonders gut geeignetFlatlockn\u00e4hteklimaneutral kompensiert; umweltfreundlich hergestellt [ad_2]<\/p>\n","protected":false},"featured_media":37953,"comment_status":"open","ping_status":"closed","template":"","meta":[],"product_cat":[231],"product_tag":[],"class_list":{"0":"post-37952","1":"product","2":"type-product","3":"status-publish","4":"has-post-thumbnail","6":"product_cat-mens-fashion","8":"first","9":"instock","10":"shipping-taxable","11":"product-type-external"},"aioseo_notices":[],"_links":{"self":[{"href":"https:\/\/topgetestet.de\/index.php?rest_route=\/wp\/v2\/product\/37952","targetHints":{"allow":["GET"]}}],"collection":[{"href":"https:\/\/topgetestet.de\/index.php?rest_route=\/wp\/v2\/product"}],"about":[{"href":"https:\/\/topgetestet.de\/index.php?rest_route=\/wp\/v2\/types\/product"}],"replies":[{"embeddable":true,"href":"https:\/\/topgetestet.de\/index.php?rest_route=%2Fwp%2Fv2%2Fcomments&post=37952"}],"wp:featuredmedia":[{"embeddable":true,"href":"https:\/\/topgetestet.de\/index.php?rest_route=\/wp\/v2\/media\/37953"}],"wp:attachment":[{"href":"https:\/\/topgetestet.de\/index.php?rest_route=%2Fwp%2Fv2%2Fmedia&parent=37952"}],"wp:term":[{"taxonomy":"product_cat","embeddable":true,"href":"https:\/\/topgetestet.de\/index.php?rest_route=%2Fwp%2Fv2%2Fproduct_cat&post=37952"},{"taxonomy":"product_tag","embeddable":true,"href":"https:\/\/topgetestet.de\/index.php?rest_route=%2Fwp%2Fv2%2Fproduct_tag&post=37952"}],"curies":[{"name":"wp","href":"https:\/\/api.w.org\/{rel}","templated":true}]}}