{"id":37524,"date":"2022-09-27T19:10:07","date_gmt":"2022-09-27T19:10:07","guid":{"rendered":"https:\/\/topgetestet.de\/?product=shure-se215-sound-isolation-in-ear-ohrhorer-clear"},"modified":"2022-09-27T19:10:07","modified_gmt":"2022-09-27T19:10:07","slug":"shure-se215-sound-isolation-in-ear-ohrhorer-clear","status":"publish","type":"product","link":"https:\/\/topgetestet.de\/?product=shure-se215-sound-isolation-in-ear-ohrhorer-clear","title":{"rendered":"Shure SE215 Sound Isolation In-Ear-Ohrh\u00f6rer Clear"},"content":{"rendered":"<p>Price: <span style=\"color:#b12704\">[price_with_discount]<\/span><br \/><i><small>(as of [price_update_date] &#8211; <span class=\"wp_automatic_amazon_disclaimer\" title=\"Product prices and availability are accurate as of the date\/time indicated and are subject to change. Any price and availability information displayed on [relevant Amazon Site(s), as applicable] at the time of purchase will apply to the purchase of this product.\">Details<\/span>)<\/small><\/i><\/p>\n<p><a href=\"https:\/\/amazon.de\/dp\/B004V3Q1ZA?tag=topgetestet09-21\"><img decoding=\"async\" src=\"https:\/\/i.imgur.com\/ISRHEWs.png\"><\/a><br \/>\n[ad_1]<br \/>\n <span class=\"a-size-small a-color-secondary\"> Shure SE215-CL Professionelle Ohrh\u00f6rer <\/span> <br \/>Dynamic MicroSpeaker f\u00fcr warmen Klang mit dynamischem Bass<br \/>Shure Sound Isolating Ohrh\u00f6rer schirmen bis zu 90% der Umgebungsger\u00e4suche ab<br \/>Abnehmbares Kabel, am Ohr drahtverst\u00e4rkt und eine Auswahl an Ohrpassst\u00fccken f\u00fcr komfortablen Sitz und sicheren Halt<br \/>Transparentes Geh\u00e4use und Kabel<br \/>SE215-CL Ohrh\u00f6rer, Soft Transport Tasche, Sound Isolating Ohrpassst\u00fccke: Schwarze Schaumstoff Ohrpassst\u00fccke (S, M, L), Silikon Ohrpassst\u00fccke (S, M, L)<br \/>\n<br \/>[ad_2]<\/p>\n","protected":false},"excerpt":{"rendered":"<p>Price: [price_with_discount](as of [price_update_date] &#8211; Details) [ad_1] Shure SE215-CL Professionelle Ohrh\u00f6rer Dynamic MicroSpeaker f\u00fcr warmen Klang mit dynamischem BassShure Sound Isolating Ohrh\u00f6rer schirmen bis zu 90% der Umgebungsger\u00e4suche abAbnehmbares Kabel,<\/p>\n","protected":false},"featured_media":37525,"comment_status":"open","ping_status":"closed","template":"","meta":[],"product_cat":[225],"product_tag":[],"class_list":{"0":"post-37524","1":"product","2":"type-product","3":"status-publish","4":"has-post-thumbnail","6":"product_cat-electronics","8":"first","9":"instock","10":"sale","11":"shipping-taxable","12":"product-type-external"},"aioseo_notices":[],"_links":{"self":[{"href":"https:\/\/topgetestet.de\/index.php?rest_route=\/wp\/v2\/product\/37524","targetHints":{"allow":["GET"]}}],"collection":[{"href":"https:\/\/topgetestet.de\/index.php?rest_route=\/wp\/v2\/product"}],"about":[{"href":"https:\/\/topgetestet.de\/index.php?rest_route=\/wp\/v2\/types\/product"}],"replies":[{"embeddable":true,"href":"https:\/\/topgetestet.de\/index.php?rest_route=%2Fwp%2Fv2%2Fcomments&post=37524"}],"wp:featuredmedia":[{"embeddable":true,"href":"https:\/\/topgetestet.de\/index.php?rest_route=\/wp\/v2\/media\/37525"}],"wp:attachment":[{"href":"https:\/\/topgetestet.de\/index.php?rest_route=%2Fwp%2Fv2%2Fmedia&parent=37524"}],"wp:term":[{"taxonomy":"product_cat","embeddable":true,"href":"https:\/\/topgetestet.de\/index.php?rest_route=%2Fwp%2Fv2%2Fproduct_cat&post=37524"},{"taxonomy":"product_tag","embeddable":true,"href":"https:\/\/topgetestet.de\/index.php?rest_route=%2Fwp%2Fv2%2Fproduct_tag&post=37524"}],"curies":[{"name":"wp","href":"https:\/\/api.w.org\/{rel}","templated":true}]}}