{"id":37099,"date":"2022-09-27T16:56:49","date_gmt":"2022-09-27T16:56:49","guid":{"rendered":"https:\/\/topgetestet.de\/?product=new-balance-laufmutze-fur-herren-und-damen"},"modified":"2022-09-27T16:56:49","modified_gmt":"2022-09-27T16:56:49","slug":"new-balance-laufmutze-fur-herren-und-damen","status":"publish","type":"product","link":"https:\/\/topgetestet.de\/?product=new-balance-laufmutze-fur-herren-und-damen","title":{"rendered":"New Balance Laufm\u00fctze f\u00fcr Herren und Damen"},"content":{"rendered":"<p>Price: <span style=\"color:#b12704\">[price_with_discount]<\/span><br \/><i><small>(as of [price_update_date] &#8211; <span class=\"wp_automatic_amazon_disclaimer\" title=\"Product prices and availability are accurate as of the date\/time indicated and are subject to change. Any price and availability information displayed on [relevant Amazon Site(s), as applicable] at the time of purchase will apply to the purchase of this product.\">Details<\/span>)<\/small><\/i><\/p>\n<p><a href=\"https:\/\/amazon.de\/dp\/B09RDBS79J?tag=topgetestet09-21\"><img decoding=\"async\" src=\"https:\/\/i.imgur.com\/ISRHEWs.png\"><\/a><br \/>\n[ad_1]<br \/>\n <span>Bei New Balance ist es unsere Aufgabe, Athleten bei ihrem Streben nach Exzellenz zu unterst\u00fctzen, ob das bedeutet, professionelle Athleten zu helfen, Rekorde zu setzen und Medaillen zu gewinnen, oder allt\u00e4gliche Athleten zu treffen, einen neuen PR zu erzielen, ihre ersten 5K zu laufen oder einfach nur einen ges\u00fcnderen und aktiveren Lebensstil zu f\u00fchren. Unsere Produkte sind die perfekte Mischung aus Funktion und Mode, geben Ihnen die Performance-Technologie, die Sie brauchen und den Stil, den Sie wollen. Unsere Mitarbeiter auf der ganzen Welt erwecken diese Ziele mit ihren hohen F\u00e4higkeiten und Kreativit\u00e4t. W\u00e4hrend wir das beste Produkt auf dem Markt anbieten, sind wir auch verpflichtet, zur\u00fcckzugeben. W\u00e4hrend wir also nach Erfolg suchen, glauben wir daran, dass andere die gleiche Gelegenheit haben.<\/span> <br \/> Im Angebot von Amazon.de seit \u200f : \u200e  6. Februar 2022 <br \/> ASIN \u200f : \u200e  B09RVMWZCF <br \/> Kategorie \u200f : \u200e  Unisex <\/p>\n<p>Feuchtigkeitstransport: Diese M\u00fctze ist wasserabweisend und mit einem hochwertigen Schwei\u00dfband ausgestattet. Sie bleiben k\u00fchl und trocken w\u00e4hrend Ihrer intensivsten Workouts. Kein Schwei\u00df mehr in die Augen fallen.<br \/>Verschluss: Klettverschluss<br \/>100% Polyester<br \/>Regul\u00e4r<br \/>Reflektivit\u00e4t: Der reflektierende New Balance Trockensiebdruck erm\u00f6glicht Sichtbarkeit f\u00fcr Ihre L\u00e4ufe oder Spazierg\u00e4nge im Dunkeln. Die flache Silhouette und die strukturierte Krempe verleihen dem Hut eine stilvolle und trendige Note.<br \/>Ultraleicht: Diese superleichte Sportkappe ist f\u00fcr den t\u00e4glichen Gebrauch und Outdoor-Aktivit\u00e4ten geeignet. Dies ist der perfekte Hut zum Angeln, Wandern, Reisen, Radfahren und Skateboarden.<br \/>Super atmungsaktiv: Die leichte Polyester-Mesh-Konstruktion sorgt daf\u00fcr, dass Luft frei flie\u00dft und Ihren Kopf atmen kann. Sie werden nie wieder einen anderen Hut tragen wollen!<br \/>\n<br \/>[ad_2]<\/p>\n","protected":false},"excerpt":{"rendered":"<p>Price: [price_with_discount](as of [price_update_date] &#8211; Details) [ad_1] Bei New Balance ist es unsere Aufgabe, Athleten bei ihrem Streben nach Exzellenz zu unterst\u00fctzen, ob das bedeutet, professionelle Athleten zu helfen, Rekorde<\/p>\n","protected":false},"featured_media":37100,"comment_status":"open","ping_status":"closed","template":"","meta":[],"product_cat":[231],"product_tag":[],"class_list":{"0":"post-37099","1":"product","2":"type-product","3":"status-publish","4":"has-post-thumbnail","6":"product_cat-mens-fashion","8":"first","9":"instock","10":"shipping-taxable","11":"product-type-external"},"aioseo_notices":[],"_links":{"self":[{"href":"https:\/\/topgetestet.de\/index.php?rest_route=\/wp\/v2\/product\/37099","targetHints":{"allow":["GET"]}}],"collection":[{"href":"https:\/\/topgetestet.de\/index.php?rest_route=\/wp\/v2\/product"}],"about":[{"href":"https:\/\/topgetestet.de\/index.php?rest_route=\/wp\/v2\/types\/product"}],"replies":[{"embeddable":true,"href":"https:\/\/topgetestet.de\/index.php?rest_route=%2Fwp%2Fv2%2Fcomments&post=37099"}],"wp:featuredmedia":[{"embeddable":true,"href":"https:\/\/topgetestet.de\/index.php?rest_route=\/wp\/v2\/media\/37100"}],"wp:attachment":[{"href":"https:\/\/topgetestet.de\/index.php?rest_route=%2Fwp%2Fv2%2Fmedia&parent=37099"}],"wp:term":[{"taxonomy":"product_cat","embeddable":true,"href":"https:\/\/topgetestet.de\/index.php?rest_route=%2Fwp%2Fv2%2Fproduct_cat&post=37099"},{"taxonomy":"product_tag","embeddable":true,"href":"https:\/\/topgetestet.de\/index.php?rest_route=%2Fwp%2Fv2%2Fproduct_tag&post=37099"}],"curies":[{"name":"wp","href":"https:\/\/api.w.org\/{rel}","templated":true}]}}