{"id":35752,"date":"2022-09-27T08:09:40","date_gmt":"2022-09-27T08:09:40","guid":{"rendered":"https:\/\/topgetestet.de\/?post_type=product&#038;p=35752"},"modified":"2022-09-27T08:09:40","modified_gmt":"2022-09-27T08:09:40","slug":"instax-mini-70-camera","status":"publish","type":"product","link":"https:\/\/topgetestet.de\/?product=instax-mini-70-camera","title":{"rendered":"instax Mini 70 Camera"},"content":{"rendered":"<p>Price: <span style=\"color:#b12704\">[price_with_discount]<\/span><br \/><i><small>(as of [price_update_date] &#8211; <span class=\"wp_automatic_amazon_disclaimer\" title=\"Product prices and availability are accurate as of the date\/time indicated and are subject to change. Any price and availability information displayed on [relevant Amazon Site(s), as applicable] at the time of purchase will apply to the purchase of this product.\">Details<\/span>)<\/small><\/i><\/p>\n<p><a href=\"https:\/\/amazon.de\/dp\/B01618VDO6?tag=topgetestet09-21\"><img decoding=\"async\" src=\"https:\/\/i.imgur.com\/ISRHEWs.png\"><\/a><br \/>\n[ad_1]<\/p>\n<p>        Produktbeschreibung des Herstellers <\/p>\n<p>               <img decoding=\"async\" alt=\"1\" src=\"https:\/\/images-na.ssl-images-amazon.com\/images\/G\/01\/x-locale\/common\/grey-pixel.gif\" class=\"a-lazy-loaded\" data-src=\"https:\/\/m.media-amazon.com\/images\/S\/aplus-media\/sota\/508a4b00-325c-4240-ad38-194a0c298c27._CR100,0,560,560_PT0_SX300__.jpg\"><\/p>\n<p>                <img decoding=\"async\" alt=\"1\" src=\"https:\/\/m.media-amazon.com\/images\/S\/aplus-media\/sota\/508a4b00-325c-4240-ad38-194a0c298c27._CR100,0,560,560_PT0_SX300__.jpg\"><\/p>\n<h3 class=\"a-spacing-mini\"> F\u00fcnf Farben \u2013 deine Wahl <\/h3>\n<p> Wei\u00df schimmernd wie der Mond, Eisblau wie der k\u00fchle Norden oder Sonnengelb wie ein Kanarienvogel \u2013 wie Deine Wahl auch ausf\u00e4llt: Die instax mini 70 ist in jedem Farbton ein echter Hingucker. Welche Farbe passt zu Dir? <\/p>\n<p> <img decoding=\"async\" alt=\"1\" src=\"https:\/\/images-na.ssl-images-amazon.com\/images\/G\/01\/x-locale\/common\/grey-pixel.gif\" class=\"a-lazy-loaded\" data-src=\"https:\/\/m.media-amazon.com\/images\/S\/aplus-media\/sota\/13133978-ae4d-4634-88d1-8779fc7ed493._CR100,0,560,560_PT0_SX220__.jpg\">\n                      <\/p>\n<p>                       <img decoding=\"async\" alt=\"1\" src=\"https:\/\/m.media-amazon.com\/images\/S\/aplus-media\/sota\/13133978-ae4d-4634-88d1-8779fc7ed493._CR100,0,560,560_PT0_SX220__.jpg\"><\/p>\n<p> <img decoding=\"async\" alt=\"1\" src=\"https:\/\/images-na.ssl-images-amazon.com\/images\/G\/01\/x-locale\/common\/grey-pixel.gif\" class=\"a-lazy-loaded\" data-src=\"https:\/\/m.media-amazon.com\/images\/S\/aplus-media\/sota\/7ffa7f01-dd6c-4a46-9c34-c9225cad930f._CR100,0,560,560_PT0_SX220__.jpg\">\n                      <\/p>\n<p>                       <img decoding=\"async\" alt=\"1\" src=\"https:\/\/m.media-amazon.com\/images\/S\/aplus-media\/sota\/7ffa7f01-dd6c-4a46-9c34-c9225cad930f._CR100,0,560,560_PT0_SX220__.jpg\"><\/p>\n<p> <img decoding=\"async\" alt=\"1\" src=\"https:\/\/images-na.ssl-images-amazon.com\/images\/G\/01\/x-locale\/common\/grey-pixel.gif\" class=\"a-lazy-loaded\" data-src=\"https:\/\/m.media-amazon.com\/images\/S\/aplus-media\/sota\/efda45df-4820-42e0-b3fa-b5dad2a37bc3._CR100,0,560,560_PT0_SX220__.jpg\">\n                      <\/p>\n<p>                       <img decoding=\"async\" alt=\"1\" src=\"https:\/\/m.media-amazon.com\/images\/S\/aplus-media\/sota\/efda45df-4820-42e0-b3fa-b5dad2a37bc3._CR100,0,560,560_PT0_SX220__.jpg\"><\/p>\n<p> <img decoding=\"async\" alt=\"1\" src=\"https:\/\/images-na.ssl-images-amazon.com\/images\/G\/01\/x-locale\/common\/grey-pixel.gif\" class=\"a-lazy-loaded\" data-src=\"https:\/\/m.media-amazon.com\/images\/S\/aplus-media\/sota\/365e469f-8d42-4ab4-ba94-d2b7b60ef5af._CR100,0,560,560_PT0_SX220__.jpg\">\n                      <\/p>\n<p>                       <img decoding=\"async\" alt=\"1\" src=\"https:\/\/m.media-amazon.com\/images\/S\/aplus-media\/sota\/365e469f-8d42-4ab4-ba94-d2b7b60ef5af._CR100,0,560,560_PT0_SX220__.jpg\"><\/p>\n<p>                      Blitz zur optimalen Ausleuchtung  <\/p>\n<p class=\"a-size-small\"> Der Aufhellblitz mit automatischer Blitzsteuerung sorgt f\u00fcr eine verbesserte Hintergrund-Ausleuchtung. Damit sind vor allem die Details aus dem Hintergrund Deiner Motive noch besser zu erkennen. <\/p>\n<p>                      Selbstausl\u00f6ser mit Serienfunktion  <\/p>\n<p class=\"a-size-small\"> Bilder mit Selbstausl\u00f6ser aufzunehmen, ist ein gro\u00dfer Spa\u00df. Mit dem Serienselbstausl\u00f6ser schie\u00dft Du gleich bis zu 2 Bilder hintereinander. <\/p>\n<p>                      Selfie-Einstellung  <\/p>\n<p class=\"a-size-small\"> Voll im Trend: Selfies. Daf\u00fcr bist Du mit den Selfi-Einstellungen der instax mini 70 perfekt ausger\u00fcstet. <\/p>\n<p>                      Selfie-Spiegel  <\/p>\n<p class=\"a-size-small\"> Der zus\u00e4tzliche Selfie-Spiegel am Objektiv erm\u00f6glichen tolle Aufnahmen von Dir. <\/p>\n<h3 class=\"a-spacing-small\"> Mehr zum Produkt <\/h3>\n<p> <img decoding=\"async\" alt=\"1\" src=\"https:\/\/images-na.ssl-images-amazon.com\/images\/G\/01\/x-locale\/common\/grey-pixel.gif\" class=\"a-spacing-mini a-lazy-loaded\" data-src=\"https:\/\/m.media-amazon.com\/images\/S\/aplus-media\/sota\/a9524843-f648-4617-9e20-f9e4d1bcc277._CR100,0,560,560_PT0_SX300__.jpg\">\n                    <\/p>\n<p>                     <img decoding=\"async\" alt=\"1\" src=\"https:\/\/m.media-amazon.com\/images\/S\/aplus-media\/sota\/a9524843-f648-4617-9e20-f9e4d1bcc277._CR100,0,560,560_PT0_SX300__.jpg\"><\/p>\n<p> <img decoding=\"async\" alt=\"1\" src=\"https:\/\/images-na.ssl-images-amazon.com\/images\/G\/01\/x-locale\/common\/grey-pixel.gif\" class=\"a-spacing-mini a-lazy-loaded\" data-src=\"https:\/\/m.media-amazon.com\/images\/S\/aplus-media\/sota\/a35a498c-b7ef-4e23-8eb8-b1537069c186._CR100,0,560,560_PT0_SX300__.jpg\">\n                    <\/p>\n<p>                     <img decoding=\"async\" alt=\"1\" src=\"https:\/\/m.media-amazon.com\/images\/S\/aplus-media\/sota\/a35a498c-b7ef-4e23-8eb8-b1537069c186._CR100,0,560,560_PT0_SX300__.jpg\"><\/p>\n<p> <img decoding=\"async\" alt=\"1\" src=\"https:\/\/images-na.ssl-images-amazon.com\/images\/G\/01\/x-locale\/common\/grey-pixel.gif\" class=\"a-spacing-mini a-lazy-loaded\" data-src=\"https:\/\/m.media-amazon.com\/images\/S\/aplus-media\/sota\/b6ee3341-d44f-4d53-b1fd-2c28b98a65d7._CR100,0,560,560_PT0_SX300__.jpg\">\n                    <\/p>\n<p>                     <img decoding=\"async\" alt=\"1\" src=\"https:\/\/m.media-amazon.com\/images\/S\/aplus-media\/sota\/b6ee3341-d44f-4d53-b1fd-2c28b98a65d7._CR100,0,560,560_PT0_SX300__.jpg\"><\/p>\n<p>                    Nahlinse f\u00fcr Makroaufnahmen  <\/p>\n<p> Die Nahlinse f\u00fcr Makroaufnahmen, die Du in einem Aufnahmeabstand von 30 cm machst, ist ein besonders sch\u00f6nes Extra f\u00fcr kreative Sofortbild-Fans. <\/p>\n<p>                    Stativgewinde  <\/p>\n<p> Die instax mini 70 verf\u00fcgt \u00fcber ein Stativgewinde f\u00fcr den Anschluss an ein Kamerastativ \u2013 sicherer Stand f\u00fcr ganz besondere Gruppenaufnahmen, bei denen Du nicht fehlen darfst. <\/p>\n<p>                    Elektronisches Bildz\u00e4hlwerk  <\/p>\n<p> Wie viele Bilder kannst Du noch machen, bevor Du den Film wechseln musst? Das elektronische Bildz\u00e4hlwerk h\u00e4lt Dich voll auf dem Laufenden. <\/p>\n<p>[ad_2]<\/p>\n","protected":false},"excerpt":{"rendered":"<p>Price: [price_with_discount](as of [price_update_date] &#8211; Details) [ad_1] Produktbeschreibung des Herstellers F\u00fcnf Farben \u2013 deine Wahl Wei\u00df schimmernd wie der Mond, Eisblau wie der k\u00fchle Norden oder Sonnengelb wie ein Kanarienvogel<\/p>\n","protected":false},"featured_media":35753,"comment_status":"open","ping_status":"closed","template":"","meta":[],"product_cat":[226],"product_tag":[251],"class_list":{"0":"post-35752","1":"product","2":"type-product","3":"status-publish","4":"has-post-thumbnail","6":"product_cat-cameras","7":"product_tag-instant-film-cameras","9":"first","10":"instock","11":"sale","12":"shipping-taxable","13":"product-type-external"},"aioseo_notices":[],"_links":{"self":[{"href":"https:\/\/topgetestet.de\/index.php?rest_route=\/wp\/v2\/product\/35752","targetHints":{"allow":["GET"]}}],"collection":[{"href":"https:\/\/topgetestet.de\/index.php?rest_route=\/wp\/v2\/product"}],"about":[{"href":"https:\/\/topgetestet.de\/index.php?rest_route=\/wp\/v2\/types\/product"}],"replies":[{"embeddable":true,"href":"https:\/\/topgetestet.de\/index.php?rest_route=%2Fwp%2Fv2%2Fcomments&post=35752"}],"wp:featuredmedia":[{"embeddable":true,"href":"https:\/\/topgetestet.de\/index.php?rest_route=\/wp\/v2\/media\/35753"}],"wp:attachment":[{"href":"https:\/\/topgetestet.de\/index.php?rest_route=%2Fwp%2Fv2%2Fmedia&parent=35752"}],"wp:term":[{"taxonomy":"product_cat","embeddable":true,"href":"https:\/\/topgetestet.de\/index.php?rest_route=%2Fwp%2Fv2%2Fproduct_cat&post=35752"},{"taxonomy":"product_tag","embeddable":true,"href":"https:\/\/topgetestet.de\/index.php?rest_route=%2Fwp%2Fv2%2Fproduct_tag&post=35752"}],"curies":[{"name":"wp","href":"https:\/\/api.w.org\/{rel}","templated":true}]}}