{"id":33687,"date":"2022-09-26T22:21:24","date_gmt":"2022-09-26T22:21:24","guid":{"rendered":"https:\/\/topgetestet.de\/?product=trendyol-herren-kurzarm-rucken-von-mannern-gedruckt-ubergroses-t-shirt"},"modified":"2022-09-26T22:21:24","modified_gmt":"2022-09-26T22:21:24","slug":"trendyol-herren-kurzarm-rucken-von-mannern-gedruckt-ubergroses-t-shirt","status":"publish","type":"product","link":"https:\/\/topgetestet.de\/?product=trendyol-herren-kurzarm-rucken-von-mannern-gedruckt-ubergroses-t-shirt","title":{"rendered":"TRENDYOL Herren Kurzarm R\u00fccken Von M\u00e4nnern Gedruckt \u00dcbergro\u00dfes T-Shirt"},"content":{"rendered":"<p>Price: <span style=\"color:#b12704\">[price_with_discount]<\/span><br \/><i><small>(as of [price_update_date] &#8211; <span class=\"wp_automatic_amazon_disclaimer\" title=\"Product prices and availability are accurate as of the date\/time indicated and are subject to change. Any price and availability information displayed on [relevant Amazon Site(s), as applicable] at the time of purchase will apply to the purchase of this product.\">Details<\/span>)<\/small><\/i><\/p>\n<p><a href=\"https:\/\/amazon.de\/dp\/B09VZG1SP6?tag=topgetestet09-21\"><img decoding=\"async\" src=\"https:\/\/i.imgur.com\/ISRHEWs.png\"><\/a><br \/>\n[ad_1]<br \/>\n <span>Das Produkt auf dem Modell ist M. Ma\u00dfnahmen des Modells: Junge: 183 m Brust: 96 BEL: 77 H\u00fcften: 94 100% Baumwolle \u00dcbergro\u00dfe Passform: Extra ist viele gro\u00dfe Schnitte. Wenn Sie nicht zu viel bevorzugen, ist es ratsam, kleiner als ein K\u00f6rper von Ihrem eigenen K\u00f6rper zu gelangen. Unsere Produkte werden vom Trendyol-Tag gesendet.<\/span> <br \/> Verpackungsabmessungen \u200f : \u200e  39 x 28.2 x 2.8 cm; 230 Gramm <br \/> Im Angebot von Amazon.de seit \u200f : \u200e  19. M\u00e4rz 2022 <br \/> Hersteller \u200f : \u200e  Trendyol <br \/> ASIN \u200f : \u200e  B09VZHJ8RJ <br \/> Modellnummer \u200f : \u200e  TMNSS21TS0617 <br \/> Kategorie \u200f : \u200e  Herren <\/p>\n<p>Ma\u00dfnahmen des Modells: Junge: 183 m Brust: 96 BEL: 77 H\u00fcften: 94<br \/>Kragenform: Flachkragen<br \/>Kurzarm<br \/>Verschluss: Pull-On<br \/>100% Baumwolle<br \/>Westlich<br \/>\n<br \/>[ad_2]<\/p>\n","protected":false},"excerpt":{"rendered":"<p>Price: [price_with_discount](as of [price_update_date] &#8211; Details) [ad_1] Das Produkt auf dem Modell ist M. Ma\u00dfnahmen des Modells: Junge: 183 m Brust: 96 BEL: 77 H\u00fcften: 94 100% Baumwolle \u00dcbergro\u00dfe Passform:<\/p>\n","protected":false},"featured_media":33688,"comment_status":"open","ping_status":"closed","template":"","meta":[],"product_cat":[231],"product_tag":[],"class_list":{"0":"post-33687","1":"product","2":"type-product","3":"status-publish","4":"has-post-thumbnail","6":"product_cat-mens-fashion","8":"first","9":"instock","10":"shipping-taxable","11":"product-type-external"},"aioseo_notices":[],"_links":{"self":[{"href":"https:\/\/topgetestet.de\/index.php?rest_route=\/wp\/v2\/product\/33687","targetHints":{"allow":["GET"]}}],"collection":[{"href":"https:\/\/topgetestet.de\/index.php?rest_route=\/wp\/v2\/product"}],"about":[{"href":"https:\/\/topgetestet.de\/index.php?rest_route=\/wp\/v2\/types\/product"}],"replies":[{"embeddable":true,"href":"https:\/\/topgetestet.de\/index.php?rest_route=%2Fwp%2Fv2%2Fcomments&post=33687"}],"wp:featuredmedia":[{"embeddable":true,"href":"https:\/\/topgetestet.de\/index.php?rest_route=\/wp\/v2\/media\/33688"}],"wp:attachment":[{"href":"https:\/\/topgetestet.de\/index.php?rest_route=%2Fwp%2Fv2%2Fmedia&parent=33687"}],"wp:term":[{"taxonomy":"product_cat","embeddable":true,"href":"https:\/\/topgetestet.de\/index.php?rest_route=%2Fwp%2Fv2%2Fproduct_cat&post=33687"},{"taxonomy":"product_tag","embeddable":true,"href":"https:\/\/topgetestet.de\/index.php?rest_route=%2Fwp%2Fv2%2Fproduct_tag&post=33687"}],"curies":[{"name":"wp","href":"https:\/\/api.w.org\/{rel}","templated":true}]}}