{"id":33662,"date":"2022-09-26T22:16:05","date_gmt":"2022-09-26T22:16:05","guid":{"rendered":"https:\/\/topgetestet.de\/?product=brooks-ghost-14-damen-laufschuh-black-lime-blue"},"modified":"2022-09-26T22:16:05","modified_gmt":"2022-09-26T22:16:05","slug":"brooks-ghost-14-damen-laufschuh-black-lime-blue","status":"publish","type":"product","link":"https:\/\/topgetestet.de\/?product=brooks-ghost-14-damen-laufschuh-black-lime-blue","title":{"rendered":"Brooks Ghost 14 Damen Laufschuh Black\/Lime\/Blue"},"content":{"rendered":"<p>Price: <span style=\"color:#b12704\">[price_with_discount]<\/span><br \/><i><small>(as of [price_update_date] &#8211; <span class=\"wp_automatic_amazon_disclaimer\" title=\"Product prices and availability are accurate as of the date\/time indicated and are subject to change. Any price and availability information displayed on [relevant Amazon Site(s), as applicable] at the time of purchase will apply to the purchase of this product.\">Details<\/span>)<\/small><\/i><\/p>\n<p><a href=\"https:\/\/amazon.de\/dp\/B08QTQYH12?tag=topgetestet09-21\"><img decoding=\"async\" src=\"https:\/\/i.imgur.com\/ISRHEWs.png\"><\/a><br \/>\n[ad_1]<br \/>\n <span>G\u00f6nnen Sie sich in dieser Saison eine brandneue Fahrt. Verbessern Sie Ihr Lauferlebnis mit den Brooks Ghost 14 Laufschuhen. Diese Stra\u00dfenl\u00e4ufer bieten eine glatte Fahrt wie Seide mit einem passgenauen Innenfutter, das Ihre F\u00fc\u00dfe auch nach Kilometern auf der Stra\u00dfe gepolstert und sicher h\u00e4lt. Vorg\u00e4nger: Ghost 13. Unterst\u00fctzungsart: Neutral. D\u00e4mpfung: hochenergetisierende D\u00e4mpfung. Oberfl\u00e4che: Stra\u00dfe Differenzial: 12 mm. Offenes Air-Mesh-Obermaterial mit 3D Fit Print-Technologie, die dem Obermaterial strategische Dehnung und Struktur bietet. Traditioneller Schn\u00fcrverschluss. Pl\u00fcschzunge und Kragen Weiches Textilfutter f\u00fcr ein tolles Gef\u00fchl im Schuh. Herausnehmbare Schaumstoff-Einlegesohle f\u00fcr hervorragenden Komfort und Unterst\u00fctzung unter den F\u00fc\u00dfen. DNA LOFT bietet unglaublich weiche D\u00e4mpfung, die jetzt \u00fcber die Ferse hinaus reicht und einen einfachen \u00dcbergang von der Landung zum Zehenbereich erm\u00f6glicht. BioMoGo DNA ist eine Mischung aus umweltfreundlichem BioMoGo und reaktionsfreudiger Brooks-DNA, und hat ein geschlechtsfreundliches D\u00e4mpfungsdesign, das f\u00fcr eine dynamische Fahrt sorgt. Flexkerben erm\u00f6glichen eine nat\u00fcrlichere Vorfu\u00dfbewegung und Flie\u00dfigkeit. Weiches, geblasenes Gummi-Vorfu\u00dfmaterial sorgt f\u00fcr leichte D\u00e4mpfung und Halt. APMA genehmigt: Das American Podiatric Medical Association Siegel der Akzeptanz wird an Produkte vergeben, die eine gute Fu\u00dfgesundheit f\u00f6rdern und durch einen Ausschuss anspruchsvoller Podologen durch Verschlei\u00dftests und \u00dcberpr\u00fcfung der Anwendung und Unterst\u00fctzung der Dokumentation unterzogen werden. APMA-Annahme muss angefordert werden und steht nicht automatisch f\u00fcr Stile zur Verf\u00fcgung, die seinen Kriterien entsprechen. PDAC A5500 genehmigt: Preis, Datenanalyse und Codierung A5500 Diabetic Medicare Coding wird an Schuhe vergeben, die in drei oder mehr Breiten erh\u00e4ltlich sind, mit einer herausnehmbaren Einlegesohle (Einlegesohle). Es erm\u00f6glicht Einzelpersonen, ihre Schuhe durch ihre Medicare zu bezahlen. PDAC muss j\u00e4hrlich angewendet werden und steht nicht automatisch f\u00fcr Stile zur Verf\u00fcgung, die seinen Kriterien entsprechen. Weitere Informationen finden Sie auf der Medicare Website oder rufen Sie 1-800-MEDICARE an.<\/span> <br \/> Produktabmessungen \u200f : \u200e  25.4 x 38.1 x 15.24 cm; 907.18 Gramm <br \/> Im Angebot von Amazon.de seit \u200f : \u200e  15. Juni 2021 <br \/> Hersteller \u200f : \u200e  Brooks <br \/> ASIN \u200f : \u200e  B08QVKMBMC <br \/> Modellnummer \u200f : \u200e  1203561B020 <br \/> Kategorie \u200f : \u200e  Damen <\/p>\n<p>Innenmaterial: Segeltuch<br \/>Sohle: Gummi<br \/>Verschluss: Schn\u00fcrung<br \/>Absatzform: Kein Absatz<br \/>Materialzusammensetzung: _<br \/>Schuhweite: Medium<br \/>Nicht wasserfest<br \/>\n<br \/>[ad_2]<\/p>\n","protected":false},"excerpt":{"rendered":"<p>Price: [price_with_discount](as of [price_update_date] &#8211; Details) [ad_1] G\u00f6nnen Sie sich in dieser Saison eine brandneue Fahrt. Verbessern Sie Ihr Lauferlebnis mit den Brooks Ghost 14 Laufschuhen. Diese Stra\u00dfenl\u00e4ufer bieten eine<\/p>\n","protected":false},"featured_media":33663,"comment_status":"open","ping_status":"closed","template":"","meta":[],"product_cat":[234],"product_tag":[236],"class_list":{"0":"post-33662","1":"product","2":"type-product","3":"status-publish","4":"has-post-thumbnail","6":"product_cat-shoes","7":"product_tag-womens-road-running-shoes","9":"first","10":"instock","11":"shipping-taxable","12":"product-type-external"},"aioseo_notices":[],"_links":{"self":[{"href":"https:\/\/topgetestet.de\/index.php?rest_route=\/wp\/v2\/product\/33662","targetHints":{"allow":["GET"]}}],"collection":[{"href":"https:\/\/topgetestet.de\/index.php?rest_route=\/wp\/v2\/product"}],"about":[{"href":"https:\/\/topgetestet.de\/index.php?rest_route=\/wp\/v2\/types\/product"}],"replies":[{"embeddable":true,"href":"https:\/\/topgetestet.de\/index.php?rest_route=%2Fwp%2Fv2%2Fcomments&post=33662"}],"wp:featuredmedia":[{"embeddable":true,"href":"https:\/\/topgetestet.de\/index.php?rest_route=\/wp\/v2\/media\/33663"}],"wp:attachment":[{"href":"https:\/\/topgetestet.de\/index.php?rest_route=%2Fwp%2Fv2%2Fmedia&parent=33662"}],"wp:term":[{"taxonomy":"product_cat","embeddable":true,"href":"https:\/\/topgetestet.de\/index.php?rest_route=%2Fwp%2Fv2%2Fproduct_cat&post=33662"},{"taxonomy":"product_tag","embeddable":true,"href":"https:\/\/topgetestet.de\/index.php?rest_route=%2Fwp%2Fv2%2Fproduct_tag&post=33662"}],"curies":[{"name":"wp","href":"https:\/\/api.w.org\/{rel}","templated":true}]}}