{"id":32212,"date":"2022-09-26T15:47:10","date_gmt":"2022-09-26T15:47:10","guid":{"rendered":"https:\/\/topgetestet.de\/?product=elizabeth-arden-elizabeth-arden-green-tea-honey-drops-ml-1"},"modified":"2022-09-26T15:47:10","modified_gmt":"2022-09-26T15:47:10","slug":"elizabeth-arden-elizabeth-arden-green-tea-honey-drops-ml-1","status":"publish","type":"product","link":"https:\/\/topgetestet.de\/?product=elizabeth-arden-elizabeth-arden-green-tea-honey-drops-ml-1","title":{"rendered":"Elizabeth Arden Elizabeth Arden Green Tea Honey Drops Ml 1"},"content":{"rendered":"<p>Price: <span style=\"color:#b12704\">[price_with_discount]<\/span><br \/><i><small>(as of [price_update_date] &#8211; <span class=\"wp_automatic_amazon_disclaimer\" title=\"Product prices and availability are accurate as of the date\/time indicated and are subject to change. Any price and availability information displayed on [relevant Amazon Site(s), as applicable] at the time of purchase will apply to the purchase of this product.\">Details<\/span>)<\/small><\/i><\/p>\n<p><a href=\"https:\/\/amazon.de\/dp\/B002SSDHUW?tag=topgetestet09-21\"><img decoding=\"async\" src=\"https:\/\/i.imgur.com\/ISRHEWs.png\"><\/a><br \/>\n[ad_1]<\/p>\n<p>       Produktbeschreibung des Herstellers <\/p>\n<p>              <img decoding=\"async\" alt=\"Elizabeth Arden\" src=\"https:\/\/images-na.ssl-images-amazon.com\/images\/G\/01\/x-locale\/common\/grey-pixel.gif\" class=\"a-lazy-loaded\" data-src=\"https:\/\/m.media-amazon.com\/images\/S\/aplus-media\/vc\/6f075327-ca99-47a5-8982-69918c3582bc._CR0,0,970,300_PT0_SX970__.jpg\"><\/p>\n<p>               <img decoding=\"async\" alt=\"Elizabeth Arden\" src=\"https:\/\/m.media-amazon.com\/images\/S\/aplus-media\/vc\/6f075327-ca99-47a5-8982-69918c3582bc._CR0,0,970,300_PT0_SX970__.jpg\"><\/p>\n<p>              <img decoding=\"async\" alt=\"Elizabeth Arden\" src=\"https:\/\/images-na.ssl-images-amazon.com\/images\/G\/01\/x-locale\/common\/grey-pixel.gif\" class=\"a-lazy-loaded\" data-src=\"https:\/\/m.media-amazon.com\/images\/S\/aplus-media\/vc\/22d10f60-6d33-4ae8-a70d-ea9a5a8f624e._CR0,0,970,300_PT0_SX970__.jpg\"><\/p>\n<p>               <img decoding=\"async\" alt=\"Elizabeth Arden\" src=\"https:\/\/m.media-amazon.com\/images\/S\/aplus-media\/vc\/22d10f60-6d33-4ae8-a70d-ea9a5a8f624e._CR0,0,970,300_PT0_SX970__.jpg\"><\/p>\n<h3 class=\"a-spacing-small\"> Entdecken Sie Elizabeth Ardens Duft-Kollektion <\/h3>\n<p> <img decoding=\"async\" alt=\"Elizabeth Arden\" src=\"https:\/\/images-na.ssl-images-amazon.com\/images\/G\/01\/x-locale\/common\/grey-pixel.gif\" class=\"a-lazy-loaded\" data-src=\"https:\/\/m.media-amazon.com\/images\/S\/aplus-media\/vc\/134f78f9-a858-4c2c-aa79-d5c772b51e5f._CR0,0,220,220_PT0_SX220__.jpg\">\n                     <\/p>\n<p>                      <img decoding=\"async\" alt=\"Elizabeth Arden\" src=\"https:\/\/m.media-amazon.com\/images\/S\/aplus-media\/vc\/134f78f9-a858-4c2c-aa79-d5c772b51e5f._CR0,0,220,220_PT0_SX220__.jpg\"><\/p>\n<p> <img decoding=\"async\" alt=\"Elizabeth Arden\" src=\"https:\/\/images-na.ssl-images-amazon.com\/images\/G\/01\/x-locale\/common\/grey-pixel.gif\" class=\"a-lazy-loaded\" data-src=\"https:\/\/m.media-amazon.com\/images\/S\/aplus-media\/vc\/04ad545a-04d9-4d21-ba46-8afee1501591._CR0,0,220,220_PT0_SX220__.jpg\">\n                     <\/p>\n<p>                      <img decoding=\"async\" alt=\"Elizabeth Arden\" src=\"https:\/\/m.media-amazon.com\/images\/S\/aplus-media\/vc\/04ad545a-04d9-4d21-ba46-8afee1501591._CR0,0,220,220_PT0_SX220__.jpg\"><\/p>\n<p> <img decoding=\"async\" alt=\"Elizabeth Arden\" src=\"https:\/\/images-na.ssl-images-amazon.com\/images\/G\/01\/x-locale\/common\/grey-pixel.gif\" class=\"a-lazy-loaded\" data-src=\"https:\/\/m.media-amazon.com\/images\/S\/aplus-media\/vc\/dea1e644-b5db-4361-9c82-bc0ad02011f7._CR0,0,220,220_PT0_SX220__.jpg\">\n                     <\/p>\n<p>                      <img decoding=\"async\" alt=\"Elizabeth Arden\" src=\"https:\/\/m.media-amazon.com\/images\/S\/aplus-media\/vc\/dea1e644-b5db-4361-9c82-bc0ad02011f7._CR0,0,220,220_PT0_SX220__.jpg\"><\/p>\n<p> <img decoding=\"async\" alt=\"Elizabeth Arden\" src=\"https:\/\/images-na.ssl-images-amazon.com\/images\/G\/01\/x-locale\/common\/grey-pixel.gif\" class=\"a-lazy-loaded\" data-src=\"https:\/\/m.media-amazon.com\/images\/S\/aplus-media\/vc\/c5a38aca-8b92-4a81-bbb9-939904c4969c._CR0,0,220,220_PT0_SX220__.jpg\">\n                     <\/p>\n<p>                      <img decoding=\"async\" alt=\"Elizabeth Arden\" src=\"https:\/\/m.media-amazon.com\/images\/S\/aplus-media\/vc\/c5a38aca-8b92-4a81-bbb9-939904c4969c._CR0,0,220,220_PT0_SX220__.jpg\"><\/p>\n<p>                     White Tea  <\/p>\n<p class=\"a-size-small\"> Elizabeth Arden White Tea wird inspiriert durch das Gl\u00fccksgef\u00fchl, das mit dem ersten Schluck Tee aufkommt. Dieser reine und edel unkomplizierte neue Duft l\u00e4dt Sie ein, den Moment zu genie\u00dfen und in angenehmen Erinnerungen zu schwelgen. <\/p>\n<p>                     Green Tea  <\/p>\n<p class=\"a-size-small\"> Belebend. Erfrischend. Energetisierend. Green Tea, der weltweite Duftklassiker und mehrmalige Beauty-Sieger belebt die Sinne und erfrischt mit einer floralen Zitrusnote. <\/p>\n<p>                     My 5th Avenue  <\/p>\n<p class=\"a-size-small\"> Der Duft ist eine Ode an die lebendige Stadt New York und die dynamische Frau, die hier lebt oder hierher kommt. Er feiert die einzigartige Leidenschaft, die das Herz der Stadt im Herz einer Frau entfacht. <\/p>\n<p>                     Red Door  <\/p>\n<p class=\"a-size-small\"> Der unvergleichliche Duft, den so viele Frauen lieben, sorgt f\u00fcr einen spektakul\u00e4ren Auftritt. Ein unverwechselbarer, floraler Duft, der Glamour und Selbstbewusstsein verstr\u00f6mt. <\/p>\n<p>                 Beschreibung<br \/>\n                 Dieser reine und edel unkomplizierte neue Duft l\u00e4dt dazu ein, den Moment zu genie\u00dfen und in angenehmen Erinnerungen zu schwelgen.<br \/>\n                 Green Tea \u2013 f\u00fcr K\u00f6rper, Geist und Seele.<br \/>\n                 My 5th Avenue \u2013 spritzig-frische, feminine blumige Note<br \/>\n                 Red Door \u2013 eine Duftkreation voller Pers\u00f6nlichkeit, die das Herz einer jeden Frau erobert.   <\/p>\n<p> Auslaufartikel (Produktion durch Hersteller eingestellt) \u200f : \u200e  Nein <br \/> Produktabmessungen \u200f : \u200e  9.4 x 9.4 x 10.8 cm; 500 Gramm <br \/> Im Angebot von Amazon.de seit \u200f : \u200e  15. Oktober 2009 <br \/> Hersteller \u200f : \u200e  Elizabeth Arden <br \/> ASIN \u200f : \u200e  B002SSDHUW <br \/> Modellnummer \u200f : \u200e  GREB40034 <br \/> Herkunftsland \u200f : \u200e  USA <br \/> Kategorie \u200f : \u200e  Damen <\/p>\n<p>[ad_2]<\/p>\n","protected":false},"excerpt":{"rendered":"<p>Price: [price_with_discount](as of [price_update_date] &#8211; Details) [ad_1] Produktbeschreibung des Herstellers Entdecken Sie Elizabeth Ardens Duft-Kollektion White Tea Elizabeth Arden White Tea wird inspiriert durch das Gl\u00fccksgef\u00fchl, das mit dem ersten<\/p>\n","protected":false},"featured_media":32213,"comment_status":"open","ping_status":"closed","template":"","meta":[],"product_cat":[228],"product_tag":[239],"class_list":{"0":"post-32212","1":"product","2":"type-product","3":"status-publish","4":"has-post-thumbnail","6":"product_cat-beauty","7":"product_tag-body-skin-care","9":"first","10":"instock","11":"shipping-taxable","12":"product-type-external"},"aioseo_notices":[],"_links":{"self":[{"href":"https:\/\/topgetestet.de\/index.php?rest_route=\/wp\/v2\/product\/32212","targetHints":{"allow":["GET"]}}],"collection":[{"href":"https:\/\/topgetestet.de\/index.php?rest_route=\/wp\/v2\/product"}],"about":[{"href":"https:\/\/topgetestet.de\/index.php?rest_route=\/wp\/v2\/types\/product"}],"replies":[{"embeddable":true,"href":"https:\/\/topgetestet.de\/index.php?rest_route=%2Fwp%2Fv2%2Fcomments&post=32212"}],"wp:featuredmedia":[{"embeddable":true,"href":"https:\/\/topgetestet.de\/index.php?rest_route=\/wp\/v2\/media\/32213"}],"wp:attachment":[{"href":"https:\/\/topgetestet.de\/index.php?rest_route=%2Fwp%2Fv2%2Fmedia&parent=32212"}],"wp:term":[{"taxonomy":"product_cat","embeddable":true,"href":"https:\/\/topgetestet.de\/index.php?rest_route=%2Fwp%2Fv2%2Fproduct_cat&post=32212"},{"taxonomy":"product_tag","embeddable":true,"href":"https:\/\/topgetestet.de\/index.php?rest_route=%2Fwp%2Fv2%2Fproduct_tag&post=32212"}],"curies":[{"name":"wp","href":"https:\/\/api.w.org\/{rel}","templated":true}]}}