{"id":30874,"date":"2022-09-26T07:35:46","date_gmt":"2022-09-26T07:35:46","guid":{"rendered":"https:\/\/topgetestet.de\/?product=rainbow-six-extraction-limited-edition-exklusiv-bei-amazon-playstation-5"},"modified":"2022-09-26T07:35:46","modified_gmt":"2022-09-26T07:35:46","slug":"rainbow-six-extraction-limited-edition-exklusiv-bei-amazon-playstation-5","status":"publish","type":"product","link":"https:\/\/topgetestet.de\/?product=rainbow-six-extraction-limited-edition-exklusiv-bei-amazon-playstation-5","title":{"rendered":"Rainbow Six Extraction \u2013 Limited Edition (exklusiv bei Amazon) [PlayStation 5]"},"content":{"rendered":"<p>Price: <span style=\"color:#b12704\">[price_with_discount]<\/span><br \/><i><small>(as of [price_update_date] &#8211; <span class=\"wp_automatic_amazon_disclaimer\" title=\"Product prices and availability are accurate as of the date\/time indicated and are subject to change. Any price and availability information displayed on [relevant Amazon Site(s), as applicable] at the time of purchase will apply to the purchase of this product.\">Details<\/span>)<\/small><\/i><\/p>\n<p><a href=\"https:\/\/amazon.de\/dp\/B09733Y4DJ?tag=topgetestet09-21\"><img decoding=\"async\" src=\"https:\/\/i.imgur.com\/ISRHEWs.png\"><\/a><br \/>\n[ad_1]<\/p>\n<p>       Produktbeschreibung des Herstellers <\/p>\n<p>          <img decoding=\"async\" alt=\"1\" src=\"https:\/\/images-na.ssl-images-amazon.com\/images\/G\/01\/x-locale\/common\/grey-pixel.gif\" class=\"a-spacing-base a-lazy-loaded\" data-src=\"https:\/\/m.media-amazon.com\/images\/S\/aplus-media-library-service-media\/b416dc3a-21f0-486a-87be-2ff4ea0a6195.__CR0,0,970,600_PT0_SX970_V1___.jpg\"><\/p>\n<p>           <img decoding=\"async\" alt=\"1\" src=\"https:\/\/m.media-amazon.com\/images\/S\/aplus-media-library-service-media\/b416dc3a-21f0-486a-87be-2ff4ea0a6195.__CR0,0,970,600_PT0_SX970_V1___.jpg\"><\/p>\n<p>          <img decoding=\"async\" alt=\"2\" src=\"https:\/\/images-na.ssl-images-amazon.com\/images\/G\/01\/x-locale\/common\/grey-pixel.gif\" class=\"a-spacing-base a-lazy-loaded\" data-src=\"https:\/\/m.media-amazon.com\/images\/S\/aplus-media-library-service-media\/39fdd444-8d93-4d88-8a2f-5657791897ec.__CR0,0,970,600_PT0_SX970_V1___.jpg\"><\/p>\n<p>           <img decoding=\"async\" alt=\"2\" src=\"https:\/\/m.media-amazon.com\/images\/S\/aplus-media-library-service-media\/39fdd444-8d93-4d88-8a2f-5657791897ec.__CR0,0,970,600_PT0_SX970_V1___.jpg\"><\/p>\n<p>          <img decoding=\"async\" alt=\"3\" src=\"https:\/\/images-na.ssl-images-amazon.com\/images\/G\/01\/x-locale\/common\/grey-pixel.gif\" class=\"a-spacing-base a-lazy-loaded\" data-src=\"https:\/\/m.media-amazon.com\/images\/S\/aplus-media-library-service-media\/007aba50-f20a-4da2-9e10-4b59335d4358.__CR0,0,970,600_PT0_SX970_V1___.jpg\"><\/p>\n<p>           <img decoding=\"async\" alt=\"3\" src=\"https:\/\/m.media-amazon.com\/images\/S\/aplus-media-library-service-media\/007aba50-f20a-4da2-9e10-4b59335d4358.__CR0,0,970,600_PT0_SX970_V1___.jpg\"><\/p>\n<p>          <img decoding=\"async\" alt=\"4\" src=\"https:\/\/images-na.ssl-images-amazon.com\/images\/G\/01\/x-locale\/common\/grey-pixel.gif\" class=\"a-spacing-base a-lazy-loaded\" data-src=\"https:\/\/m.media-amazon.com\/images\/S\/aplus-media-library-service-media\/94f58ddc-2b46-43b7-8cfa-33a6abe99612.__CR0,0,970,600_PT0_SX970_V1___.jpg\"><\/p>\n<p>           <img decoding=\"async\" alt=\"4\" src=\"https:\/\/m.media-amazon.com\/images\/S\/aplus-media-library-service-media\/94f58ddc-2b46-43b7-8cfa-33a6abe99612.__CR0,0,970,600_PT0_SX970_V1___.jpg\"><\/p>\n<p>                 Hauptspiel: Rainbow Six Siege Extraction<br \/>\n                 \u2713<br \/>\n                 \u2713<br \/>\n                 \u2713   <\/p>\n<p>                 Obscura-Pack<br \/>\n                 \u2713<br \/>\n                 \u2713<br \/>\n                 \u2713   <\/p>\n<p>                 React-Kampfauftrag-Pack   <\/p>\n<p>                 \u2713   <\/p>\n<p>                 Giftiger-Kontakt-Pack   <\/p>\n<p>                 \u2713   <\/p>\n<p>                 Inkl. Sledge Hammer 2:1 Replika   <\/p>\n<p>                 \u2713   <\/p>\n<p>                 Inkl. kostenloser Six Collection &#8211; Lion Figur   <\/p>\n<p>                 \u2713   <\/p>\n<p> Alterseinstufung \u200f : \u200e  USK ab 16 freigegeben <br \/> Sprache \u200f : \u200e  Deutsch <br \/> Erscheinungstermin \u200f : \u200e  20. Januar 2022 <br \/> ASIN \u200f : \u200e  B09733Y4DJ <br \/> Herkunftsland \u200f : \u200e  Deutschland <\/p>\n<p>Freunde spielen 14 Tage kostenlos: Laden Sie beim Kauf des Spiels dank des Buddy-Pass bis zu zwei Freunde ein mit Ihnen zu spielen, egal auf welcher Plattform* (zu einem sp\u00e4teren Zeitpunkt verf\u00fcgbar)<br \/>Exklusiv bei Amazon: Sichern Sie sich mit dem Obscura-Pack universelle Waffen-Designs, sowie Talismane dank der Limited Edition<br \/>Rainbow Six Spieler profitieren: Spieler beider Spiele erhalten zus\u00e4tzlich kostenlose Skins, Waffen-Designs, Talismane und schalten zus\u00e4tzliche Operator f\u00fcr Rainbow Six Siege frei<br \/>Riskieren Sie alles in unberechenbaren Eind\u00e4mmungszonen, um herauszufinden, was hinter der t\u00f6dlichen, sich entwickelnden Bedrohung durch die au\u00dferirdischen Archeen steckt<br \/>Befehligen Sie einen Trupp aus bis zu drei Rainbow Six-Elite-Operator in Koop- oder Solo-Eins\u00e4tzen<br \/>\n<br \/>[ad_2]<\/p>\n","protected":false},"excerpt":{"rendered":"<p>Price: [price_with_discount](as of [price_update_date] &#8211; Details) [ad_1] Produktbeschreibung des Herstellers Hauptspiel: Rainbow Six Siege Extraction \u2713 \u2713 \u2713 Obscura-Pack \u2713 \u2713 \u2713 React-Kampfauftrag-Pack \u2713 Giftiger-Kontakt-Pack \u2713 Inkl. Sledge Hammer 2:1<\/p>\n","protected":false},"featured_media":30875,"comment_status":"open","ping_status":"closed","template":"","meta":[],"product_cat":[227],"product_tag":[261],"class_list":{"0":"post-30874","1":"product","2":"type-product","3":"status-publish","4":"has-post-thumbnail","6":"product_cat-gaming","7":"product_tag-playstation-legacy-games","9":"first","10":"instock","11":"sale","12":"shipping-taxable","13":"product-type-external"},"aioseo_notices":[],"_links":{"self":[{"href":"https:\/\/topgetestet.de\/index.php?rest_route=\/wp\/v2\/product\/30874","targetHints":{"allow":["GET"]}}],"collection":[{"href":"https:\/\/topgetestet.de\/index.php?rest_route=\/wp\/v2\/product"}],"about":[{"href":"https:\/\/topgetestet.de\/index.php?rest_route=\/wp\/v2\/types\/product"}],"replies":[{"embeddable":true,"href":"https:\/\/topgetestet.de\/index.php?rest_route=%2Fwp%2Fv2%2Fcomments&post=30874"}],"wp:featuredmedia":[{"embeddable":true,"href":"https:\/\/topgetestet.de\/index.php?rest_route=\/wp\/v2\/media\/30875"}],"wp:attachment":[{"href":"https:\/\/topgetestet.de\/index.php?rest_route=%2Fwp%2Fv2%2Fmedia&parent=30874"}],"wp:term":[{"taxonomy":"product_cat","embeddable":true,"href":"https:\/\/topgetestet.de\/index.php?rest_route=%2Fwp%2Fv2%2Fproduct_cat&post=30874"},{"taxonomy":"product_tag","embeddable":true,"href":"https:\/\/topgetestet.de\/index.php?rest_route=%2Fwp%2Fv2%2Fproduct_tag&post=30874"}],"curies":[{"name":"wp","href":"https:\/\/api.w.org\/{rel}","templated":true}]}}