{"id":29296,"date":"2022-09-25T23:46:26","date_gmt":"2022-09-25T23:46:26","guid":{"rendered":"https:\/\/topgetestet.de\/?product=crusader-kings-iii-day-one-edition-ps5"},"modified":"2022-09-25T23:46:26","modified_gmt":"2022-09-25T23:46:26","slug":"crusader-kings-iii-day-one-edition-ps5","status":"publish","type":"product","link":"https:\/\/topgetestet.de\/?product=crusader-kings-iii-day-one-edition-ps5","title":{"rendered":"Crusader Kings III Day One Edition (PS5)"},"content":{"rendered":"<p>Price: <span style=\"color:#b12704\">[price_with_discount]<\/span><br \/><i><small>(as of [price_update_date] &#8211; <span class=\"wp_automatic_amazon_disclaimer\" title=\"Product prices and availability are accurate as of the date\/time indicated and are subject to change. Any price and availability information displayed on [relevant Amazon Site(s), as applicable] at the time of purchase will apply to the purchase of this product.\">Details<\/span>)<\/small><\/i><\/p>\n<p><a href=\"https:\/\/amazon.de\/dp\/B09DMXMN21?tag=topgetestet09-21\"><img decoding=\"async\" src=\"https:\/\/i.imgur.com\/ISRHEWs.png\"><\/a><br \/>\n[ad_1]<br \/>\n <span>Ritter, Bauernrevolten, Pilgerfahrten, \u00dcberf\u00e4lle der Wikinger&#8230; erleben Sie das Drama und den Prunk des Mittelalters. Crusader Kings III ist der Thronfolger, der das historische Erbe der Globalstrategiespiele antritt, mit vielen neuen Optionen, um den Erfolg Ihres K\u00f6nigshauses zu sichern. Crusader Kings III wurde f\u00fcr die Next Gen-Konsolengeneration optimiert und sorgt f\u00fcr schnelle Ladezeiten und visuelle Highlights in Full HD.<\/p>\n<p>W\u00e4hlen Sie auf einer Karte, die sich von Island bis nach Indien und vom n\u00f6rdlichen Polarkreis bis nach Zentralafrika erstreckt, aus mehreren Reichen ein K\u00f6nigs- oder Adelshaus aus. Durchleben Sie mit einer Dynastie mehrere Jahrhunderte und sorgen Sie f\u00fcr die Sicherheit und Macht jeder neuen Generation. Erobern Sie neue Gebiete und Titel, um Ihr Verm\u00e4chtnis zu festigen. Seien Sie ein frommer K\u00f6nig, um die Unterst\u00fctzung religi\u00f6ser Fraktionen zu erhalten, oder ziehen Sie auf eigene Faust los und gr\u00fcnden eine eigene Splitterreligion.<\/p>\n<p>W\u00e4hlen Sie eine von f\u00fcnf verschiedenen Lebensweisen, um Ihre milit\u00e4rische Strategie oder die Verwaltung Ihres K\u00f6nigreichs zu perfektionieren. Erhalten Sie Charaktereigenschaften, die dar\u00fcber bestimmen, wie Sie handeln. W\u00e4hlen Sie f\u00fcr Ihre Erben die richtigen Vormunde aus oder trainieren Sie sie selbst. Grausame Charaktere k\u00f6nnen mit der Zeit einen \u00fcblen Ruf entwickeln. Wenn Sie ihnen das F\u00fcrchten lehren, werden Ihre Untertanen gehorsamer sein.<\/p>\n<p>Rekrutieren Sie Krieger und m\u00e4chtige Ritter, um Ihre k\u00f6niglichen Abgaben zu erg\u00e4nzen. Erforschen Sie neue Technologien, um den Reichtum und die milit\u00e4rische Macht Ihres Reiches zu erh\u00f6hen. Erg\u00e4nzen Sie Ihr Einkommen mit L\u00f6segeld f\u00fcr Gefangene oder indem Sie \u00dcberfallkommandos in benachbarte L\u00e4ndereien schicken.<\/p>\n<p>Setzen Sie Ihren Meisterspion ein, um Komplotte gegen Ihre Dynastie und Regentschaft aufzudecken. Rekrutieren Sie Agenten, um alle zu sabotieren oder zu ermorden, die Ihnen die Macht streitig machen k\u00f6nnten. Verf\u00fchren Sie andere Charaktere aus Liebe oder politischen Gr\u00fcnden. Sammeln Sie Informationen, um andere zu erpressen oder Gefallen einzufordern, wenn Ihre Pl\u00e4ne Unterst\u00fctzung von anderer Seite ben\u00f6tigen.<\/p>\n<p>Inhalt: Zus\u00e4tzlich zum Spiel gibt es den &#8220;Garments of the Holy Roman Empire&#8221; DLC und ein Poster.<\/span> <br \/> Alterseinstufung \u200f : \u200e  USK ab 12 freigegeben <br \/> Sprache \u200f : \u200e  Englisch <br \/> Handbuch \u200f : \u200e  Deutsch <br \/> Produktabmessungen \u200f : \u200e  13.5 x 1.6 x 17.1 cm; 92 Gramm <br \/> Erscheinungstermin \u200f : \u200e  29. M\u00e4rz 2022 <br \/> Untertitel: \u200f : \u200e  Englisch, Franz\u00f6sisch, Deutsch, Spanisch, Russisch <br \/> ASIN \u200f : \u200e  B09DMXMN21 <br \/> Herstellerreferenz \u200f : \u200e  62739075 <br \/> Herkunftsland \u200f : \u200e  Deutschland <\/p>\n<p>Charakter: Auswahl von f\u00fcnf verschiedenen Lebensweisen, um Ihre milit\u00e4rische Strategie oder die Verwaltung Ihres K\u00f6nigreichs zu perfektionieren<br \/>Kriegsf\u00fchrung: Erg\u00e4nzen Sie Ihr Einkommen mit L\u00f6segeld f\u00fcr Gefangene oder indem Sie \u00dcberfallkommandos in benachbarte Gebiete schicken<br \/>Zus\u00e4tzlich zum Spiel gibt es den &#8220;Garments of the Holy Roman Empire&#8221; DLC und ein Poster<br \/>\n<br \/>[ad_2]<\/p>\n","protected":false},"excerpt":{"rendered":"<p>Price: [price_with_discount](as of [price_update_date] &#8211; Details) [ad_1] Ritter, Bauernrevolten, Pilgerfahrten, \u00dcberf\u00e4lle der Wikinger&#8230; erleben Sie das Drama und den Prunk des Mittelalters. Crusader Kings III ist der Thronfolger, der das<\/p>\n","protected":false},"featured_media":29297,"comment_status":"open","ping_status":"closed","template":"","meta":[],"product_cat":[227],"product_tag":[261],"class_list":{"0":"post-29296","1":"product","2":"type-product","3":"status-publish","4":"has-post-thumbnail","6":"product_cat-gaming","7":"product_tag-playstation-legacy-games","9":"first","10":"instock","11":"shipping-taxable","12":"product-type-external"},"aioseo_notices":[],"_links":{"self":[{"href":"https:\/\/topgetestet.de\/index.php?rest_route=\/wp\/v2\/product\/29296","targetHints":{"allow":["GET"]}}],"collection":[{"href":"https:\/\/topgetestet.de\/index.php?rest_route=\/wp\/v2\/product"}],"about":[{"href":"https:\/\/topgetestet.de\/index.php?rest_route=\/wp\/v2\/types\/product"}],"replies":[{"embeddable":true,"href":"https:\/\/topgetestet.de\/index.php?rest_route=%2Fwp%2Fv2%2Fcomments&post=29296"}],"wp:featuredmedia":[{"embeddable":true,"href":"https:\/\/topgetestet.de\/index.php?rest_route=\/wp\/v2\/media\/29297"}],"wp:attachment":[{"href":"https:\/\/topgetestet.de\/index.php?rest_route=%2Fwp%2Fv2%2Fmedia&parent=29296"}],"wp:term":[{"taxonomy":"product_cat","embeddable":true,"href":"https:\/\/topgetestet.de\/index.php?rest_route=%2Fwp%2Fv2%2Fproduct_cat&post=29296"},{"taxonomy":"product_tag","embeddable":true,"href":"https:\/\/topgetestet.de\/index.php?rest_route=%2Fwp%2Fv2%2Fproduct_tag&post=29296"}],"curies":[{"name":"wp","href":"https:\/\/api.w.org\/{rel}","templated":true}]}}