{"id":28472,"date":"2022-09-25T19:44:31","date_gmt":"2022-09-25T19:44:31","guid":{"rendered":"https:\/\/topgetestet.de\/?product=rlsoco-tasche-fur-beats-fit-pro-violett"},"modified":"2022-09-25T19:44:31","modified_gmt":"2022-09-25T19:44:31","slug":"rlsoco-tasche-fur-beats-fit-pro-violett","status":"publish","type":"product","link":"https:\/\/topgetestet.de\/?product=rlsoco-tasche-fur-beats-fit-pro-violett","title":{"rendered":"RLSOCO Tasche f\u00fcr Beats Fit Pro (Violett)"},"content":{"rendered":"<p>Price: <span style=\"color:#b12704\">[price_with_discount]<\/span><br \/><i><small>(as of [price_update_date] &#8211; <span class=\"wp_automatic_amazon_disclaimer\" title=\"Product prices and availability are accurate as of the date\/time indicated and are subject to change. Any price and availability information displayed on [relevant Amazon Site(s), as applicable] at the time of purchase will apply to the purchase of this product.\">Details<\/span>)<\/small><\/i><\/p>\n<p><a href=\"https:\/\/amazon.de\/dp\/B09MT92YHV?tag=topgetestet09-21\"><img decoding=\"async\" src=\"https:\/\/i.imgur.com\/ISRHEWs.png\"><\/a><br \/>\n[ad_1]<br \/>\n Um die Gesamtbewertung der Sterne und die prozentuale Aufschl\u00fcsselung nach Sternen zu berechnen, verwenden wir keinen einfachen Durchschnitt. Stattdessen ber\u00fccksichtigt unser System beispielsweise, wie aktuell eine Bewertung ist und ob der Pr\u00fcfer den Artikel bei Amazon gekauft hat. Es wurden auch Bewertungen analysiert, um die Vertrauensw\u00fcrdigkeit zu \u00fcberpr\u00fcfen. <br \/> Verpackungsabmessungen \u200f : \u200e  11.2 x 10.7 x 5.5 cm; 50 Gramm <br \/> Im Angebot von Amazon.de seit \u200f : \u200e  1. Dezember 2021 <br \/> Hersteller \u200f : \u200e  RLSOCO <br \/> ASIN \u200f : \u200e  B09MT92YHV <br \/> Herkunftsland \u200f : \u200e  China <\/p>\n<p>\u266cPerfekte Passform &#8211; Diese H\u00fclle ist ma\u00dfgeschneidert f\u00fcr Beats Fit Pro, Kabel und Ohrst\u00f6psel (Verkauf ist nur H\u00fclle, Ohrh\u00f6rer und Zubeh\u00f6r sind nicht im Lieferumfang enthalten)<br \/>\u266c\u00dcberlegene Materialien &#8211; Unsere H\u00fclle besteht aus hochwertigen Fasermaterialien und EVA-Materialien mit hoher Dichte und kann den schrecklichen Geruch, Wasser und Staub verhindern.<br \/>\u266cGuter Schutz \u2013 Es ist ein starkes Zuhause f\u00fcr Ihre Ohrh\u00f6rer und bietet einen gro\u00dfartigen Schutz f\u00fcr die Ohrh\u00f6rer und das Ladeetui und sch\u00fctzt sie vor St\u00f6\u00dfen, St\u00f6\u00dfen und Kratzern.<br \/>\u266cEinfaches Tragen &#8211; Es ist ein sehr s\u00fc\u00dfes und kompaktes Design, das in Ihre Handtasche, Tasche, Rucks\u00e4cke, Handtasche gesteckt werden kann und f\u00fcr t\u00e4gliche Aktivit\u00e4ten n\u00fctzlich ist.<br \/>\u266cQualit\u00e4tssicherung &#8211; Alle unsere Produkte verwenden qualifizierte Materialien, haltbare Hartschalen-EVA-H\u00fcllen.<br \/>\n<br \/>[ad_2]<\/p>\n","protected":false},"excerpt":{"rendered":"<p>Price: [price_with_discount](as of [price_update_date] &#8211; Details) [ad_1] Um die Gesamtbewertung der Sterne und die prozentuale Aufschl\u00fcsselung nach Sternen zu berechnen, verwenden wir keinen einfachen Durchschnitt. Stattdessen ber\u00fccksichtigt unser System beispielsweise,<\/p>\n","protected":false},"featured_media":28473,"comment_status":"open","ping_status":"closed","template":"","meta":[],"product_cat":[225],"product_tag":[],"class_list":{"0":"post-28472","1":"product","2":"type-product","3":"status-publish","4":"has-post-thumbnail","6":"product_cat-electronics","8":"first","9":"instock","10":"shipping-taxable","11":"product-type-external"},"aioseo_notices":[],"_links":{"self":[{"href":"https:\/\/topgetestet.de\/index.php?rest_route=\/wp\/v2\/product\/28472","targetHints":{"allow":["GET"]}}],"collection":[{"href":"https:\/\/topgetestet.de\/index.php?rest_route=\/wp\/v2\/product"}],"about":[{"href":"https:\/\/topgetestet.de\/index.php?rest_route=\/wp\/v2\/types\/product"}],"replies":[{"embeddable":true,"href":"https:\/\/topgetestet.de\/index.php?rest_route=%2Fwp%2Fv2%2Fcomments&post=28472"}],"wp:featuredmedia":[{"embeddable":true,"href":"https:\/\/topgetestet.de\/index.php?rest_route=\/wp\/v2\/media\/28473"}],"wp:attachment":[{"href":"https:\/\/topgetestet.de\/index.php?rest_route=%2Fwp%2Fv2%2Fmedia&parent=28472"}],"wp:term":[{"taxonomy":"product_cat","embeddable":true,"href":"https:\/\/topgetestet.de\/index.php?rest_route=%2Fwp%2Fv2%2Fproduct_cat&post=28472"},{"taxonomy":"product_tag","embeddable":true,"href":"https:\/\/topgetestet.de\/index.php?rest_route=%2Fwp%2Fv2%2Fproduct_tag&post=28472"}],"curies":[{"name":"wp","href":"https:\/\/api.w.org\/{rel}","templated":true}]}}