{"id":28180,"date":"2022-09-25T17:58:19","date_gmt":"2022-09-25T17:58:19","guid":{"rendered":"https:\/\/topgetestet.de\/?product=amazon-basics-businesstasche-fur-laptop-4318-cm-kastanienbraun"},"modified":"2022-09-25T17:58:19","modified_gmt":"2022-09-25T17:58:19","slug":"amazon-basics-businesstasche-fur-laptop-4318-cm-kastanienbraun","status":"publish","type":"product","link":"https:\/\/topgetestet.de\/?product=amazon-basics-businesstasche-fur-laptop-4318-cm-kastanienbraun","title":{"rendered":"Amazon Basics \u2013 Businesstasche f\u00fcr Laptop, 43,18 cm, kastanienbraun"},"content":{"rendered":"<p>Price: <span style=\"color:#b12704\">[price_with_discount]<\/span><br \/><i><small>(as of [price_update_date] &#8211; <span class=\"wp_automatic_amazon_disclaimer\" title=\"Product prices and availability are accurate as of the date\/time indicated and are subject to change. Any price and availability information displayed on [relevant Amazon Site(s), as applicable] at the time of purchase will apply to the purchase of this product.\">Details<\/span>)<\/small><\/i><\/p>\n<p><a href=\"https:\/\/amazon.de\/dp\/B07QXJQNSM?tag=topgetestet09-21\"><img decoding=\"async\" src=\"https:\/\/i.imgur.com\/ISRHEWs.png\"><\/a><br \/>\n[ad_1]<br \/>\n Um die Gesamtbewertung der Sterne und die prozentuale Aufschl\u00fcsselung nach Sternen zu berechnen, verwenden wir keinen einfachen Durchschnitt. Stattdessen ber\u00fccksichtigt unser System beispielsweise, wie aktuell eine Bewertung ist und ob der Pr\u00fcfer den Artikel bei Amazon gekauft hat. Es wurden auch Bewertungen analysiert, um die Vertrauensw\u00fcrdigkeit zu \u00fcberpr\u00fcfen. <br \/>Ma\u00dfgeschneiderte Schutzh\u00fclle mit Rei\u00dfverschluss und Tragegriff f\u00fcr Laptops<br \/>Robustes sto\u00df- und wasserfestes Neopren<br \/>Sch\u00fctzt vor St\u00f6\u00dfen, Kratzern, Staub und anderen Besch\u00e4digungen<br \/>Vordertasche bietet Platz f\u00fcr Handy, Stifte, Ladeger\u00e4te und andere kleine Zubeh\u00f6rteile<br \/>Kompatibel mit den meisten Laptops mit 43,18 cm (17 Zoll), wie HP, Asus und Dell<br \/>Innenma\u00dfe: 45,34 cm\u00a0x\u00a033,65 cm\u00a0x\u00a06,35\u00a0cm (L\u00a0x\u00a0B\u00a0x\u00a0H), Au\u00dfenma\u00dfe: 45,97 cm x 34,29 cm x 6,98 cm (L\u00a0x\u00a0B\u00a0x\u00a0H)<br \/>\n<br \/>[ad_2]<\/p>\n","protected":false},"excerpt":{"rendered":"<p>Price: [price_with_discount](as of [price_update_date] &#8211; Details) [ad_1] Um die Gesamtbewertung der Sterne und die prozentuale Aufschl\u00fcsselung nach Sternen zu berechnen, verwenden wir keinen einfachen Durchschnitt. Stattdessen ber\u00fccksichtigt unser System beispielsweise,<\/p>\n","protected":false},"featured_media":28181,"comment_status":"open","ping_status":"closed","template":"","meta":[],"product_cat":[227],"product_tag":[258],"class_list":{"0":"post-28180","1":"product","2":"type-product","3":"status-publish","4":"has-post-thumbnail","6":"product_cat-gaming","7":"product_tag-mac-accessories","9":"first","10":"instock","11":"shipping-taxable","12":"product-type-external"},"aioseo_notices":[],"_links":{"self":[{"href":"https:\/\/topgetestet.de\/index.php?rest_route=\/wp\/v2\/product\/28180","targetHints":{"allow":["GET"]}}],"collection":[{"href":"https:\/\/topgetestet.de\/index.php?rest_route=\/wp\/v2\/product"}],"about":[{"href":"https:\/\/topgetestet.de\/index.php?rest_route=\/wp\/v2\/types\/product"}],"replies":[{"embeddable":true,"href":"https:\/\/topgetestet.de\/index.php?rest_route=%2Fwp%2Fv2%2Fcomments&post=28180"}],"wp:featuredmedia":[{"embeddable":true,"href":"https:\/\/topgetestet.de\/index.php?rest_route=\/wp\/v2\/media\/28181"}],"wp:attachment":[{"href":"https:\/\/topgetestet.de\/index.php?rest_route=%2Fwp%2Fv2%2Fmedia&parent=28180"}],"wp:term":[{"taxonomy":"product_cat","embeddable":true,"href":"https:\/\/topgetestet.de\/index.php?rest_route=%2Fwp%2Fv2%2Fproduct_cat&post=28180"},{"taxonomy":"product_tag","embeddable":true,"href":"https:\/\/topgetestet.de\/index.php?rest_route=%2Fwp%2Fv2%2Fproduct_tag&post=28180"}],"curies":[{"name":"wp","href":"https:\/\/api.w.org\/{rel}","templated":true}]}}